{"id":5880,"date":"2025-10-12T12:33:07","date_gmt":"2025-10-12T10:33:07","guid":{"rendered":"https:\/\/vitamin.coredesign.hu\/?product=prana-msm-250g"},"modified":"2026-01-08T23:30:05","modified_gmt":"2026-01-08T22:30:05","slug":"prana-msm-250g","status":"publish","type":"product","link":"https:\/\/vitamin.coredesign.hu\/?product=prana-msm-250g","title":{"rendered":"Prana MSM 250g"},"content":{"rendered":"<p>&nbsp;<\/p>\n<div id=\"lt-accessibility-devtools\" aria-hidden=\"true\"><\/div>\n<p>R\u00e9szletes term\u00e9kel\u00edr\u00e1s<br \/>\nAz\u00a0\u00a0MSM\u00a0\u00a0ill.\u00a0metil-szulfonil-met\u00e1n\u00a0sz\u00e1mos sz\u00e1mos n\u00e9ven ismert, mint p\u00e9ld\u00e1ul a\u00a0DMSO2\u00a0, a\u00a0metil-szulfon\u00a0, vagy a\u00a0dimetil-szulfon\u00a0. Az MSM a term\u00e9szetben megtal\u00e1lhat\u00f3 k\u00e9n szerves alakja. Fellelhet\u00f5 sz\u00e1mos n\u00f6v\u00e9nyben \u00e9s \u00e1llatban, valamint az emberi szervezetben is jelen van.\u00a0\u00a0\u00a0\u00a0\u00a0<br \/>\nA fitoplanktonok elhal\u00e1sa sor\u00e1n a tengerekben old\u00f3d\u00f3 MSM egy id\u00f5 ut\u00e1n a l\u00e9gk\u00f6rbe ker\u00fcl a tenger p\u00e1rolg\u00e1sa \u00e1ltal. A l\u00e9gk\u00f6rb\u00f5l csapad\u00e9k a f\u00f6ldre ker\u00fcl, \u00edgy a n\u00f6v\u00e9nyek felsz\u00edvhatj\u00e1k.<br \/>\nLegt\u00f6bb MSM-et \u00e9tellel visz\u00fcnk be szervezet\u00fcnkbe. Ezt z\u00f6lds\u00e9gekkel (az MSM-ben gazdag n\u00f6v\u00e9nyek k\u00f6z\u00e9 tartozik a hagyma, fokhagyma, brokkoli \u00e9s a k\u00e1posztaf\u00e9l\u00e9k is) \u00e9s \u00e1llati eredet\u00fb term\u00e9kek is fogyaszthat\u00f3k, mint p\u00e9ld\u00e1ul a tej \u00e9s a toj\u00e1s, viszont ha ezekkel a term\u00e9kek magas h\u00f5m\u00e9rs\u00e9klet\u00fb h\u00f5k\u00f6zl\u00e9se t\u00f6rt\u00e9nik, akkor cs\u00f6kken az MSM koncentr\u00e1ci\u00f3. K\u00fcl\u00f6nb\u00f6z\u00f5 magok \u00e9s di\u00f3f\u00e9l\u00e9k is magukban hordj\u00e1k.\u00a0\u00c9trend-kieg\u00e9sz\u00edt\u00f5k\u00e9nt m\u00e1r \u00e9vek \u00f3ta haszn\u00e1latos.\u00a0<br \/>\nAz izmokban, b\u00f5rben, csontokban, hajban \u00e9s k\u00f6rm\u00f6kben megtal\u00e1lhat\u00f3 test\u00fcnkben szerepl\u00f5 MSM 50%-a. Fontos szerepe van m\u00e9g a kollag\u00e9n \u00e9s a k\u00f6t\u00f5sz\u00f6vetek el\u00f5\u00e1ll\u00edt\u00e1s\u00e1ban. sz\u00e1mos anyagcsere-folyamatban vesz r\u00e9szt. A k\u00e9n az emberi szervezetben az esszenci\u00e1lis aminosavban, a metioninban \u00e9s a ciszteinben fordul el\u00f5.<br \/>\n\u00d6sszetev\u00f5k:\u00a0100% MSM<br \/>\nEgy\u00e9b allerg\u00e9nek:\u00a0Nyomokban f\u00f6ldimogyor\u00f3t, di\u00f3f\u00e9l\u00e9ket \u00e9s szez\u00e1mmagot tartalmazhat.<br \/>\nSz\u00e1rmaz\u00e1si hely:\u00a0K\u00edna<br \/>\n\u00c1tlagos t\u00e1p\u00e9rt\u00e9k 100g term\u00e9kben:<br \/>\nEnergia 0 Kcal \/ 0 Kj<br \/>\nZs\u00edr 0g<br \/>\nmelyb\u00f5l tel\u00edtett zs\u00edrsavak 0g<br \/>\nSz\u00e9nhidr\u00e1t 0g<br \/>\nmelyb\u00f5l cukrok 0g<br \/>\nFeh\u00e9rje 0g<br \/>\nS\u00f3 0g<\/p>\n","protected":false},"excerpt":{"rendered":"<p>&nbsp; R\u00e9szletes term\u00e9kel\u00edr\u00e1s Az\u00a0\u00a0MSM\u00a0\u00a0ill.\u00a0metil-szulfonil-met\u00e1n\u00a0sz\u00e1mos sz\u00e1mos n\u00e9ven ismert, mint p\u00e9ld\u00e1ul a\u00a0DMSO2\u00a0, a\u00a0metil-szulfon\u00a0, vagy a\u00a0dimetil-szulfon\u00a0. Az MSM a term\u00e9szetben megtal\u00e1lhat\u00f3 k\u00e9n szerves alakja. Fellelhet\u00f5 sz\u00e1mos n\u00f6v\u00e9nyben \u00e9s \u00e1llatban, valamint az emberi szervezetben is jelen van.\u00a0\u00a0\u00a0\u00a0\u00a0 A fitoplanktonok elhal\u00e1sa sor\u00e1n a tengerekben old\u00f3d\u00f3 MSM egy id\u00f5 ut\u00e1n a l\u00e9gk\u00f6rbe ker\u00fcl a tenger p\u00e1rolg\u00e1sa \u00e1ltal. A l\u00e9gk\u00f6rb\u00f5l csapad\u00e9k a [&hellip;]<\/p>\n","protected":false},"featured_media":5881,"comment_status":"closed","ping_status":"open","template":"","meta":[],"product_cat":[61],"product_tag":[],"class_list":{"0":"post-5880","1":"product","2":"type-product","3":"status-publish","4":"has-post-thumbnail","6":"product_brand-prana","7":"product_cat-etrend-kiegeszitok","9":"first","10":"instock","11":"purchasable","12":"product-type-simple"},"_links":{"self":[{"href":"https:\/\/vitamin.coredesign.hu\/index.php?rest_route=\/wp\/v2\/product\/5880","targetHints":{"allow":["GET"]}}],"collection":[{"href":"https:\/\/vitamin.coredesign.hu\/index.php?rest_route=\/wp\/v2\/product"}],"about":[{"href":"https:\/\/vitamin.coredesign.hu\/index.php?rest_route=\/wp\/v2\/types\/product"}],"replies":[{"embeddable":true,"href":"https:\/\/vitamin.coredesign.hu\/index.php?rest_route=%2Fwp%2Fv2%2Fcomments&post=5880"}],"wp:featuredmedia":[{"embeddable":true,"href":"https:\/\/vitamin.coredesign.hu\/index.php?rest_route=\/wp\/v2\/media\/5881"}],"wp:attachment":[{"href":"https:\/\/vitamin.coredesign.hu\/index.php?rest_route=%2Fwp%2Fv2%2Fmedia&parent=5880"}],"wp:term":[{"taxonomy":"product_cat","embeddable":true,"href":"https:\/\/vitamin.coredesign.hu\/index.php?rest_route=%2Fwp%2Fv2%2Fproduct_cat&post=5880"},{"taxonomy":"product_tag","embeddable":true,"href":"https:\/\/vitamin.coredesign.hu\/index.php?rest_route=%2Fwp%2Fv2%2Fproduct_tag&post=5880"}],"curies":[{"name":"wp","href":"https:\/\/api.w.org\/{rel}","templated":true}]}}