{"id":5870,"date":"2025-10-12T12:33:07","date_gmt":"2025-10-12T10:33:07","guid":{"rendered":"https:\/\/vitamin.coredesign.hu\/?product=prana-bio-spirulina-400mg-tabletta-125g"},"modified":"2026-01-08T23:41:38","modified_gmt":"2026-01-08T22:41:38","slug":"prana-bio-spirulina-400mg-tabletta-125g","status":"publish","type":"product","link":"https:\/\/vitamin.coredesign.hu\/?product=prana-bio-spirulina-400mg-tabletta-125g","title":{"rendered":"Prana Bio Spirulina (400mg) tabletta 125g"},"content":{"rendered":"<p>&nbsp;<\/p>\n<div id=\"lt-accessibility-devtools\" aria-hidden=\"true\"><\/div>\n<p>R\u00e9szletes term\u00e9kel\u00edr\u00e1s<br \/>\nA Spirulina egy magas t\u00e1p\u00e9rt\u00e9k\u00fb \u00e9desv\u00edzi alg\u00e1b\u00f3l k\u00e9sz\u00fclt term\u00e9szetes term\u00e9k \u00e9s szuper\u00e9lelmiszer, amely feh\u00e9rj\u00e9kben, vitaminokban, f\u00f5leg B, A \u00e9s K \u00e9s \u00e1sv\u00e1nyi anyagokban gazdag, mint a vas, a szil\u00edcium, a kalcium \u00e9s a magn\u00e9zium.\u00a0<br \/>\nA spirulina seg\u00edti az immunrendszer t\u00e1mogat\u00e1s\u00e1t A fikocianin (a spirulin\u00e1ban tal\u00e1lhat\u00f3 egyik fitot\u00e1panyag) er\u00f5s immunstimul\u00e1ns.\u00a0T\u00e1mogatja f\u00e1radts\u00e1g eset\u00e9n. Seg\u00edt, hogy energikusabbnak \u00e9rezz\u00fck magunkat.<br \/>\n\u00d6sszetev\u00f5k:\u00a0\u00a0100% bio spirulina tabletta<br \/>\nEgy\u00e9b allerg\u00e9nek:\u00a0Nyomokban f\u00f6ldimogyor\u00f3t, di\u00f3f\u00e9l\u00e9ket \u00e9s szez\u00e1mmagot tartalmazhat.<br \/>\nBio term\u00e9keinket a Bio Garancia Kft. tanus\u00edtja.<br \/>\nSz\u00e1rmaz\u00e1si hely:\u00a0K\u00edna<br \/>\n\u00c1tlagos t\u00e1p\u00e9rt\u00e9k 100g term\u00e9kben:\u00a0<br \/>\nEngergia: 1607kJ\/381kcal<br \/>\nZs\u00edr: 8,5g Amelyb\u00f5l tel\u00edtett zs\u00edrsavak: 1,2g<br \/>\nSz\u00e9nhidr\u00e1t: 12,2g Amelyb\u00f5l cukrok: 3g<br \/>\nFeh\u00e9rje: 65g<br \/>\nRost: 6g<br \/>\nS\u00f3: 0,6g<\/p>\n","protected":false},"excerpt":{"rendered":"<p>&nbsp; R\u00e9szletes term\u00e9kel\u00edr\u00e1s A Spirulina egy magas t\u00e1p\u00e9rt\u00e9k\u00fb \u00e9desv\u00edzi alg\u00e1b\u00f3l k\u00e9sz\u00fclt term\u00e9szetes term\u00e9k \u00e9s szuper\u00e9lelmiszer, amely feh\u00e9rj\u00e9kben, vitaminokban, f\u00f5leg B, A \u00e9s K \u00e9s \u00e1sv\u00e1nyi anyagokban gazdag, mint a vas, a szil\u00edcium, a kalcium \u00e9s a magn\u00e9zium.\u00a0 A spirulina seg\u00edti az immunrendszer t\u00e1mogat\u00e1s\u00e1t A fikocianin (a spirulin\u00e1ban tal\u00e1lhat\u00f3 egyik fitot\u00e1panyag) er\u00f5s immunstimul\u00e1ns.\u00a0T\u00e1mogatja f\u00e1radts\u00e1g eset\u00e9n. Seg\u00edt, [&hellip;]<\/p>\n","protected":false},"featured_media":5871,"comment_status":"closed","ping_status":"closed","template":"","meta":[],"product_cat":[61,95],"product_tag":[],"class_list":{"0":"post-5870","1":"product","2":"type-product","3":"status-publish","4":"has-post-thumbnail","6":"product_brand-prana","7":"product_cat-etrend-kiegeszitok","8":"product_cat-gyogynovenyek","10":"first","11":"instock","12":"purchasable","13":"product-type-simple"},"_links":{"self":[{"href":"https:\/\/vitamin.coredesign.hu\/index.php?rest_route=\/wp\/v2\/product\/5870","targetHints":{"allow":["GET"]}}],"collection":[{"href":"https:\/\/vitamin.coredesign.hu\/index.php?rest_route=\/wp\/v2\/product"}],"about":[{"href":"https:\/\/vitamin.coredesign.hu\/index.php?rest_route=\/wp\/v2\/types\/product"}],"replies":[{"embeddable":true,"href":"https:\/\/vitamin.coredesign.hu\/index.php?rest_route=%2Fwp%2Fv2%2Fcomments&post=5870"}],"wp:featuredmedia":[{"embeddable":true,"href":"https:\/\/vitamin.coredesign.hu\/index.php?rest_route=\/wp\/v2\/media\/5871"}],"wp:attachment":[{"href":"https:\/\/vitamin.coredesign.hu\/index.php?rest_route=%2Fwp%2Fv2%2Fmedia&parent=5870"}],"wp:term":[{"taxonomy":"product_cat","embeddable":true,"href":"https:\/\/vitamin.coredesign.hu\/index.php?rest_route=%2Fwp%2Fv2%2Fproduct_cat&post=5870"},{"taxonomy":"product_tag","embeddable":true,"href":"https:\/\/vitamin.coredesign.hu\/index.php?rest_route=%2Fwp%2Fv2%2Fproduct_tag&post=5870"}],"curies":[{"name":"wp","href":"https:\/\/api.w.org\/{rel}","templated":true}]}}