{"id":5868,"date":"2025-10-12T12:33:07","date_gmt":"2025-10-12T10:33:07","guid":{"rendered":"https:\/\/vitamin.coredesign.hu\/?product=prana-bio-reishi-por-125g"},"modified":"2026-01-08T23:29:59","modified_gmt":"2026-01-08T22:29:59","slug":"prana-bio-reishi-por-125g","status":"publish","type":"product","link":"https:\/\/vitamin.coredesign.hu\/?product=prana-bio-reishi-por-125g","title":{"rendered":"Prana Bio Reishi por 125g"},"content":{"rendered":"<p>&nbsp;<\/p>\n<div id=\"lt-accessibility-devtools\" aria-hidden=\"true\"><\/div>\n<p>R\u00e9szletes term\u00e9kel\u00edr\u00e1s<br \/>\nSz\u00e1mos olyan molekula tal\u00e1lhat\u00f3, amely tartalmazza a triterpenoidokat, a poliszacharidokat \u00e9s a peptidoglik\u00e1nokat, amelyek felel\u00f5sek az eg\u00e9szs\u00e9gre gyakorolt ????hat\u00e1sai\u00e9rt.<br \/>\nA pecs\u00e9tviasz gomba (reishi) term\u00e9ke a szervezet eg\u00e9szs\u00e9ges m\u00fbk\u00f6d\u00e9s\u00e9hez, az immunrendszer meger\u00f5s\u00edt\u00e9s\u00e9hez.<br \/>\nAlapanyag(ok) lehets\u00e9ges tulajdons\u00e1gai<br \/>\nFokozhatja az immunrendszer megfelel\u00f5 m\u00fbk\u00f6d\u00e9s\u00e9t<br \/>\nSeg\u00edthet a f\u00e1radts\u00e1g \u00e9s a depresszi\u00f3 lek\u00fczd\u00e9s\u00e9ben<br \/>\nT\u00e1mogathatja a sz\u00edv eg\u00e9szs\u00e9g\u00e9t<br \/>\nKontroll\u00e1lhatja a v\u00e9rcukorszintet<br \/>\nAntioxid\u00e1nsok<br \/>\nAz egyik legsokoldal\u00fabb, legt\u00f6bb ter\u00fcleten haszn\u00e1lt gy\u00f3gygomba. K\u00faraszer\u00fben alkalmazz\u00e1k a leromlott eg\u00e9szs\u00e9gi \u00e1llapot\u00e1t \u00e9s az immunrendszer m\u00fbk\u00f6d\u00e9s\u00e9nek jav\u00edt\u00e1s\u00e1ra, kiemelt szerepe van a m\u00e1j, a gyomor, a b\u00e9lrendszer, a l\u00e9gz\u00f5szervek \u00e9s a hasny\u00e1lmirigy megbeteged\u00e9sek kieg\u00e9sz\u00edt\u00f5 kezel\u00e9s\u00e9ben. Hat\u00f3anyagai el\u00f5seg\u00edtik, hogy a szervezet megfelel\u00f5en felk\u00e9sz\u00fclj\u00f6n \u00e9s ellen\u00e1lljon a toxikus anyagoknak, a v\u00edrusok, fert\u00f5z\u00e9sek, a k\u00fcl\u00f6nf\u00e9le fizikai s\u00e9r\u00fcl\u00e9sek \u00e9s pszichol\u00f3giai stresszhat\u00e1soknak.<br \/>\n\u00d6sszetev\u00f5k:\u00a0\u00a0100% bio sz\u00e1r\u00edtott reishi gomba<br \/>\nEgy\u00e9b allerg\u00e9nek:\u00a0Nyomokban f\u00f6ldimogyor\u00f3t, di\u00f3f\u00e9l\u00e9ket \u00e9s szez\u00e1mmagot tartalmazhat.<br \/>\nBio term\u00e9keinket a Bio Garancia Kft. tanus\u00edtja.<br \/>\nSz\u00e1rmaz\u00e1si hely:\u00a0K\u00edna<br \/>\n\u00c1tlagos t\u00e1p\u00e9rt\u00e9k 100g term\u00e9kben:\u00a0<br \/>\nEnergia: 1620kJ \/ 382kcal<br \/>\nZs\u00edr: 2,3g Amelyb\u00f5l tel\u00edtett zs\u00edrsavak: 0,0g<br \/>\nSz\u00e9nhidr\u00e1t: 82g Amelyb\u00f5l cukrok: 0,0g<br \/>\nFeh\u00e9rje: 8,0g<br \/>\nRost: 0,0g<br \/>\nS\u00f3: 0g<\/p>\n","protected":false},"excerpt":{"rendered":"<p>&nbsp; R\u00e9szletes term\u00e9kel\u00edr\u00e1s Sz\u00e1mos olyan molekula tal\u00e1lhat\u00f3, amely tartalmazza a triterpenoidokat, a poliszacharidokat \u00e9s a peptidoglik\u00e1nokat, amelyek felel\u00f5sek az eg\u00e9szs\u00e9gre gyakorolt ????hat\u00e1sai\u00e9rt. A pecs\u00e9tviasz gomba (reishi) term\u00e9ke a szervezet eg\u00e9szs\u00e9ges m\u00fbk\u00f6d\u00e9s\u00e9hez, az immunrendszer meger\u00f5s\u00edt\u00e9s\u00e9hez. Alapanyag(ok) lehets\u00e9ges tulajdons\u00e1gai Fokozhatja az immunrendszer megfelel\u00f5 m\u00fbk\u00f6d\u00e9s\u00e9t Seg\u00edthet a f\u00e1radts\u00e1g \u00e9s a depresszi\u00f3 lek\u00fczd\u00e9s\u00e9ben T\u00e1mogathatja a sz\u00edv eg\u00e9szs\u00e9g\u00e9t Kontroll\u00e1lhatja a [&hellip;]<\/p>\n","protected":false},"featured_media":5869,"comment_status":"closed","ping_status":"open","template":"","meta":[],"product_cat":[61],"product_tag":[],"class_list":{"0":"post-5868","1":"product","2":"type-product","3":"status-publish","4":"has-post-thumbnail","6":"product_brand-prana","7":"product_cat-etrend-kiegeszitok","9":"first","10":"instock","11":"purchasable","12":"product-type-simple"},"_links":{"self":[{"href":"https:\/\/vitamin.coredesign.hu\/index.php?rest_route=\/wp\/v2\/product\/5868","targetHints":{"allow":["GET"]}}],"collection":[{"href":"https:\/\/vitamin.coredesign.hu\/index.php?rest_route=\/wp\/v2\/product"}],"about":[{"href":"https:\/\/vitamin.coredesign.hu\/index.php?rest_route=\/wp\/v2\/types\/product"}],"replies":[{"embeddable":true,"href":"https:\/\/vitamin.coredesign.hu\/index.php?rest_route=%2Fwp%2Fv2%2Fcomments&post=5868"}],"wp:featuredmedia":[{"embeddable":true,"href":"https:\/\/vitamin.coredesign.hu\/index.php?rest_route=\/wp\/v2\/media\/5869"}],"wp:attachment":[{"href":"https:\/\/vitamin.coredesign.hu\/index.php?rest_route=%2Fwp%2Fv2%2Fmedia&parent=5868"}],"wp:term":[{"taxonomy":"product_cat","embeddable":true,"href":"https:\/\/vitamin.coredesign.hu\/index.php?rest_route=%2Fwp%2Fv2%2Fproduct_cat&post=5868"},{"taxonomy":"product_tag","embeddable":true,"href":"https:\/\/vitamin.coredesign.hu\/index.php?rest_route=%2Fwp%2Fv2%2Fproduct_tag&post=5868"}],"curies":[{"name":"wp","href":"https:\/\/api.w.org\/{rel}","templated":true}]}}