{"id":5856,"date":"2025-10-12T12:32:43","date_gmt":"2025-10-12T10:32:43","guid":{"rendered":"https:\/\/vitamin.coredesign.hu\/?product=prana-bio-kek-spirulina-por-50-g"},"modified":"2026-01-08T23:29:47","modified_gmt":"2026-01-08T22:29:47","slug":"prana-bio-kek-spirulina-por-50-g","status":"publish","type":"product","link":"https:\/\/vitamin.coredesign.hu\/?product=prana-bio-kek-spirulina-por-50-g","title":{"rendered":"Prana Bio K\u00e9k Spirulina por 50 g"},"content":{"rendered":"<p>&nbsp;<\/p>\n<div id=\"lt-accessibility-devtools\" aria-hidden=\"true\"><\/div>\n<p>R\u00e9szletes term\u00e9kel\u00edr\u00e1s<br \/>\nA k\u00e9k spirulina por egy rendk\u00edv\u00fcl t\u00e1pl\u00e1l\u00f3 szuper\u00e9lelmiszer, amelyet a spirulina mikroalga k\u00e9k pigmentj\u00e9b\u00f5l, a fikocianinb\u00f3l nyernek. Gazdag antioxid\u00e1nsokban, feh\u00e9rj\u00e9ben, vitaminokban \u00e9s \u00e1sv\u00e1nyi anyagokban, t\u00e1mogatva az immunrendszert \u00e9s fokozva az energiaszintet. K\u00f6nnyen beilleszthet\u00f5 a mindennapi \u00e9trendbe, smoothie-khoz, joghurtokhoz vagy m\u00e1s \u00e9telekhez keverve, gy\u00f6ny\u00f6r\u00fb k\u00e9k sz\u00ednt \u00e9s t\u00e1pl\u00e1l\u00f3 el\u00f5ny\u00f6ket adva azoknak. Glut\u00e9n- \u00e9s GMO-mentes, veget\u00e1ri\u00e1nus \u00e9s veg\u00e1n \u00e9trendekhez is kiv\u00e1l\u00f3 v\u00e1laszt\u00e1s. Az \u00e9l\u00e9nk k\u00e9k sz\u00edn\u00e9nek k\u00f6sz\u00f6nhet\u00f5en kreat\u00edv \u00e9s eg\u00e9szs\u00e9ges kieg\u00e9sz\u00edt\u00f5je lehet b\u00e1rmely \u00e9telnek vagy italnak.<br \/>\n\u00d6sszetev\u00f5k:\u00a0100% bio k\u00e9k spirulina<br \/>\nFigyelmeztet\u00e9s:\u00a0A term\u00e9ket tartsa gyermekekt\u00f5l elz\u00e1rva! A napi aj\u00e1nlott mennyis\u00e9get ne l\u00e9pje t\u00fal! Az\u00a0\u00e9trend-kieg\u00e9sz\u00edt\u00f5 nem helyettes\u00edti a kiegyens\u00falyozott, v\u00e1ltozatos \u00e9trendet \u00e9s az eg\u00e9szs\u00e9ges \u00e9letm\u00f3dot<br \/>\nEgy\u00e9b allerg\u00e9n inform\u00e1ci\u00f3:\u00a0Nyomokban f\u00f6ldimogyor\u00f3t, di\u00f3f\u00e9l\u00e9ket \u00e9s szez\u00e1mmagot is feldolgoz\u00f3 \u00fczemben k\u00e9sz\u00fclt.<br \/>\n\u00c1tlagos t\u00e1p\u00e9rt\u00e9k 100g term\u00e9kben:<br \/>\nEnergia: 1457kJ\/343kcal<br \/>\nZs\u00edr: 0,1g<br \/>\nAmelyb\u00f5l tel\u00edtett zs\u00edrsavak: 0g<br \/>\nSz\u00e9nhidr\u00e1t: 46g<br \/>\nAmelyb\u00f5l cukrok: 0g<br \/>\nFeh\u00e9rje: 38g<br \/>\nRost: 0g<br \/>\nS\u00f3: 2,63g<\/p>\n","protected":false},"excerpt":{"rendered":"<p>&nbsp; R\u00e9szletes term\u00e9kel\u00edr\u00e1s A k\u00e9k spirulina por egy rendk\u00edv\u00fcl t\u00e1pl\u00e1l\u00f3 szuper\u00e9lelmiszer, amelyet a spirulina mikroalga k\u00e9k pigmentj\u00e9b\u00f5l, a fikocianinb\u00f3l nyernek. Gazdag antioxid\u00e1nsokban, feh\u00e9rj\u00e9ben, vitaminokban \u00e9s \u00e1sv\u00e1nyi anyagokban, t\u00e1mogatva az immunrendszert \u00e9s fokozva az energiaszintet. K\u00f6nnyen beilleszthet\u00f5 a mindennapi \u00e9trendbe, smoothie-khoz, joghurtokhoz vagy m\u00e1s \u00e9telekhez keverve, gy\u00f6ny\u00f6r\u00fb k\u00e9k sz\u00ednt \u00e9s t\u00e1pl\u00e1l\u00f3 el\u00f5ny\u00f6ket adva azoknak. Glut\u00e9n- \u00e9s [&hellip;]<\/p>\n","protected":false},"featured_media":5857,"comment_status":"closed","ping_status":"open","template":"","meta":[],"product_cat":[61],"product_tag":[],"class_list":{"0":"post-5856","1":"product","2":"type-product","3":"status-publish","4":"has-post-thumbnail","6":"product_brand-prana","7":"product_cat-etrend-kiegeszitok","9":"first","10":"instock","11":"purchasable","12":"product-type-simple"},"_links":{"self":[{"href":"https:\/\/vitamin.coredesign.hu\/index.php?rest_route=\/wp\/v2\/product\/5856","targetHints":{"allow":["GET"]}}],"collection":[{"href":"https:\/\/vitamin.coredesign.hu\/index.php?rest_route=\/wp\/v2\/product"}],"about":[{"href":"https:\/\/vitamin.coredesign.hu\/index.php?rest_route=\/wp\/v2\/types\/product"}],"replies":[{"embeddable":true,"href":"https:\/\/vitamin.coredesign.hu\/index.php?rest_route=%2Fwp%2Fv2%2Fcomments&post=5856"}],"wp:featuredmedia":[{"embeddable":true,"href":"https:\/\/vitamin.coredesign.hu\/index.php?rest_route=\/wp\/v2\/media\/5857"}],"wp:attachment":[{"href":"https:\/\/vitamin.coredesign.hu\/index.php?rest_route=%2Fwp%2Fv2%2Fmedia&parent=5856"}],"wp:term":[{"taxonomy":"product_cat","embeddable":true,"href":"https:\/\/vitamin.coredesign.hu\/index.php?rest_route=%2Fwp%2Fv2%2Fproduct_cat&post=5856"},{"taxonomy":"product_tag","embeddable":true,"href":"https:\/\/vitamin.coredesign.hu\/index.php?rest_route=%2Fwp%2Fv2%2Fproduct_tag&post=5856"}],"curies":[{"name":"wp","href":"https:\/\/api.w.org\/{rel}","templated":true}]}}