{"id":5842,"date":"2025-10-12T12:32:43","date_gmt":"2025-10-12T10:32:43","guid":{"rendered":"https:\/\/vitamin.coredesign.hu\/?product=prana-acerola-por-100g"},"modified":"2026-01-08T23:29:41","modified_gmt":"2026-01-08T22:29:41","slug":"prana-acerola-por-100g","status":"publish","type":"product","link":"https:\/\/vitamin.coredesign.hu\/?product=prana-acerola-por-100g","title":{"rendered":"Prana Acerola por 100g"},"content":{"rendered":"<p>&nbsp;<\/p>\n<div id=\"lt-accessibility-devtools\" aria-hidden=\"true\"><\/div>\n<p>R\u00e9szletes term\u00e9kel\u00edr\u00e1s<br \/>\nAz acerola egy vadon term\u00f5 kis cseresznye, C vitaminban b\u00f5s\u00e9gesen gazdag, de nagy mennyis\u00e9gben tartalmaz m\u00e1s vitaminokat, enzimeket, bioflavonoidokat is. Az amaz\u00f3niai medenc\u00e9ben \u00e9l\u00f5 indi\u00e1nok igazi kincsnek tartott\u00e1k.\u00a0<br \/>\nAz acerola port a gy\u00fcm\u00f6lcs h\u00fas\u00e1nak kisz\u00e1r\u00edt\u00e1s\u00e1val, meg\u00f5rl\u00e9s\u00e9vel nyerik, majd tart\u00f3s\u00edt\u00e1s c\u00e9lj\u00e1b\u00f3l egy cukros hordoz\u00f3ba keverik. T\u00f6k\u00e9letes a kollag\u00e9nk\u00e9pz\u00f5d\u00e9s serkent\u00e9s\u00e9re, a b\u00f5r m\u00e9regtelen\u00edt\u00e9s\u00e9re, a vitaminok \u00e9s \u00e1sv\u00e1nyok b\u00f5rbevitel\u00e9re. Er\u00f5s antioxid\u00e1ns k\u00e9pess\u00e9geinek k\u00f6sz\u00f6nhet\u00f5en \u00e9rt\u00e9kelt \u00f6reged\u00e9sg\u00e1tl\u00f3 hat\u00f3anyag.<br \/>\n\u00d6sszetev\u00f5k:\u00a0acerola, maltodextrin, aszkorbinsav (C-vitamin)<br \/>\nEgy\u00e9b allerg\u00e9nek:\u00a0Nyomokban f\u00f6ldimogyor\u00f3t, di\u00f3f\u00e9l\u00e9ket \u00e9s szez\u00e1mmagot tartalmazhat.<br \/>\n\u00c1tlagos t\u00e1p\u00e9rt\u00e9k 100g term\u00e9kben:<br \/>\nEnergia\u00a0389 Kcal \/ 1652 Kj<br \/>\nZs\u00edr\u00a00,1g<br \/>\nmelyb\u00f5l tel\u00edtett zs\u00edrsavak\u00a00,1g<br \/>\nSz\u00e9nhidr\u00e1t\u00a096,5g<br \/>\nmelyb\u00f5l cukrok\u00a012,95g<br \/>\nFeh\u00e9rje\u00a00,28g<br \/>\nS\u00f3\u00a00,01g<br \/>\nC-vitamin: 25,400mg<br \/>\n1 adag &#8211; 2g term\u00e9kben<br \/>\nC-vitamin: 508mg (NRV: 635%)<\/p>\n","protected":false},"excerpt":{"rendered":"<p>&nbsp; R\u00e9szletes term\u00e9kel\u00edr\u00e1s Az acerola egy vadon term\u00f5 kis cseresznye, C vitaminban b\u00f5s\u00e9gesen gazdag, de nagy mennyis\u00e9gben tartalmaz m\u00e1s vitaminokat, enzimeket, bioflavonoidokat is. Az amaz\u00f3niai medenc\u00e9ben \u00e9l\u00f5 indi\u00e1nok igazi kincsnek tartott\u00e1k.\u00a0 Az acerola port a gy\u00fcm\u00f6lcs h\u00fas\u00e1nak kisz\u00e1r\u00edt\u00e1s\u00e1val, meg\u00f5rl\u00e9s\u00e9vel nyerik, majd tart\u00f3s\u00edt\u00e1s c\u00e9lj\u00e1b\u00f3l egy cukros hordoz\u00f3ba keverik. T\u00f6k\u00e9letes a kollag\u00e9nk\u00e9pz\u00f5d\u00e9s serkent\u00e9s\u00e9re, a b\u00f5r m\u00e9regtelen\u00edt\u00e9s\u00e9re, a [&hellip;]<\/p>\n","protected":false},"featured_media":5843,"comment_status":"closed","ping_status":"open","template":"","meta":[],"product_cat":[61],"product_tag":[],"class_list":{"0":"post-5842","1":"product","2":"type-product","3":"status-publish","4":"has-post-thumbnail","6":"product_brand-prana","7":"product_cat-etrend-kiegeszitok","9":"first","10":"instock","11":"purchasable","12":"product-type-simple"},"_links":{"self":[{"href":"https:\/\/vitamin.coredesign.hu\/index.php?rest_route=\/wp\/v2\/product\/5842","targetHints":{"allow":["GET"]}}],"collection":[{"href":"https:\/\/vitamin.coredesign.hu\/index.php?rest_route=\/wp\/v2\/product"}],"about":[{"href":"https:\/\/vitamin.coredesign.hu\/index.php?rest_route=\/wp\/v2\/types\/product"}],"replies":[{"embeddable":true,"href":"https:\/\/vitamin.coredesign.hu\/index.php?rest_route=%2Fwp%2Fv2%2Fcomments&post=5842"}],"wp:featuredmedia":[{"embeddable":true,"href":"https:\/\/vitamin.coredesign.hu\/index.php?rest_route=\/wp\/v2\/media\/5843"}],"wp:attachment":[{"href":"https:\/\/vitamin.coredesign.hu\/index.php?rest_route=%2Fwp%2Fv2%2Fmedia&parent=5842"}],"wp:term":[{"taxonomy":"product_cat","embeddable":true,"href":"https:\/\/vitamin.coredesign.hu\/index.php?rest_route=%2Fwp%2Fv2%2Fproduct_cat&post=5842"},{"taxonomy":"product_tag","embeddable":true,"href":"https:\/\/vitamin.coredesign.hu\/index.php?rest_route=%2Fwp%2Fv2%2Fproduct_tag&post=5842"}],"curies":[{"name":"wp","href":"https:\/\/api.w.org\/{rel}","templated":true}]}}