{"id":5826,"date":"2025-10-12T12:32:43","date_gmt":"2025-10-12T10:32:43","guid":{"rendered":"https:\/\/vitamin.coredesign.hu\/?product=nordvital-multivitamin-3030-db-kapszula"},"modified":"2026-01-08T23:29:34","modified_gmt":"2026-01-08T22:29:34","slug":"nordvital-multivitamin-3030-db-kapszula","status":"publish","type":"product","link":"https:\/\/vitamin.coredesign.hu\/?product=nordvital-multivitamin-3030-db-kapszula","title":{"rendered":"Nordvital Multivitamin 30+30 db kapszula"},"content":{"rendered":"<p>&nbsp;<\/p>\n<div id=\"lt-accessibility-devtools\" aria-hidden=\"true\"><\/div>\n<p>R\u00e9szletes term\u00e9kel\u00edr\u00e1s<br \/>\n?\u00a0vitamin \u00e9s \u00e1sv\u00e1nyi anyag t\u00e1mogat\u00e1s\u00a0<br \/>\n? energiaszint t\u00e1mogat\u00e1sa<br \/>\n?\u00a0vitalit\u00e1s<br \/>\nA Nordvital Multivitamin 30+30db egy hat\u00e9kony \u00e9s kiegyens\u00falyozott t\u00e1pl\u00e1l\u00e9k-kieg\u00e9sz\u00edt\u00f5, amely egy havi adagot tartalmaz. Az 1-1 tabletta sz\u00e9les spektrum\u00fa vitamint \u00e9s \u00e1sv\u00e1nyi anyagokat k\u00edn\u00e1l, hozz\u00e1j\u00e1rulva az optim\u00e1lis eg\u00e9szs\u00e9ghez \u00e9s vitalit\u00e1shoz. Ez az \u00f6sszetett multivitamin seg\u00edt t\u00e1mogatni az immunrendszert, jav\u00edtani az energiaszintet \u00e9s kiegyens\u00falyozni a t\u00e1panyagsz\u00fcks\u00e9gleteket. Ide\u00e1lis v\u00e1laszt\u00e1s mindazok sz\u00e1m\u00e1ra, akik egyszer\u00fben \u00e9s hat\u00e9konyan szeretn\u00e9k biztos\u00edtani a szervezet\u00fck sz\u00e1m\u00e1ra a sz\u00fcks\u00e9ges vitaminokat \u00e9s \u00e1sv\u00e1nyi anyagokat. V\u00e1lassza a Nordvital Multivitamin 30+30db-t a mindennapi vitalit\u00e1s \u00e9s j\u00f3ll\u00e9t \u00e9rdek\u00e9ben!<br \/>\nHat\u00f3anyag\/1kapszula:<br \/>\nKem\u00e9ny kapszula:<br \/>\nB1 vitamin (tiamin-hidroklorid) 20mg 1818%<br \/>\nB2-vitamin (Riboflavin) 20mg 1429%<br \/>\nB3-vitamin (Nikotinamid) 15mg 94%<br \/>\nB5-vitamin (D-kalcium-pantoten\u00e1t) 100mg 1667%<br \/>\nB6 -vitamin (piridox\u00e1l-5-foszf\u00e1t) 25mg 1786%<br \/>\nB7-vitamin (D-biotin) 500mcg1000%<br \/>\nB9- vitamin (kalcium-L-metil-fol\u00e1t) 400mcg 200%<br \/>\nB12-vitamin (metilkobalamin) 100mcg 4000%<br \/>\nCink (szerves k\u00f6t\u00e9s\u00fb cink-glicin\u00e1tb\u00f3l) 25mg 250%<br \/>\nR\u00e9z (szerves k\u00f6t\u00e9s\u00fb r\u00e9z-glicin\u00e1tb\u00f3l) 1,5mg 150%<br \/>\nSzel\u00e9n (szerves k\u00f6t\u00e9s\u00fb L-szeleno-methioninb\u00f5l) 100mcg 182%<br \/>\nKr\u00f3m (szerves-k\u00f6t\u00e9s\u00fb kr\u00f3m-pikolin\u00e1tb\u00f3l) 50mcg 125%<br \/>\nMang\u00e1n (szerves k\u00f6t\u00e9s\u00fb mang\u00e1n-glicin\u00e1tb\u00f3l) 1mg 50%<br \/>\nMolibd\u00e9n (n\u00e1trium-molibden\u00e1t) 100mcg 125%<br \/>\nC-vitamin (magn\u00e9zium-L-aszkorb\u00e1t) 100mg 125%<br \/>\nBioPerine\u00ae (feketebors kivonat, 95% piperin) 2,5mg<br \/>\nKolin (szerves Kolin-bitartar\u00e1tb\u00f3l) 30mg<br \/>\nL\u00e1gyzselatin kapszula:<br \/>\nD3-vitamin (kolekalciferol) 100mcg = 4000 NE 2000%<br \/>\nE-vitamin (term\u00e9szetes vegyes tokoferolok) 60mg 500%<br \/>\nK1-vitamin (fillokinon) 900mcg 1200%<br \/>\nK2-vitamin (Menakinon -7, all-trans forma) 100mcg 133%<br \/>\nA-vitamin (retinol-palmit\u00e1t) 750mcg = 2500 NE 94%<br \/>\nOmega-3 halolaj 600mg<br \/>\n-ebb\u00f5l EPA 108mg<br \/>\n-ebb\u00f5l DHA 72mg<br \/>\n\u00d6sszetev\u00f5k:\u00a0Nordvital Multivitamin kem\u00e9ny kapszula : magn\u00e9zium-L-aszkorb\u00e1t, kapszula tok (hidroxipropil-metilcellul\u00f3z), D-kalcium-pantoten\u00e1t, cink-biszglicin\u00e1t, kolin-bitartar\u00e1t, piridox\u00e1l-5-foszf\u00e1t, tiamin-hidroklorid, riboflavin, L-szeleno-metionin, rizsliszt, niacinamid, csom\u00f3sod\u00e1st g\u00e1tl\u00f3 (leucin aminosav), n\u00e1trium-molibd\u00e1t, r\u00e9z-biszglicin\u00e1t, mang\u00e1n-biszglicin\u00e1t, Bioperine\u00ae, kalcium-L-metil-fol\u00e1t, D-biotin, kr\u00f3m-pikolin\u00e1t, t\u00e9rfogatn\u00f6vel\u00f5 szer (mikrokrist\u00e1lyos cellul\u00f3z), metilkobalamin<br \/>\nNordvital Multivitamin l\u00e1gy kapszula: Omega-3\u00a0halolaj, kapszulatok (zselatin, glicerin, tiszt\u00edtott v\u00edz), term\u00e9szetes vegyes tokoferolok, K2-vitmain (menakinon -7), K1-vitamin, kolekalciferol, retinol-palmit\u00e1t<br \/>\nAdagol\u00e1s:\u00a0Naponta 1 kem\u00e9ny \u00e9s l\u00e1gy kapszula, \u00e9tklez\u00e9s ut\u00e1n egyszerre vagy ak\u00e1r k\u00fcl\u00f6n<br \/>\nFigyelmeztet\u00e9s:\u00a0Az \u00e9trend-kieg\u00e9sz\u00edt\u00f5 fogyaszt\u00e1sa nem helyettes\u00edti a kiegyens\u00falyozott, v\u00e1ltozatos, vegyes \u00e9trendet \u00e9s az eg\u00e9szs\u00e9ges \u00e9letm\u00f3dot. A napi aj\u00e1nlott mennyis\u00e9get ne l\u00e9pje t\u00fal! Ne szedje a k\u00e9sz\u00edtm\u00e9nyt, ha az \u00f6sszetev\u00f5k b\u00e1rmelyik\u00e9re \u00e9rz\u00e9keny vagy allergi\u00e1s.<\/p>\n","protected":false},"excerpt":{"rendered":"<p>&nbsp; R\u00e9szletes term\u00e9kel\u00edr\u00e1s ?\u00a0vitamin \u00e9s \u00e1sv\u00e1nyi anyag t\u00e1mogat\u00e1s\u00a0 ? energiaszint t\u00e1mogat\u00e1sa ?\u00a0vitalit\u00e1s A Nordvital Multivitamin 30+30db egy hat\u00e9kony \u00e9s kiegyens\u00falyozott t\u00e1pl\u00e1l\u00e9k-kieg\u00e9sz\u00edt\u00f5, amely egy havi adagot tartalmaz. Az 1-1 tabletta sz\u00e9les spektrum\u00fa vitamint \u00e9s \u00e1sv\u00e1nyi anyagokat k\u00edn\u00e1l, hozz\u00e1j\u00e1rulva az optim\u00e1lis eg\u00e9szs\u00e9ghez \u00e9s vitalit\u00e1shoz. Ez az \u00f6sszetett multivitamin seg\u00edt t\u00e1mogatni az immunrendszert, jav\u00edtani az energiaszintet \u00e9s kiegyens\u00falyozni [&hellip;]<\/p>\n","protected":false},"featured_media":5827,"comment_status":"closed","ping_status":"open","template":"","meta":[],"product_cat":[60],"product_tag":[],"class_list":{"0":"post-5826","1":"product","2":"type-product","3":"status-publish","4":"has-post-thumbnail","6":"product_brand-nordvital","7":"product_cat-vitaminok","9":"first","10":"instock","11":"purchasable","12":"product-type-simple"},"_links":{"self":[{"href":"https:\/\/vitamin.coredesign.hu\/index.php?rest_route=\/wp\/v2\/product\/5826","targetHints":{"allow":["GET"]}}],"collection":[{"href":"https:\/\/vitamin.coredesign.hu\/index.php?rest_route=\/wp\/v2\/product"}],"about":[{"href":"https:\/\/vitamin.coredesign.hu\/index.php?rest_route=\/wp\/v2\/types\/product"}],"replies":[{"embeddable":true,"href":"https:\/\/vitamin.coredesign.hu\/index.php?rest_route=%2Fwp%2Fv2%2Fcomments&post=5826"}],"wp:featuredmedia":[{"embeddable":true,"href":"https:\/\/vitamin.coredesign.hu\/index.php?rest_route=\/wp\/v2\/media\/5827"}],"wp:attachment":[{"href":"https:\/\/vitamin.coredesign.hu\/index.php?rest_route=%2Fwp%2Fv2%2Fmedia&parent=5826"}],"wp:term":[{"taxonomy":"product_cat","embeddable":true,"href":"https:\/\/vitamin.coredesign.hu\/index.php?rest_route=%2Fwp%2Fv2%2Fproduct_cat&post=5826"},{"taxonomy":"product_tag","embeddable":true,"href":"https:\/\/vitamin.coredesign.hu\/index.php?rest_route=%2Fwp%2Fv2%2Fproduct_tag&post=5826"}],"curies":[{"name":"wp","href":"https:\/\/api.w.org\/{rel}","templated":true}]}}