{"id":5800,"date":"2025-10-12T12:32:02","date_gmt":"2025-10-12T10:32:02","guid":{"rendered":"https:\/\/vitamin.coredesign.hu\/?product=nordvital-d3k2-forte-csepp-30-ml-60-adag"},"modified":"2026-01-08T23:29:09","modified_gmt":"2026-01-08T22:29:09","slug":"nordvital-d3k2-forte-csepp-30-ml-60-adag","status":"publish","type":"product","link":"https:\/\/vitamin.coredesign.hu\/?product=nordvital-d3k2-forte-csepp-30-ml-60-adag","title":{"rendered":"Nordvital D3+K2 Forte csepp 30 ml 60 adag"},"content":{"rendered":"<p>&nbsp;<\/p>\n<div id=\"lt-accessibility-devtools\" aria-hidden=\"true\"><\/div>\n<p>R\u00e9szletes term\u00e9kel\u00edr\u00e1s<br \/>\nTerm\u00e9k\u00fcnkben a D3- \u00e9s K2-vitaminokat RSPO min\u00f5s\u00edtett (\u0084orangut\u00e1n bar\u00e1t\u0094), azaz fenntarthat\u00f3 gazdas\u00e1gb\u00f3l sz\u00e1rmaz\u00f3, k\u00f3kusz- \u00e9s p\u00e1lmaolajb\u00f3l nyert MCT olajban oldottuk fel a megfelel\u00f5 stabilit\u00e1s\u00e9rt \u00e9s kiv\u00e1l\u00f3 hasznosul\u00e1s\u00e9rt. A K2-vitamint kiz\u00e1r\u00f3lag MK-7-es akt\u00edv \u0084transzizomer\u0094 form\u00e1ban, natto ferment\u00e1lt forr\u00e1sb\u00f3l tartalmazza a k\u00e9sz\u00edtm\u00e9ny.<br \/>\nHat\u00f3anyag\/15 csepp:<br \/>\nD3-vitamin 4000NE 100 ?g<br \/>\nK2-vitamin (MK-7) 100 ?g<br \/>\n\u00d6sszetev\u00f5k:\u00a0MCT-olaj (RSPO min\u00f5s\u00edtett p\u00e1lma\u00e9s k\u00f3kuszolajb\u00f3l), menakinon-7 (K2-vitamin), kolekalciferol, antioxid\u00e1ns (term\u00e9szetes vegyes tokoferolok)<br \/>\nAdagol\u00e1s:\u00a0Naponta 15 csepp fogyaszt\u00e1s\u00e1t javasoljuk feln\u00f5tteknek, k\u00f6zvetlen\u00fcl sz\u00e1jba cseppentve, vagy \u00e9telhez keverve. Folyad\u00e9kba ne keverje! Legjobb reggel, az els\u00f5 \u00e9tkez\u00e9skor bevenni. Sz\u00e1jba cseppent\u00e9s eset\u00e9n a pipetta ne \u00e9rintkezzen a nyelv\u00e9vel, mivel term\u00e9k\u00fcnk tart\u00f3s\u00edt\u00f3szert nem tartalmaz.<br \/>\nFigyelmeztet\u00e9s:\u00a0Az \u00e9trend-kieg\u00e9sz\u00edt\u00f5 fogyaszt\u00e1sa nem helyettes\u00edti a\u00a0kiegyens\u00falyozott, v\u00e1ltozatos, vegyes \u00e9trendet \u00e9s az eg\u00e9szs\u00e9ges \u00e9letm\u00f3dot. A\u00a0napi aj\u00e1nlott mennyis\u00e9get ne l\u00e9pje t\u00fal! Ne szedje a\u00a0k\u00e9sz\u00edtm\u00e9nyt, ha az \u00f6sszetev\u00f5k b\u00e1rmelyik\u00e9re \u00e9rz\u00e9keny vagy allergi\u00e1s.<\/p>\n","protected":false},"excerpt":{"rendered":"<p>&nbsp; R\u00e9szletes term\u00e9kel\u00edr\u00e1s Term\u00e9k\u00fcnkben a D3- \u00e9s K2-vitaminokat RSPO min\u00f5s\u00edtett (\u0084orangut\u00e1n bar\u00e1t\u0094), azaz fenntarthat\u00f3 gazdas\u00e1gb\u00f3l sz\u00e1rmaz\u00f3, k\u00f3kusz- \u00e9s p\u00e1lmaolajb\u00f3l nyert MCT olajban oldottuk fel a megfelel\u00f5 stabilit\u00e1s\u00e9rt \u00e9s kiv\u00e1l\u00f3 hasznosul\u00e1s\u00e9rt. A K2-vitamint kiz\u00e1r\u00f3lag MK-7-es akt\u00edv \u0084transzizomer\u0094 form\u00e1ban, natto ferment\u00e1lt forr\u00e1sb\u00f3l tartalmazza a k\u00e9sz\u00edtm\u00e9ny. Hat\u00f3anyag\/15 csepp: D3-vitamin 4000NE 100 ?g K2-vitamin (MK-7) 100 ?g \u00d6sszetev\u00f5k:\u00a0MCT-olaj (RSPO [&hellip;]<\/p>\n","protected":false},"featured_media":5801,"comment_status":"closed","ping_status":"open","template":"","meta":[],"product_cat":[60],"product_tag":[],"class_list":{"0":"post-5800","1":"product","2":"type-product","3":"status-publish","4":"has-post-thumbnail","6":"product_brand-nordvital","7":"product_cat-vitaminok","9":"first","10":"instock","11":"purchasable","12":"product-type-simple"},"_links":{"self":[{"href":"https:\/\/vitamin.coredesign.hu\/index.php?rest_route=\/wp\/v2\/product\/5800","targetHints":{"allow":["GET"]}}],"collection":[{"href":"https:\/\/vitamin.coredesign.hu\/index.php?rest_route=\/wp\/v2\/product"}],"about":[{"href":"https:\/\/vitamin.coredesign.hu\/index.php?rest_route=\/wp\/v2\/types\/product"}],"replies":[{"embeddable":true,"href":"https:\/\/vitamin.coredesign.hu\/index.php?rest_route=%2Fwp%2Fv2%2Fcomments&post=5800"}],"wp:featuredmedia":[{"embeddable":true,"href":"https:\/\/vitamin.coredesign.hu\/index.php?rest_route=\/wp\/v2\/media\/5801"}],"wp:attachment":[{"href":"https:\/\/vitamin.coredesign.hu\/index.php?rest_route=%2Fwp%2Fv2%2Fmedia&parent=5800"}],"wp:term":[{"taxonomy":"product_cat","embeddable":true,"href":"https:\/\/vitamin.coredesign.hu\/index.php?rest_route=%2Fwp%2Fv2%2Fproduct_cat&post=5800"},{"taxonomy":"product_tag","embeddable":true,"href":"https:\/\/vitamin.coredesign.hu\/index.php?rest_route=%2Fwp%2Fv2%2Fproduct_tag&post=5800"}],"curies":[{"name":"wp","href":"https:\/\/api.w.org\/{rel}","templated":true}]}}