{"id":5792,"date":"2025-10-12T12:32:02","date_gmt":"2025-10-12T10:32:02","guid":{"rendered":"https:\/\/vitamin.coredesign.hu\/?product=nordvital-csirkeporc-kollagen-90-g"},"modified":"2026-01-08T23:29:05","modified_gmt":"2026-01-08T22:29:05","slug":"nordvital-csirkeporc-kollagen-90-g","status":"publish","type":"product","link":"https:\/\/vitamin.coredesign.hu\/?product=nordvital-csirkeporc-kollagen-90-g","title":{"rendered":"Nordvital Csirkeporc kollag\u00e9n 90 g"},"content":{"rendered":"<p>&nbsp;<\/p>\n<div id=\"lt-accessibility-devtools\" aria-hidden=\"true\"><\/div>\n<p>R\u00e9szletes term\u00e9kel\u00edr\u00e1s<br \/>\n? \u00edz\u00fcleti t\u00e1mogat\u00e1s<br \/>\n? b\u00f5r rugalmass\u00e1ga \u00e9s hidrat\u00e1l\u00e1sa<br \/>\n? csontok t\u00e1mogat\u00e1sa<br \/>\nA Nordvital Csirkeporc Kollag\u00e9n \u00cdz\u00fclet Komplex egy kiv\u00e9teles t\u00e1pl\u00e1l\u00e9kkieg\u00e9sz\u00edt\u00f5, amely a csirkeporc kollag\u00e9n erej\u00e9t kombin\u00e1lja m\u00e1s hat\u00f3anyagokkal az \u00edz\u00fcletek eg\u00e9szs\u00e9g\u00e9nek t\u00e1mogat\u00e1s\u00e1\u00e9rt. A magas min\u00f5s\u00e9g\u00fb csirkeporc kollag\u00e9n term\u00e9k az \u00edz\u00fcletek rugalmass\u00e1g\u00e1hoz \u00e9s mobilit\u00e1s\u00e1hoz. A formul\u00e1ban tal\u00e1lhat\u00f3 egy\u00e9b \u00f6sszetev\u00f5k, p\u00e9ld\u00e1ul gl\u00fck\u00f3zamin, kondroitin \u00e9s MSM, tov\u00e1bb\u00e1 t\u00e1mogat\u00e1st ny\u00fajtanak az \u00edz\u00fcletek sz\u00e1m\u00e1ra, seg\u00edtve a mozg\u00e9konys\u00e1g meg\u00f5rz\u00e9s\u00e9t \u00e9s az \u00edz\u00fcleti f\u00e1jdalmak enyh\u00edt\u00e9s\u00e9t. A Nordvital Csirkeporc Kollag\u00e9n \u00cdz\u00fclet Komplex k\u00edm\u00e9li az \u00edz\u00fcleteket \u00e9s vissza\u00e1ll\u00edtja rugalmass\u00e1g\u00e1t, kiv\u00e1l\u00f3 v\u00e1laszt\u00e1s mindazok sz\u00e1m\u00e1ra, akik szeretn\u00e9k meg\u00f5rizni az akt\u00edv \u00e9s f\u00e1jdalommentes \u00e9letm\u00f3dot. Haszn\u00e1lat el\u00f5tt mindig aj\u00e1nlott konzult\u00e1lni eg\u00e9szs\u00e9g\u00fcgyi szakemberrel.<br \/>\nHat\u00f3anyag\/1,5g\u00a0:<br \/>\nChondractive\u00ae csirkeporc kivonat (70% II-es t\u00edpus\u00fa kollag\u00e9nre, 10% kondroitin-szulf\u00e1tra \u00e9s 1% hialuronsavra standardiz\u00e1lva) 1500 mg<br \/>\n\u00d6sszetev\u00f5k:\u00a0Chondractive\u00ae csirkeporc kivonat<br \/>\nAdagol\u00e1s:\u00a0\u00a0Naponta 1,5 te\u00e1skanyi 1 g. ) kollag\u00e9nt fogyasszunk valamiben feloldva. \u00c9tkez\u00e9st\u00f5l f\u00fcggetlen\u00fcl, a nap minden szak\u00e1ban bevehet\u00f5, de \u00e9rdemes mozg\u00e1s (pl. s\u00e9ta) vagy sportol\u00e1s el\u00f5tt. C\u00e9lszer\u00fb valamilyen \u00edzes\u00edtett folyad\u00e9kba belekeverni a kellemesebb \u00edzhat\u00e1s\u00e9rt \u00e9s lehet\u00f5leg kev\u00e9s folyad\u00e9kkal (kb. 2 dl), egy h\u00faz\u00e1sra meginni.<br \/>\nFigyelmeztet\u00e9s:\u00a0Figyelmeztet\u00e9s: Az \u00e9trend-kieg\u00e9sz\u00edt\u00f5 fogyaszt\u00e1s nem helyettes\u00edti a kiegyens\u00falyozott, v\u00e1ltozatos, vegyes \u00e9trendet \u00e9s az eg\u00e9szs\u00e9ges \u00e9letm\u00f3dot. A napi aj\u00e1nlott mennyis\u00e9get ne l\u00e9pje t\u00fal! Ne szedje a k\u00e9sz\u00edtm\u00e9nyt, ha az \u00f6sszetev\u00f5k b\u00e1rmelyik\u00e9re \u00e9rz\u00e9keny vagy allergi\u00e1s. Gyermekek el\u00f5tt elz\u00e1rva t\u00e1roland\u00f3. Gondosan z\u00e1rja vissza csomagot, mivel nedvess\u00e9g hat\u00e1s\u00e1ra k\u00f6nnyen \u00f6sszecsom\u00f3sodik.<br \/>\nEgy\u00e9b allerg\u00e9n inform\u00e1ci\u00f3:\u00a0Nyomokban f\u00f6ldimogyor\u00f3t, di\u00f3f\u00e9l\u00e9ket \u00e9s szez\u00e1mmagot tartalmazhat.<\/p>\n","protected":false},"excerpt":{"rendered":"<p>&nbsp; R\u00e9szletes term\u00e9kel\u00edr\u00e1s ? \u00edz\u00fcleti t\u00e1mogat\u00e1s ? b\u00f5r rugalmass\u00e1ga \u00e9s hidrat\u00e1l\u00e1sa ? csontok t\u00e1mogat\u00e1sa A Nordvital Csirkeporc Kollag\u00e9n \u00cdz\u00fclet Komplex egy kiv\u00e9teles t\u00e1pl\u00e1l\u00e9kkieg\u00e9sz\u00edt\u00f5, amely a csirkeporc kollag\u00e9n erej\u00e9t kombin\u00e1lja m\u00e1s hat\u00f3anyagokkal az \u00edz\u00fcletek eg\u00e9szs\u00e9g\u00e9nek t\u00e1mogat\u00e1s\u00e1\u00e9rt. A magas min\u00f5s\u00e9g\u00fb csirkeporc kollag\u00e9n term\u00e9k az \u00edz\u00fcletek rugalmass\u00e1g\u00e1hoz \u00e9s mobilit\u00e1s\u00e1hoz. A formul\u00e1ban tal\u00e1lhat\u00f3 egy\u00e9b \u00f6sszetev\u00f5k, p\u00e9ld\u00e1ul gl\u00fck\u00f3zamin, kondroitin \u00e9s [&hellip;]<\/p>\n","protected":false},"featured_media":5793,"comment_status":"closed","ping_status":"open","template":"","meta":[],"product_cat":[61],"product_tag":[],"class_list":{"0":"post-5792","1":"product","2":"type-product","3":"status-publish","4":"has-post-thumbnail","6":"product_brand-nordvital","7":"product_cat-etrend-kiegeszitok","9":"first","10":"instock","11":"purchasable","12":"product-type-simple"},"_links":{"self":[{"href":"https:\/\/vitamin.coredesign.hu\/index.php?rest_route=\/wp\/v2\/product\/5792","targetHints":{"allow":["GET"]}}],"collection":[{"href":"https:\/\/vitamin.coredesign.hu\/index.php?rest_route=\/wp\/v2\/product"}],"about":[{"href":"https:\/\/vitamin.coredesign.hu\/index.php?rest_route=\/wp\/v2\/types\/product"}],"replies":[{"embeddable":true,"href":"https:\/\/vitamin.coredesign.hu\/index.php?rest_route=%2Fwp%2Fv2%2Fcomments&post=5792"}],"wp:featuredmedia":[{"embeddable":true,"href":"https:\/\/vitamin.coredesign.hu\/index.php?rest_route=\/wp\/v2\/media\/5793"}],"wp:attachment":[{"href":"https:\/\/vitamin.coredesign.hu\/index.php?rest_route=%2Fwp%2Fv2%2Fmedia&parent=5792"}],"wp:term":[{"taxonomy":"product_cat","embeddable":true,"href":"https:\/\/vitamin.coredesign.hu\/index.php?rest_route=%2Fwp%2Fv2%2Fproduct_cat&post=5792"},{"taxonomy":"product_tag","embeddable":true,"href":"https:\/\/vitamin.coredesign.hu\/index.php?rest_route=%2Fwp%2Fv2%2Fproduct_tag&post=5792"}],"curies":[{"name":"wp","href":"https:\/\/api.w.org\/{rel}","templated":true}]}}