{"id":5770,"date":"2025-10-12T12:31:33","date_gmt":"2025-10-12T10:31:33","guid":{"rendered":"https:\/\/vitamin.coredesign.hu\/?product=stilla-sleep-etrend-kiegeszito-cseppek-30ml"},"modified":"2026-01-08T23:28:44","modified_gmt":"2026-01-08T22:28:44","slug":"stilla-sleep-etrend-kiegeszito-cseppek-30ml","status":"publish","type":"product","link":"https:\/\/vitamin.coredesign.hu\/?product=stilla-sleep-etrend-kiegeszito-cseppek-30ml","title":{"rendered":"Stilla <b>Sleep<\/b> -\u00e9trend-kieg\u00e9sz\u00edt\u0151 cseppek  -30ml"},"content":{"rendered":"<p>&nbsp;<\/p>\n<div id=\"lt-accessibility-devtools\" aria-hidden=\"true\"><\/div>\n<p><span style=\"color: #424242;\"><span style=\"font-family: Arial, serif;\"><span style=\"font-size: x-large;\"><b>Stilla Sleep<\/b><\/span><\/span><\/span><\/p>\n<p>&nbsp;<\/p>\n<p><span style=\"color: #424242;\"><span style=\"font-family: Arial, serif;\"><span style=\"font-size: large;\"><b>V\u00edzb\u00e1zis\u00fa, magas felsz\u00edv\u00f3d\u00e1s\u00fa \u00e9trend-kieg\u00e9sz\u00edt\u0151 cseppek.<\/b><\/span><\/span><\/span><\/p>\n<p><span style=\"color: #424242;\"><span style=\"font-family: Arial, serif;\"><span style=\"font-size: large;\">Az alv\u00e1st kutat\u00f3 neurol\u00f3gusok egyet\u00e9rtenek abban, hogy az alv\u00e1s min\u0151s\u00e9ge \u00e9s mennyis\u00e9ge nemcsak a napi teljes\u00edtm\u00e9ny\u00fcnkre, de a hossz\u00fat\u00e1v\u00fa \u00e9letkil\u00e1t\u00e1sainkra, s\u0151t, \u00e9lettartamunkra is hat\u00e1ssal van. Eszerint a rendszeres \u00e9s pihentet\u0151, 7-8 \u00f3r\u00e1nyi alv\u00e1s minden 24 \u00f3r\u00e1ban k\u00edv\u00e1natos. Ez alatt az id\u0151 alatt az alv\u00e1sciklusok \u2014 benne a m\u00e9lyalv\u00e1s, \u00e1lom \u2014 v\u00e1ltakoz\u00e1sa gondoskodik mind az elme, mind a test sz\u00fcks\u00e9ges meg\u00fajul\u00e1s\u00e1r\u00f3l.<\/span><\/span><\/span><\/p>\n<p><span style=\"color: #424242;\"><span style=\"font-family: Arial, serif;\"><span style=\"font-size: large;\">Sokszor \u00e9ppen az a napi stresszmennyis\u00e9g akad\u00e1lyoz meg minket a megfelel\u0151 mennyis\u00e9g\u0171 \u00e9s min\u0151s\u00e9g\u0171 alv\u00e1sban, amelyet az alv\u00e1s seg\u00edts\u00e9g\u00e9vel kellene feldolgoznunk. Az altat\u00f3k sajnos nem hatolnak a probl\u00e9ma gy\u00f6ker\u00e9ig, hiszen az alv\u00e1sciklusok v\u00e1ltakoz\u00e1sa helyett ink\u00e1bb egy folyamatos m\u00e9ly\u00e1lom-f\u00e1zisba juttatnak el (\u201cki\u00fctnek\u201d) \u2014 \u00edgy a nap sor\u00e1n begy\u0171jt\u00f6tt, k\u00fcl\u00f6nf\u00e9le szoci\u00e1lis \u00e9s stresszingereket nem tudjuk eredm\u00e9nyesen feldolgozni (ezek feldolgoz\u00e1sa els\u0151sorban az \u00e1lomf\u00e1zisok sor\u00e1n megy v\u00e9gbe).<\/span><\/span><\/span><\/p>\n<p><span style=\"color: #424242;\"><span style=\"font-family: Arial, serif;\"><span style=\"font-size: large;\">A Stilla Sleep term\u00e9szetes \u00f6sszetev\u0151it \u00fagy szelekt\u00e1ltuk \u00e9s kombin\u00e1ltuk, hogy azok az elme \u00e9s a test egyidej\u0171, szel\u00edd lecsendes\u00edt\u00e9s\u00e9vel val\u00f3ban pihentet\u0151, term\u00e9szetes ciklusokban zajl\u00f3 alv\u00e1s\u00e9lm\u00e9nyt seg\u00edthessenek el\u0151.<\/span><\/span><\/span><\/p>\n<p><span style=\"color: #424242;\"><span style=\"font-family: Arial, serif;\"><span style=\"font-size: large;\">A Stilla Sleep hat\u00f3anyagai k\u00f6z\u00e9 tartoznak t\u00f6bbek k\u00f6z\u00f6tt az ayurveda hagyom\u00e1ny\u00e1ban j\u00f3l ismert Withania somnifera (\u201eashwagandha \u201d, \u201eindiai ginzeng\u201d) \u00e9s Rhodiola Rosea (\u201earanygy\u00f6k\u00e9r\u201d), a nyugati gy\u00f3gy\u00e1szatban is meghat\u00e1roz\u00f3 magn\u00e9zium legjobban hasznosul\u00f3 form\u00e1ja (magn\u00e9zium-biszglicin\u00e1t), valamint az L-arginin aminosav \u00e9s az inozitol is. A Stilla Sleep az eg\u00e9szs\u00e9ges alv\u00e1st \u00e9s az alv\u00e1s k\u00f6zbeni fizikai \u00e9s szellemi regener\u00e1ci\u00f3t egyar\u00e1nt t\u00e1mogathatja.<\/span><\/span><\/span><\/p>\n<p><span style=\"color: #424242;\"><span style=\"font-family: Arial, serif;\"><span style=\"font-size: large;\">\u00c9bredj \u00fagy, ahogy mindig is szerett\u00e9l volna!<br \/>\n<\/span><\/span><\/span><span style=\"color: #424242;\"><span style=\"font-family: Arial, serif;\"><span style=\"font-size: large;\"><b>Figyelmeztet\u00e9s:<\/b><\/span><\/span><\/span><span style=\"color: #424242;\"><span style=\"font-family: Arial, serif;\"><span style=\"font-size: large;\">\u00a0Szoptat\u00e1si id\u0151szak alatt fogyaszt\u00e1sa nem aj\u00e1nlott!<\/span><\/span><\/span><\/p>\n<p><span style=\"color: #424242;\"><span style=\"font-family: Arial, serif;\"><span style=\"font-size: large;\"><b>Aj\u00e1nlott fogyaszt\u00e1sa:<\/b><\/span><\/span><\/span><span style=\"color: #424242;\"><span style=\"font-family: Arial, serif;\"><span style=\"font-size: large;\">\u00a0lefekv\u00e9s el\u0151tt f\u00e9l \u2013 egy \u00f3r\u00e1val<br \/>\n<\/span><\/span><\/span><span style=\"color: #424242;\"><span style=\"font-family: Arial, serif;\"><span style=\"font-size: large;\"><b>A Sleep egyidej\u0171leg kombin\u00e1lhat\u00f3 a k\u00f6vetkez\u0151 term\u00e9kekkel:<\/b><\/span><\/span><\/span><\/p>\n<ul>\n<li><span style=\"color: #424242;\"><span style=\"font-family: Arial, serif;\"><span style=\"font-size: large;\">Neuro Mg<\/span><\/span><\/span><\/li>\n<li><span style=\"color: #424242;\"><span style=\"font-family: Arial, serif;\"><span style=\"font-size: large;\">Fulvotikum<\/span><\/span><\/span><\/li>\n<\/ul>\n<p><a name=\"_GoBack\"><\/a><span style=\"color: #424242;\"><span style=\"font-family: Arial, serif;\"><span style=\"font-size: large;\"><b>Adagol\u00e1s:<\/b><\/span><\/span><\/span><span style=\"color: #424242;\"><span style=\"font-family: Arial, serif;\"><span style=\"font-size: large;\"> 20 csepp (1 ml) naponta, 1 \u00fcveg = 30 napos adag.<\/span><\/span><\/span><span style=\"color: #424242;\"><span style=\"font-family: Arial, serif;\"><span style=\"font-size: large;\"><br \/>\n<\/span><\/span><\/span><span style=\"color: #424242;\"><span style=\"font-family: Arial, serif;\"><span style=\"font-size: large;\">Haszn\u00e1lat el\u0151tt felr\u00e1zand\u00f3.<\/span><\/span><\/span><\/p>\n","protected":false},"excerpt":{"rendered":"<p>A Stilla Sleep term\u00e9szetes \u00f6sszetev\u0151it \u00fagy szelekt\u00e1ltuk \u00e9s kombin\u00e1ltuk, hogy azok az elme \u00e9s a test egyidej\u0171, szel\u00edd lecsendes\u00edt\u00e9s\u00e9vel val\u00f3ban pihentet\u0151, term\u00e9szetes ciklusokban zajl\u00f3 alv\u00e1s\u00e9lm\u00e9nyt seg\u00edtsenek el\u0151.<br \/>\nFigyelmeztet\u00e9s: Szoptat\u00e1si id\u0151szak alatt fogyaszt\u00e1sa nem aj\u00e1nlott!<\/p>\n","protected":false},"featured_media":5771,"comment_status":"closed","ping_status":"open","template":"","meta":[],"product_cat":[61],"product_tag":[],"class_list":{"0":"post-5770","1":"product","2":"type-product","3":"status-publish","4":"has-post-thumbnail","6":"product_brand-stilla","7":"product_cat-etrend-kiegeszitok","9":"first","10":"instock","11":"purchasable","12":"product-type-simple"},"_links":{"self":[{"href":"https:\/\/vitamin.coredesign.hu\/index.php?rest_route=\/wp\/v2\/product\/5770","targetHints":{"allow":["GET"]}}],"collection":[{"href":"https:\/\/vitamin.coredesign.hu\/index.php?rest_route=\/wp\/v2\/product"}],"about":[{"href":"https:\/\/vitamin.coredesign.hu\/index.php?rest_route=\/wp\/v2\/types\/product"}],"replies":[{"embeddable":true,"href":"https:\/\/vitamin.coredesign.hu\/index.php?rest_route=%2Fwp%2Fv2%2Fcomments&post=5770"}],"wp:featuredmedia":[{"embeddable":true,"href":"https:\/\/vitamin.coredesign.hu\/index.php?rest_route=\/wp\/v2\/media\/5771"}],"wp:attachment":[{"href":"https:\/\/vitamin.coredesign.hu\/index.php?rest_route=%2Fwp%2Fv2%2Fmedia&parent=5770"}],"wp:term":[{"taxonomy":"product_cat","embeddable":true,"href":"https:\/\/vitamin.coredesign.hu\/index.php?rest_route=%2Fwp%2Fv2%2Fproduct_cat&post=5770"},{"taxonomy":"product_tag","embeddable":true,"href":"https:\/\/vitamin.coredesign.hu\/index.php?rest_route=%2Fwp%2Fv2%2Fproduct_tag&post=5770"}],"curies":[{"name":"wp","href":"https:\/\/api.w.org\/{rel}","templated":true}]}}