{"id":5759,"date":"2025-10-12T12:31:33","date_gmt":"2025-10-12T10:31:33","guid":{"rendered":"https:\/\/vitamin.coredesign.hu\/?product=stilla-memory-memoriat-es-koncentraciot-tamogato-cseppek-30ml"},"modified":"2026-01-08T23:28:38","modified_gmt":"2026-01-08T22:28:38","slug":"stilla-memory-memoriat-es-koncentraciot-tamogato-cseppek-30ml","status":"publish","type":"product","link":"https:\/\/vitamin.coredesign.hu\/?product=stilla-memory-memoriat-es-koncentraciot-tamogato-cseppek-30ml","title":{"rendered":"Stilla <b>Memory<\/b> -Mem\u00f3ri\u00e1t \u00e9s koncentr\u00e1ci\u00f3t t\u00e1mogat\u00f3 cseppek -30ml"},"content":{"rendered":"<p>&nbsp;<\/p>\n<div id=\"lt-accessibility-devtools\" aria-hidden=\"true\"><\/div>\n<p><span style=\"color: #424242;\"><span style=\"font-family: Arial, serif;\"><span style=\"font-size: x-large;\"><b>Stilla Memory<\/b><\/span><\/span><\/span><\/p>\n<p>&nbsp;<\/p>\n<p><span style=\"color: #424242;\"><span style=\"font-family: Arial, serif;\"><span style=\"font-size: large;\"><b>V\u00edzb\u00e1zis\u00fa, magas felsz\u00edv\u00f3d\u00e1s\u00fa \u00e9trend-kieg\u00e9sz\u00edt\u0151 cseppek.<\/b><\/span><\/span><\/span><\/p>\n<p><span style=\"color: #424242;\"><span style=\"font-family: Arial, serif;\"><span style=\"font-size: large;\">A szellemi fitts\u00e9g\u00fcnk megtart\u00e1s\u00e1ra kevesebb figyelmet ford\u00edtunk, mint a fizikai er\u0151nl\u00e9t\u00fcnkre, pedig megfelel\u0151 akt\u00edv komponensek bevitel\u00e9vel a ment\u00e1lis funkci\u00f3k jav\u00edthat\u00f3k, fenntarthat\u00f3k.<br \/>\n\u00c9letkorunkt\u00f3l f\u00fcggetlen\u00fcl is javasolt a ment\u00e1lis eg\u00e9szs\u00e9g\u00fcnk fenntart\u00e1sa a kognit\u00edv funkci\u00f3k jav\u00edt\u00e1sa \u00e9rdek\u00e9ben. Napjainkban a t\u00e1rsadalmat sz\u00e9lesk\u00f6r\u0171en \u00e9rinti\u00a0<\/span><\/span><\/span><span style=\"color: #424242;\"><span style=\"font-family: Arial, serif;\"><span style=\"font-size: large;\"><b>a szellemi kimer\u00fclts\u00e9g, a mem\u00f3ria- \u00e9s alv\u00e1szavarok<\/b><\/span><\/span><\/span><span style=\"color: #424242;\"><span style=\"font-family: Arial, serif;\"><span style=\"font-size: large;\">. Sokan \u00fagy gondolj\u00e1k, hogy az agy kering\u00e9si zavarai csak 50 \u00e9ves kor felett okoznak probl\u00e9m\u00e1kat, de a neurol\u00f3gusok \u00e1ll\u00edtj\u00e1k, hogy 35 \u00e9v felett m\u00e1r mindenkit \u00e9rinthet az agy kognit\u00edv k\u00e1rosod\u00e1sa.<br \/>\nM\u00e9g az enyhe\u00a0<\/span><\/span><\/span><span style=\"color: #424242;\"><span style=\"font-family: Arial, serif;\"><span style=\"font-size: large;\"><b>koronav\u00edrus (SARS-CoV-2)<\/b><\/span><\/span><\/span><span style=\"color: #424242;\"><span style=\"font-family: Arial, serif;\"><span style=\"font-size: large;\">\u00a0fert\u0151z\u00e9st \u00e1t\u00e9l\u0151k k\u00f6z\u00fcl is t\u00f6bben panaszkodnak fennmarad\u00f3 idegrendszeri t\u00fcnetekre. Sokakn\u00e1l jelentkezik koncentr\u00e1ci\u00f3s neh\u00e9zs\u00e9g, mem\u00f3riazavar, az \u00fan.\u00a0<\/span><\/span><\/span><span style=\"color: #424242;\"><span style=\"font-family: Arial, serif;\"><span style=\"font-size: large;\"><b>\u201cagyik\u00f6d\u201d<\/b><\/span><\/span><\/span><span style=\"color: #424242;\"><span style=\"font-family: Arial, serif;\"><span style=\"font-size: large;\">.<br \/>\nA kor el\u0151rehaladt\u00e1val nehezebb p\u00f3tolni a vitaminokat, mert ha eleget is vesz\u00fcnk magunkhoz bel\u0151le az \u00e9tkez\u00e9ssel, az id\u0151sebb szervezet m\u00e1r nem tudja olyan m\u00e9rt\u00e9kben felsz\u00edvni. Ez\u00e9rt is nagyon fontos biol\u00f3giailag j\u00f3l hasznosul\u00f3 form\u00e1t bevinni a szervezetbe.<br \/>\nA ment\u00e1lis eg\u00e9szs\u00e9g fenntart\u00e1sa \u00e9rdek\u00e9ben adaptog\u00e9n n\u00f6v\u00e9nyi akt\u00edv komponenseket haszn\u00e1lunk, ami seg\u00edthet n\u00f6velni a napi stresszel szembeni \u00e1ltal\u00e1nos ellen\u00e1ll\u00e1st.<br \/>\nA\u00a0<\/span><\/span><\/span><span style=\"color: #424242;\"><span style=\"font-family: Arial, serif;\"><span style=\"font-size: large;\"><b>MEMORY<\/b><\/span><\/span><\/span><span style=\"color: #424242;\"><span style=\"font-family: Arial, serif;\"><span style=\"font-size: large;\">\u00a0egyik kiemelked\u0151 hat\u00f3anyaga, a\u00a0<\/span><\/span><\/span><span style=\"color: #424242;\"><span style=\"font-family: Arial, serif;\"><span style=\"font-size: large;\"><b>citikolin<\/b><\/span><\/span><\/span><span style=\"color: #424242;\"><span style=\"font-family: Arial, serif;\"><span style=\"font-size: large;\">, ami a neurotranszmitterek (inger\u00fclet\u00e1tviv\u0151 anyagok) k\u00f6z\u00e9 tartozik. Ezeknek az anyagoknak az a feladatuk, hogy jelet tov\u00e1bb\u00edtsanak k\u00e9t idegsejt k\u00f6z\u00f6tt, teh\u00e1t el\u0151seg\u00edts\u00e9k az agysejtek kommunik\u00e1ci\u00f3j\u00e1t. A citikolin is egy ilyen jeltov\u00e1bb\u00edt\u00f3 anyag, amely fontos szerepet j\u00e1tszik a logikus gondolkod\u00e1s, a figyelem \u00e9s a mem\u00f3ria eg\u00e9szs\u00e9ges m\u0171k\u00f6d\u00e9s\u00e9ben. Ahogy id\u0151s\u00f6dik az ember, \u00fagy cs\u00f6kken az agyban a citikolin szintje, ezzel p\u00e1rhuzamosan pedig romlik a mem\u00f3ria \u00e9s a koncentr\u00e1ci\u00f3k\u00e9pess\u00e9g. A citikolin v\u00edzold\u00e9kony \u00e9s gyorsan bejut az agyba, a tanulm\u00e1nyok azt mutatj\u00e1k, hogy csaknem 100% -os biol\u00f3giai hozz\u00e1f\u00e9rhet\u0151s\u00e9g van a szervezetben.<br \/>\nKutat\u00e1saink sor\u00e1n egyedi kombin\u00e1ci\u00f3 alapj\u00e1n alkottuk meg a szellemi frissess\u00e9get t\u00e1mogat\u00f3 akt\u00edv komponenseket tartalmaz\u00f3\u00a0<\/span><\/span><\/span><span style=\"color: #424242;\"><span style=\"font-family: Arial, serif;\"><span style=\"font-size: large;\"><b>MEMORY<\/b><\/span><\/span><\/span><span style=\"color: #424242;\"><span style=\"font-family: Arial, serif;\"><span style=\"font-size: large;\">\u00a0cseppeket.<\/span><\/span><\/span><\/p>\n<p>&nbsp;<\/p>\n<p><span style=\"color: #424242;\"><span style=\"font-family: Arial, serif;\"><span style=\"font-size: large;\"><b>Figyelmeztet\u00e9s:<\/b><\/span><\/span><\/span><span style=\"color: #424242;\"><span style=\"font-family: Arial, serif;\"><span style=\"font-size: large;\">\u00a0Szoptat\u00e1si id\u0151szak alatt fogyaszt\u00e1sa nem aj\u00e1nlott!<\/span><\/span><\/span><\/p>\n<p>&nbsp;<\/p>\n<p><span style=\"color: #424242;\"><span style=\"font-family: Arial, serif;\"><span style=\"font-size: large;\"><b>Aj\u00e1nlott fogyaszt\u00e1sa:<\/b><\/span><\/span><\/span><span style=\"color: #424242;\"><span style=\"font-family: Arial, serif;\"><span style=\"font-size: large;\">\u00a0a legjobb felsz\u00edv\u00f3d\u00e1s \u00e9rdek\u00e9ben \u00e9rdemes a reggeli, d\u00e9lel\u0151tti, vagy kora d\u00e9lut\u00e1ni \u00f3r\u00e1kban fogyasztani<br \/>\n<\/span><\/span><\/span><b><\/b><\/p>\n<p>&nbsp;<\/p>\n<p><span style=\"color: #424242;\"><span style=\"font-family: Arial, serif;\"><span style=\"font-size: large;\"><b>A Memory egyidej\u0171leg kombin\u00e1lhat\u00f3 a k\u00f6vetkez\u0151 term\u00e9kekkel:<\/b><\/span><\/span><\/span><\/p>\n<ul>\n<li><span style=\"color: #424242;\"><span style=\"font-family: Arial, serif;\"><span style=\"font-size: large;\">Immunity<\/span><\/span><\/span><\/li>\n<li><a name=\"_GoBack\"><\/a> <span style=\"color: #424242;\"><span style=\"font-family: Arial, serif;\"><span style=\"font-size: large;\">C+D+Zn<\/span><\/span><\/span><\/li>\n<li><span style=\"color: #424242;\"><span style=\"font-family: Arial, serif;\"><span style=\"font-size: large;\">Fulvotikum<\/span><\/span><\/span><\/li>\n<li><span style=\"color: #424242;\"><span style=\"font-family: Arial, serif;\"><span style=\"font-size: large;\">Mom Power<\/span><\/span><\/span><\/li>\n<li><span style=\"color: #424242;\"><span style=\"font-family: Arial, serif;\"><span style=\"font-size: large;\">Neuro Mg<\/span><\/span><\/span><\/li>\n<\/ul>\n<p>&nbsp;<\/p>\n<p><span style=\"color: #424242;\"><span style=\"font-family: Arial, serif;\"><span style=\"font-size: large;\"><b>Adagol\u00e1s:<\/b><\/span><\/span><\/span><span style=\"color: #424242;\"><span style=\"font-family: Arial, serif;\"><span style=\"font-size: large;\"> mem\u00f3ria zavarok eset\u00e9n 20 csepp (1 ml) naponta. 1 \u00fcveg = 30 napos adag.<\/span><\/span><\/span><span style=\"color: #424242;\"><span style=\"font-family: Arial, serif;\"><span style=\"font-size: large;\"><br \/>\n<\/span><\/span><\/span><span style=\"color: #424242;\"><span style=\"font-family: Arial, serif;\"><span style=\"font-size: large;\">Haszn\u00e1lat el\u0151tt felr\u00e1zand\u00f3.<\/span><\/span><\/span><\/p>\n","protected":false},"excerpt":{"rendered":"<p>A Stilla Memory cseppekkel gondoskodhatsz a ment\u00e1lis funkci\u00f3k megfelel\u0151 m\u0171k\u00f6d\u00e9s\u00e9r\u0151l hossz\u00fa t\u00e1von is.<\/p>\n","protected":false},"featured_media":5760,"comment_status":"closed","ping_status":"open","template":"","meta":[],"product_cat":[61],"product_tag":[],"class_list":{"0":"post-5759","1":"product","2":"type-product","3":"status-publish","4":"has-post-thumbnail","6":"product_brand-stilla","7":"product_cat-etrend-kiegeszitok","9":"first","10":"instock","11":"purchasable","12":"product-type-simple"},"_links":{"self":[{"href":"https:\/\/vitamin.coredesign.hu\/index.php?rest_route=\/wp\/v2\/product\/5759","targetHints":{"allow":["GET"]}}],"collection":[{"href":"https:\/\/vitamin.coredesign.hu\/index.php?rest_route=\/wp\/v2\/product"}],"about":[{"href":"https:\/\/vitamin.coredesign.hu\/index.php?rest_route=\/wp\/v2\/types\/product"}],"replies":[{"embeddable":true,"href":"https:\/\/vitamin.coredesign.hu\/index.php?rest_route=%2Fwp%2Fv2%2Fcomments&post=5759"}],"wp:featuredmedia":[{"embeddable":true,"href":"https:\/\/vitamin.coredesign.hu\/index.php?rest_route=\/wp\/v2\/media\/5760"}],"wp:attachment":[{"href":"https:\/\/vitamin.coredesign.hu\/index.php?rest_route=%2Fwp%2Fv2%2Fmedia&parent=5759"}],"wp:term":[{"taxonomy":"product_cat","embeddable":true,"href":"https:\/\/vitamin.coredesign.hu\/index.php?rest_route=%2Fwp%2Fv2%2Fproduct_cat&post=5759"},{"taxonomy":"product_tag","embeddable":true,"href":"https:\/\/vitamin.coredesign.hu\/index.php?rest_route=%2Fwp%2Fv2%2Fproduct_tag&post=5759"}],"curies":[{"name":"wp","href":"https:\/\/api.w.org\/{rel}","templated":true}]}}