{"id":5755,"date":"2025-10-12T12:31:33","date_gmt":"2025-10-12T10:31:33","guid":{"rendered":"https:\/\/vitamin.coredesign.hu\/?product=stilla-fulvoticum-etrendkiegeszito-cseppek-30ml"},"modified":"2026-01-08T23:28:36","modified_gmt":"2026-01-08T22:28:36","slug":"stilla-fulvoticum-etrendkiegeszito-cseppek-30ml","status":"publish","type":"product","link":"https:\/\/vitamin.coredesign.hu\/?product=stilla-fulvoticum-etrendkiegeszito-cseppek-30ml","title":{"rendered":"Stilla <b>Fulvoticum<\/b> \u00e9trendkieg\u00e9sz\u00edt\u0151 cseppek -30ml"},"content":{"rendered":"<p>&nbsp;<\/p>\n<div id=\"lt-accessibility-devtools\" aria-hidden=\"true\"><\/div>\n<p><span style=\"color: #424242;\"><span style=\"font-family: Arial, serif;\"><span style=\"font-size: x-large;\"><b>Stilla Fulvoticum<\/b><\/span><\/span><\/span><\/p>\n<p>&nbsp;<\/p>\n<p><span style=\"color: #424242;\"><span style=\"font-family: Arial, serif;\"><span style=\"font-size: large;\"><b>V\u00edzb\u00e1zis\u00fa, magas felsz\u00edv\u00f3d\u00e1s\u00fa \u00e9trend-kieg\u00e9sz\u00edt\u0151 cseppek.<\/b><\/span><\/span><\/span><\/p>\n<p>&nbsp;<\/p>\n<p><span style=\"color: #424242;\"><span style=\"font-family: Arial, serif;\"><span style=\"font-size: large;\"><b>A fulvosavakr\u00f3l:<\/b><\/span><\/span><\/span><\/p>\n<p><span style=\"color: #424242;\"><span style=\"font-family: Arial, serif;\"><span style=\"font-size: large;\">A fulvosavak olyan k\u00e9miai vegy\u00fcletek, amelyek akkor keletkeznek, amikor a talajban l\u00e9v\u0151 mikroorganizmusok hossz\u00fa id\u0151n kereszt\u00fcl lebontj\u00e1k a n\u00f6v\u00e9nyi anyagokat. Egyes esetekben ez a folyamat \u00e9vsz\u00e1zadokig is eltarthat. A fulvosavak megtal\u00e1lhat\u00f3ak agyagban, homokban, hegyi szikl\u00e1kban \u00e9s iszapban. Att\u00f3l f\u00fcgg\u0151en, hogy honnan sz\u00e1rmaznak, k\u00fcl\u00f6nb\u00f6z\u0151 tulajdons\u00e1gokkal rendelkeznek.<br \/>\nA fulvosavakat leggyakrabban a shilajitban, a himal\u00e1jai hegyi szikl\u00e1kban tal\u00e1lhat\u00f3 k\u00e1tr\u00e1nyszer\u0171, ragad\u00f3s anyagban tal\u00e1lt\u00e1k meg. A shilajitot \u00e9vezredek \u00f3ta haszn\u00e1lj\u00e1k a hagyom\u00e1nyos, keleti \u00e9s ayurv\u00e9dikus gy\u00f3gy\u00e1szatban. Indi\u00e1ban \u00e9s Nep\u00e1lban fiatal\u00edt\u00f3 \u00e9s \u00f6reged\u00e9sg\u00e1tl\u00f3 tulajdons\u00e1gai miatt n\u00e9pszer\u0171.<\/span><\/span><\/span><\/p>\n<p><span style=\"color: #424242;\"><span style=\"font-family: Arial, serif;\"><span style=\"font-size: large;\">A fulvosavak molekula csal\u00e1dj\u00e1nak egyik saj\u00e1toss\u00e1ga, hogy k\u00e9pesek tulajdons\u00e1gaikat v\u00e1ltoztatni, m\u00f3dos\u00edtani. A fulvosavak gyakorlatilag minden m\u00e1s szervetlen \u00e9s szerves anyaggal reag\u00e1lni k\u00e9pesek, aminek k\u00f6vetkezt\u00e9ben sz\u00fcks\u00e9g eset\u00e9n egyar\u00e1nt<br \/>\n\u2022 k\u00e9pesek antioxid\u00e1nsk\u00e9nt viselkedni (megk\u00f6tni a testben a szabadgy\u00f6k\u00f6ket)<br \/>\n\u2022 k\u00e9pesek elektrolitk\u00e9nt viselkedni<br \/>\n\u2022 k\u00e9pesek t\u00e1panyagot sz\u00e1ll\u00edtani<br \/>\n\u2022 k\u00e9pesek sejteket hidrat\u00e1lni<br \/>\n\u2022 k\u00e9pesek t\u00e1panyagok felsz\u00edv\u00f3d\u00e1s\u00e1t el\u0151seg\u00edteni, \u00e9s ha mindez m\u00e9g nem lenne el\u00e9g<br \/>\n\u2022 megk\u00f6tik a testben felhalmoz\u00f3dott neh\u00e9zf\u00e9meket<\/span><\/span><\/span><\/p>\n<p>&nbsp;<\/p>\n<p><span style=\"color: #424242;\"><span style=\"font-family: Arial, serif;\"><span style=\"font-size: large;\">Mindebb\u0151l j\u00f3l l\u00e1tszik, hogy a fulvosavaknak jelent\u0151s, r\u00e1ad\u00e1sul igen soksz\u00edn\u0171 pozit\u00edv hat\u00e1sa lehet az emberi szervezet m\u0171k\u00f6d\u00e9s\u00e9re. Az antioxidat\u00edv folyamatok t\u00e1mogat\u00e1sa r\u00e9v\u00e9n megk\u00f6nny\u00edtheti a sejtmeg\u00fajul\u00e1st, hozz\u00e1j\u00e1rulhat a szervezet fiatalon tart\u00e1s\u00e1hoz, a vitaminok \u00e9s egy\u00e9b t\u00e1panyagok felsz\u00edv\u00f3d\u00e1s\u00e1nak serkent\u00e9s\u00e9vel pedig t\u00f6bbek k\u00f6z\u00f6tt az immunrendszer m\u0171k\u00f6d\u00e9s\u00e9t is t\u00e1mogathatja.<\/span><\/span><\/span><\/p>\n<p>&nbsp;<\/p>\n<p><span style=\"color: #424242;\"><span style=\"font-family: Arial, serif;\"><span style=\"font-size: large;\"><b>Aj\u00e1nlott fogyaszt\u00e1sa:<\/b><\/span><\/span><\/span><span style=\"color: #424242;\"><span style=\"font-family: Arial, serif;\"><span style=\"font-size: large;\">\u00a0b\u00e1rmely napszakban fogyaszthat\u00f3. Felbont\u00e1s ut\u00e1n h\u0171tve t\u00e1roland\u00f3! Javasolt a felbont\u00e1s ut\u00e1n 30 napon bel\u00fcl elfogyasztani!<\/span><\/span><\/span><\/p>\n<p>&nbsp;<\/p>\n<p><span style=\"color: #424242;\"><span style=\"font-family: Arial, serif;\"><span style=\"font-size: large;\"><b>Adagol\u00e1s:<\/b><\/span><\/span><\/span><span style=\"color: #424242;\"><span style=\"font-family: Arial, serif;\"><span style=\"font-size: large;\">\u00a020 csepp (1 ml) naponta, v\u00edzbe cseppentve<\/span><\/span><\/span><\/p>\n<p>&nbsp;<\/p>\n<p><span style=\"color: #424242;\"><span style=\"font-family: Arial, serif;\"><span style=\"font-size: large;\">A Fulvoticum egyidej\u0171leg kombin\u00e1lhat\u00f3 a k\u00f6vetkez\u0151 term\u00e9kekkel: b\u00e1rmely Stilla term\u00e9kkel<\/span><\/span><\/span><\/p>\n<p>&nbsp;<\/p>\n<p><span style=\"color: #424242;\"><span style=\"font-family: Arial, serif;\"><span style=\"font-size: large;\"><b>Figyelmeztet\u00e9s:<\/b><\/span><\/span><\/span><span style=\"color: #424242;\"><span style=\"font-family: Arial, serif;\"><span style=\"font-size: large;\">\u00a0Szoptat\u00e1si id\u0151szak alatt fogyaszt\u00e1sa nem aj\u00e1nlott!<\/span><\/span><\/span><\/p>\n","protected":false},"excerpt":{"rendered":"<p><strong>A szervezet m\u00e9regtelen\u00edt\u0151je<\/strong><\/p>\n<p>A fulvosav az egyik leger\u0151sebb, term\u00e9szetes t\u00e1pl\u00e1l\u00e9kkieg\u00e9sz\u00edt\u0151 a szervezet anyagcsere- \u00e9s gy\u00f3gy\u00edt\u00f3 funkci\u00f3inak fenntart\u00e1s\u00e1ra.<\/p>\n","protected":false},"featured_media":5756,"comment_status":"closed","ping_status":"open","template":"","meta":[],"product_cat":[61],"product_tag":[],"class_list":{"0":"post-5755","1":"product","2":"type-product","3":"status-publish","4":"has-post-thumbnail","6":"product_brand-stilla","7":"product_cat-etrend-kiegeszitok","9":"first","10":"instock","11":"purchasable","12":"product-type-simple"},"_links":{"self":[{"href":"https:\/\/vitamin.coredesign.hu\/index.php?rest_route=\/wp\/v2\/product\/5755","targetHints":{"allow":["GET"]}}],"collection":[{"href":"https:\/\/vitamin.coredesign.hu\/index.php?rest_route=\/wp\/v2\/product"}],"about":[{"href":"https:\/\/vitamin.coredesign.hu\/index.php?rest_route=\/wp\/v2\/types\/product"}],"replies":[{"embeddable":true,"href":"https:\/\/vitamin.coredesign.hu\/index.php?rest_route=%2Fwp%2Fv2%2Fcomments&post=5755"}],"wp:featuredmedia":[{"embeddable":true,"href":"https:\/\/vitamin.coredesign.hu\/index.php?rest_route=\/wp\/v2\/media\/5756"}],"wp:attachment":[{"href":"https:\/\/vitamin.coredesign.hu\/index.php?rest_route=%2Fwp%2Fv2%2Fmedia&parent=5755"}],"wp:term":[{"taxonomy":"product_cat","embeddable":true,"href":"https:\/\/vitamin.coredesign.hu\/index.php?rest_route=%2Fwp%2Fv2%2Fproduct_cat&post=5755"},{"taxonomy":"product_tag","embeddable":true,"href":"https:\/\/vitamin.coredesign.hu\/index.php?rest_route=%2Fwp%2Fv2%2Fproduct_tag&post=5755"}],"curies":[{"name":"wp","href":"https:\/\/api.w.org\/{rel}","templated":true}]}}