{"id":5728,"date":"2025-10-12T12:31:05","date_gmt":"2025-10-12T10:31:05","guid":{"rendered":"https:\/\/vitamin.coredesign.hu\/?product=gal-magnezium-biszglicinat-kapszula-utantolto"},"modified":"2026-01-08T23:28:19","modified_gmt":"2026-01-08T22:28:19","slug":"gal-magnezium-biszglicinat-kapszula-utantolto","status":"publish","type":"product","link":"https:\/\/vitamin.coredesign.hu\/?product=gal-magnezium-biszglicinat-kapszula-utantolto","title":{"rendered":"GAL Magn\u00e9zium-biszglicin\u00e1t kapszula UT\u00c1NT\u00d6LT\u0150"},"content":{"rendered":"<p>&nbsp;<\/p>\n<div id=\"lt-accessibility-devtools\" aria-hidden=\"true\"><\/div>\n<p><strong>Szerves magn\u00e9zium mell\u00e9khat\u00e1sok n\u00e9lk\u00fcl, glicinnel p\u00e1ros\u00edtva!<\/strong><\/p>\n<p>A GAL Magn\u00e9zium-biszglicin\u00e1t kapszul\u00e1ja a sz\u00fcks\u00e9ges mennyis\u00e9g\u0171 magn\u00e9zium<br \/>\nmellett glicinnel is ell\u00e1tja a szervezetet. Hat\u00e9kony \u00e9s k\u00edm\u00e9letes magn\u00e9ziumforr\u00e1s,<br \/>\nm\u00e9g az \u00e9rz\u00e9keny gyomr\u00faaknak sem okoz mell\u00e9khat\u00e1sokat.<\/p>\n<p><strong>A magn\u00e9zium az egyik legfontosabb \u00e1sv\u00e1nyi anyag<\/strong><\/p>\n<p>A magn\u00e9zium megtal\u00e1lhat\u00f3 a test \u00f6sszes sejtj\u00e9ben, szerepet j\u00e1tszik az anyagcsere<br \/>\nminden folyamat\u00e1ban, az idegrendszer kiegyens\u00falyozott m\u0171k\u00f6d\u00e9s\u00e9ben. Folyamatos<br \/>\np\u00f3tl\u00e1sra rendk\u00edv\u00fcl fontos, mivel a szervezet nem tudja el\u0151\u00e1ll\u00edtani. P\u00f3tl\u00e1sa biztos\u00edtja a<br \/>\nmegfelel\u0151 csontfejl\u0151d\u00e9st \u00e9s az eg\u00e9szs\u00e9ges csontozat, hiszen t\u00f6bb mint fele a<br \/>\ncsontokban t\u00e1rol\u00f3dik. Az izomzat eg\u00e9szs\u00e9ges m\u0171k\u00f6d\u00e9s\u00e9t is biztos\u00edtja, hozz\u00e1j\u00e1rul a<br \/>\nfogak er\u0151ss\u00e9g\u00e9hez. Jelent\u0151sen cs\u00f6kkenti a f\u00e1rad\u00e9konys\u00e1got, szerepet j\u00e1tszik a<br \/>\nkoncentr\u00e1ci\u00f3- \u00e9s viselked\u00e9szavarok megel\u0151z\u00e9s\u00e9ben, a pszichikai<br \/>\nkiegyens\u00falyozotts\u00e1g meg\u0151rz\u00e9s\u00e9ben.<\/p>\n<p><strong>A magn\u00e9ziumhi\u00e1ny t\u00fcnetei<\/strong><\/p>\n<p>Magn\u00e9ziumhi\u00e1ny legink\u00e1bb a helytelen t\u00e1pl\u00e1lkoz\u00e1s, a mozg\u00e1sszeg\u00e9ny \u00e9letm\u00f3d \u00e9s a<br \/>\nstressz miatt alakulhat ki, a t\u00falzott alkoholfogyaszt\u00e1s, a kezeletlen cukorbetegs\u00e9g, \u00e9s<br \/>\nbizonyos betegs\u00e9gek, h\u00e1ny\u00e1ssal, hasmen\u00e9ssel j\u00e1r\u00f3 fert\u0151z\u00e9sek is el\u0151id\u00e9zhetik.<br \/>\nEnyh\u00e9bb \u00e9s komolyabb t\u00fcnetek is jelentkezhetnek, f\u00fcgg\u0151en att\u00f3l, hogy a hi\u00e1ny\u00e1llapot<br \/>\nmilyen sok\u00e1ig \u00e1ll fenn. Els\u0151k\u00e9nt azok a sejtek k\u00e1rosodnak, amelyek k\u00fcl\u00f6n\u00f6sen sok<br \/>\nenergi\u00e1t haszn\u00e1lnak fel: az idegsejtek \u00e9s az izomsejtek.<\/p>\n<p><strong>Jellemz\u0151 hi\u00e1nyt\u00fcnetek:<\/strong><\/p>\n<ul>\n<li>izomg\u00f6rcs\u00f6k, izomf\u00e1jdalmak<\/li>\n<li>\u00a0szapora sz\u00edvver\u00e9s<\/li>\n<li>\u00a0sz\u00edvritmuszavar<\/li>\n<li>\u00a0kimer\u00fclts\u00e9g, gyenges\u00e9g<\/li>\n<li>\u00a0\u00e1lmatlans\u00e1g<\/li>\n<li>\u00a0fejf\u00e1j\u00e1s, migr\u00e9n<\/li>\n<li>\u00a0sz\u00e9d\u00fcl\u00e9s<\/li>\n<li>\u00a0\u00e9tv\u00e1gytalans\u00e1g, h\u00e1nyinger<\/li>\n<li>\u00a0neh\u00e9z koncentr\u00e1l\u00e1s<\/li>\n<li>\u00a0viselked\u00e9szavarok<\/li>\n<li>\u00a0depresszi\u00f3, letargia<\/li>\n<\/ul>\n<p><strong>A glicin az egyik legfontosabb aminosav<\/strong><\/p>\n<p>A glicin az enzimekben \u00e9s a feh\u00e9rj\u00e9kben tal\u00e1lhat\u00f3 aminosav, az emberi szervezetben<br \/>\nszinte minden ter\u00fcleten kifejti hat\u00e1s\u00e1t. Feh\u00e9rj\u00e9ket termel, amelyek a sz\u00f6veteket, a<br \/>\nszerveket, az \u00edz\u00fcleteket \u00e9s izmokat alkotja. Gy\u00f3gyhat\u00e1s\u00fa az em\u00e9szt\u0151rendszerre,<br \/>\nszab\u00e1lyozza a hormonokat, kontroll\u00e1lja a v\u00e9rcukorszintet. K\u00e9pes elt\u00e1vol\u00edtani a toxikus<br \/>\nanyagokat, kiv\u00e1l\u00f3 term\u00e9szetes m\u00e9regtelen\u00edt\u0151. Az idegrendszerre is hat: n\u00f6veli az<br \/>\nenergiaszintet, jav\u00edtja a mem\u00f3ri\u00e1t, oldja a szorong\u00e1st, pihentet\u0151, nyugodt alv\u00e1st<br \/>\nbiztos\u00edt.<\/p>\n","protected":false},"excerpt":{"rendered":"<p>Szerves magn\u00e9zium mell\u00e9khat\u00e1sok n\u00e9lk\u00fcl, glicinnel p\u00e1ros\u00edtva!<\/p>\n","protected":false},"featured_media":5729,"comment_status":"closed","ping_status":"open","template":"","meta":[],"product_cat":[73],"product_tag":[],"class_list":{"0":"post-5728","1":"product","2":"type-product","3":"status-publish","4":"has-post-thumbnail","6":"product_brand-gal","7":"product_cat-arvanyi-anyagok","9":"first","10":"instock","11":"purchasable","12":"product-type-simple"},"_links":{"self":[{"href":"https:\/\/vitamin.coredesign.hu\/index.php?rest_route=\/wp\/v2\/product\/5728","targetHints":{"allow":["GET"]}}],"collection":[{"href":"https:\/\/vitamin.coredesign.hu\/index.php?rest_route=\/wp\/v2\/product"}],"about":[{"href":"https:\/\/vitamin.coredesign.hu\/index.php?rest_route=\/wp\/v2\/types\/product"}],"replies":[{"embeddable":true,"href":"https:\/\/vitamin.coredesign.hu\/index.php?rest_route=%2Fwp%2Fv2%2Fcomments&post=5728"}],"wp:featuredmedia":[{"embeddable":true,"href":"https:\/\/vitamin.coredesign.hu\/index.php?rest_route=\/wp\/v2\/media\/5729"}],"wp:attachment":[{"href":"https:\/\/vitamin.coredesign.hu\/index.php?rest_route=%2Fwp%2Fv2%2Fmedia&parent=5728"}],"wp:term":[{"taxonomy":"product_cat","embeddable":true,"href":"https:\/\/vitamin.coredesign.hu\/index.php?rest_route=%2Fwp%2Fv2%2Fproduct_cat&post=5728"},{"taxonomy":"product_tag","embeddable":true,"href":"https:\/\/vitamin.coredesign.hu\/index.php?rest_route=%2Fwp%2Fv2%2Fproduct_tag&post=5728"}],"curies":[{"name":"wp","href":"https:\/\/api.w.org\/{rel}","templated":true}]}}