{"id":5635,"date":"2025-10-12T12:30:27","date_gmt":"2025-10-12T10:30:27","guid":{"rendered":"https:\/\/vitamin.coredesign.hu\/?product=dbh-zoldkagylo-61db-ajandek-csomagban"},"modified":"2026-01-08T23:27:23","modified_gmt":"2026-01-08T22:27:23","slug":"dbh-zoldkagylo-61db-ajandek-csomagban","status":"publish","type":"product","link":"https:\/\/vitamin.coredesign.hu\/?product=dbh-zoldkagylo-61db-ajandek-csomagban","title":{"rendered":"DBH Z\u00d6LDKAGYL\u00d3 6+1db aj\u00e1nd\u00e9k csomagban"},"content":{"rendered":"<p>&nbsp;<\/p>\n<div id=\"lt-accessibility-devtools\" aria-hidden=\"true\"><\/div>\n<p>A Deep Blue Health Z\u00d6LDKAGYL\u00d3 (Green Lipped Mussel) a tisztas\u00e1g\u00e1r\u00f3l vil\u00e1gszerte ismert \u00daj-Z\u00e9land vizeiben teny\u00e9sztett tarajos z\u00f6ldkagyl\u00f3t tartalmazza, a h\u00e9j n\u00e9lk\u00fcl.<\/p>\n<p>A kapszula 87,5 mg gl\u00fckozaminoglik\u00e1n (GAG),5f\u00e9le Omega 3, tov\u00e1bb\u00e1 komplex proteinek, vitaminok, \u00e1sv\u00e1nyi anyagok \u00e9s aminosavak gazdag forr\u00e1sa, melyek seg\u00edthetnek m\u00e9rs\u00e9kelni az \u00edz\u00fcleti f\u00e1jdalmakat \u00e9s diszkomfort \u00e9rz\u00e9seket.<\/p>\n<p>Egy doboz 100db 500mg-os kapszul\u00e1t tartalmaz.<\/p>\n<p><span data-contrast=\"auto\">Cs\u00f6kkenti a f\u00e1jdalmat a gyullad\u00e1s cs\u00f6kkent\u00e9se \u00fatj\u00e1n \u00daj-Z\u00e9land k\u00fcl\u00f6nleges term\u00e9ke, a Deep Blue Health Z\u00d6LDKAGYL\u00d3 (Green Lipped Mussel), gazdag gl\u00fckozaminoglik\u00e1nokban (GAG), Omega 3 zs\u00edrsavakban \u00e9s tengeri kollag\u00e9nben. A gl\u00fckozaminoglik\u00e1nok az \u00edz\u00fcleti porcokba be\u00e9p\u00fclve seg\u00edtik azok v\u00edzmegk\u00f6t\u0151 k\u00e9pess\u00e9g\u00e9t \u00e9s rugalmass\u00e1g\u00e1t, j\u00f3 hat\u00e1sfokkal seg\u00edtik a porcok m\u0171k\u00f6d\u00e9s\u00e9t. Kiemelked\u0151en magas hat\u00f3anyag tartalom, kapszul\u00e1nk\u00e9nt 87,5 mg GAG.<\/span><span data-ccp-props=\"{}\">\u00a0<\/span><\/p>\n<p><span data-ccp-props=\"{}\">\u00a0<\/span><span data-contrast=\"auto\">A Deep Blue Health (\u00daj-Z\u00e9land) term\u00e9kek mesters\u00e9ges \u00edzes\u00edt\u0151-, sz\u00ednez\u0151- vagy konzerv\u00e1l\u00f3 anyagokat nem tartalmaznak.\u00a0<\/span><span data-ccp-props=\"{}\">\u00a0<\/span><\/p>\n<p><strong>Aj\u00e1nlott adagol\u00e1s:<\/strong>\u00a0naponta 1-2 kapszula.<\/p>\n<p>A napi mennyis\u00e9g er\u0151s ig\u00e9nybev\u00e9tel, sportol\u00f3k, t\u00fals\u00faly eset\u00e9n legfeljebb k\u00e9tszeres\u00e9re n\u00f6velhet\u0151.<br \/>\nMesters\u00e9ges \u00edzes\u00edt\u0151szert, sz\u00ednez\u00e9ket, tart\u00f3s\u00edt\u00f3szert nem tartalmaz!<\/p>\n<p>L\u00e9nyeges inform\u00e1ci\u00f3k:<\/p>\n<p><strong>Hogyan hat a kivonat?<\/strong><\/p>\n<p>\u2022a gl\u00fckozaminoglik\u00e1n (GAG) egy k\u00fcl\u00f6nleges aminocukor, hossz\u00fak\u00e1s sejtjei szervezet\u00fcnkbe be\u00e9p\u00fclve el\u0151seg\u00edtik sejtjeink v\u00edzmegk\u00f6t\u0151 k\u00e9pess\u00e9g\u00e9t.<br \/>\n\u2022az iz\u00fcleti porcok 70 %-a v\u00edz, ha ez er\u0151s ig\u00e9nybev\u00e9tel illetve el\u00f6reged\u00e9s miatt cs\u00f6kken,akkor a porc vesz\u00edt rugalmass\u00e1g\u00e1b\u00f3l.<\/p>\n<p><strong>Mik a legfontosabb betegs\u00e9gek, amelyekn\u00e9l kedvez\u0151 hat\u00e1st k\u00e9pes kifejteni?<\/strong><\/p>\n<p>Reum\u00e1s arthr\u00f3zis<br \/>\nIz\u00fcleti gyullad\u00e1s<br \/>\nCsontritkul\u00e1s<br \/>\nSport eredet\u0171 s\u00e9r\u00fcl\u00e9sek<br \/>\nGyullad\u00e1sos b\u00e9lrendszeri betegs\u00e9gek<br \/>\nAsztma<br \/>\nPikkelys\u00f6m\u00f6r<br \/>\nLyme-k\u00f3r<br \/>\nK\u00f6t\u0151sz\u00f6vetek helyre\u00e1ll\u00edt\u00e1sa<\/p>\n<p><strong>\u00d6sszetev\u0151k:\u00a0<\/strong><\/p>\n<p>\u2022500 mg tarajos z\u00f6ldkagyl\u00f3 kivonat, ami 2500 mg friss kagyl\u00f3testnek (5:1) felel meg,<br \/>\n\u2022tov\u00e1bb\u00e1 a kapszula anyaga.kiszerel\u00e9s: 100 db<\/p>\n","protected":false},"excerpt":{"rendered":"<p>A Deep Blue Health Z\u00d6LDKAGYL\u00d3 (Green Lipped Mussel) a tisztas\u00e1g\u00e1r\u00f3l vil\u00e1gszerte ismert \u00daj-Z\u00e9land vizeiben teny\u00e9sztett tarajos z\u00f6ldkagyl\u00f3t tartalmazza, a h\u00e9j n\u00e9lk\u00fcl.<\/p>\n","protected":false},"featured_media":5636,"comment_status":"closed","ping_status":"open","template":"","meta":[],"product_cat":[61],"product_tag":[],"class_list":{"0":"post-5635","1":"product","2":"type-product","3":"status-publish","4":"has-post-thumbnail","6":"product_brand-dbh-zoldkagylo","7":"product_cat-etrend-kiegeszitok","9":"first","10":"instock","11":"purchasable","12":"product-type-simple"},"_links":{"self":[{"href":"https:\/\/vitamin.coredesign.hu\/index.php?rest_route=\/wp\/v2\/product\/5635","targetHints":{"allow":["GET"]}}],"collection":[{"href":"https:\/\/vitamin.coredesign.hu\/index.php?rest_route=\/wp\/v2\/product"}],"about":[{"href":"https:\/\/vitamin.coredesign.hu\/index.php?rest_route=\/wp\/v2\/types\/product"}],"replies":[{"embeddable":true,"href":"https:\/\/vitamin.coredesign.hu\/index.php?rest_route=%2Fwp%2Fv2%2Fcomments&post=5635"}],"wp:featuredmedia":[{"embeddable":true,"href":"https:\/\/vitamin.coredesign.hu\/index.php?rest_route=\/wp\/v2\/media\/5636"}],"wp:attachment":[{"href":"https:\/\/vitamin.coredesign.hu\/index.php?rest_route=%2Fwp%2Fv2%2Fmedia&parent=5635"}],"wp:term":[{"taxonomy":"product_cat","embeddable":true,"href":"https:\/\/vitamin.coredesign.hu\/index.php?rest_route=%2Fwp%2Fv2%2Fproduct_cat&post=5635"},{"taxonomy":"product_tag","embeddable":true,"href":"https:\/\/vitamin.coredesign.hu\/index.php?rest_route=%2Fwp%2Fv2%2Fproduct_tag&post=5635"}],"curies":[{"name":"wp","href":"https:\/\/api.w.org\/{rel}","templated":true}]}}