{"id":5633,"date":"2025-10-12T12:30:27","date_gmt":"2025-10-12T10:30:27","guid":{"rendered":"https:\/\/vitamin.coredesign.hu\/?product=vasmenta-liposzomas-etrend-kiegeszito-150-ml"},"modified":"2026-01-08T23:27:22","modified_gmt":"2026-01-08T22:27:22","slug":"vasmenta-liposzomas-etrend-kiegeszito-150-ml","status":"publish","type":"product","link":"https:\/\/vitamin.coredesign.hu\/?product=vasmenta-liposzomas-etrend-kiegeszito-150-ml","title":{"rendered":"Vasmenta liposz\u00f3m\u00e1s \u00e9trend-kieg\u00e9sz\u00edt\u0151 -150 ml"},"content":{"rendered":"<p>&nbsp;<\/p>\n<div id=\"lt-accessibility-devtools\" aria-hidden=\"true\"><\/div>\n<p>A VasMenta term\u00e9k egy liposz\u00f3m\u00e1s vas tartalm\u00fa foly\u00e9kony \u00e9trend-kieg\u00e9sz\u00edt\u0151 menta \u00edzes\u00edt\u00e9ssel, f\u00e9mes mell\u00e9k\u00edz n\u00e9lk\u00fcl! A VasMenta napi d\u00f3zisa (5 ml) a piacon az egyik legjobb \u00e1rat k\u00e9pviseli!<\/p>\n<p><strong>FELHASZN\u00c1L\u00c1S:<\/strong><br \/>\nA k\u00e9sz\u00edtm\u00e9ny fogyaszt\u00e1sa vasfelsz\u00edv\u00f3d\u00e1si zavarok, illetve vashi\u00e1ny eset\u00e9n aj\u00e1nlott.<\/p>\n<ul>\n<li>A vas hozz\u00e1j\u00e1rul a v\u00f6r\u00f6s v\u00e9rsejtek \u00e9s a hemoglobin termel\u0151d\u00e9s\u00e9hez.<\/li>\n<li>A vas hozz\u00e1j\u00e1rul a f\u00e1radts\u00e1g \u00e9s a kimer\u00fclts\u00e9g cs\u00f6kkent\u00e9s\u00e9hez.<\/li>\n<li>A vas hozz\u00e1j\u00e1rul a norm\u00e1l metabolikus energia termel\u0151 folyamatokhoz.<\/li>\n<li>A vas hozz\u00e1j\u00e1rul a szervezet norm\u00e1l oxig\u00e9n ell\u00e1t\u00e1s\u00e1hoz.<\/li>\n<\/ul>\n<p><strong>Aj\u00e1nlott napi adag:<\/strong><\/p>\n<ul>\n<li>5 ml (1 m\u00e9r\u0151kan\u00e1l, amit a csomag tartalmaz vagy 1 te\u00e1skan\u00e1l)<\/li>\n<li>A term\u00e9ket \u00f6nmagban vagy folyad\u00e9kban elkeverve aj\u00e1nljuk fogyaszt\u00e1sra.<\/li>\n<li>Fogyaszt\u00e1s el\u0151tt felr\u00e1zand\u00f3!<\/li>\n<li>Gyermekeknek 6 \u00e9ves kor alatt nem adhat\u00f3!<\/li>\n<li>A vashi\u00e1ny \u00e9s a t\u00falzott vasbevitel is eg\u00e9szs\u00e9g\u00fcgyi kock\u00e1zatokkal j\u00e1r.<\/li>\n<li>Az aj\u00e1nlott napi adagot ne l\u00e9pje t\u00fal!<\/li>\n<\/ul>\n<p><strong>T\u00e1rol\u00e1s:<\/strong><\/p>\n<ul>\n<li>F\u00e9nyt\u0151l, sug\u00e1rz\u00f3 h\u0151t\u0151l v\u00e9dett, sz\u00e1raz h\u0171v\u00f6s helyen t\u00e1roland\u00f3!<\/li>\n<li>Felbont\u00e1s ut\u00e1n 30 napon bel\u00fcl elfogyasztand\u00f3!<\/li>\n<li>Gyermekek el\u0151l gondosan elz\u00e1rva tartand\u00f3!<\/li>\n<\/ul>\n<p><strong>Az \u00e9trend-kieg\u00e9sz\u00edt\u0151 nem helyettes\u00edti a vegyes \u00e9trendet \u00e9s az eg\u00e9szs\u00e9ges \u00e9letm\u00f3dot!<\/strong><\/p>\n<p><strong>\u00d6SSZETEV\u0150K:<\/strong><br \/>\nTiszt\u00edtott v\u00edz, N\u00f6v\u00e9nyi glicerin, Huminsav oldat, Vas-(II)-Biszglicin\u00e1t, Emulge\u00e1l\u00f3szer: Sz\u00f3jalecitin; Para-amino-benzoesav, L-arginin, Tart\u00f3s\u00edt\u00f3szer: K\u00e1lium-szorb\u00e1t; Mentol (0,045 w\/w%)<\/p>\n<p><img fetchpriority=\"high\" decoding=\"async\" class=\"wp-image-25344 aligncenter\" src=\"https:\/\/hymato.hu\/wp-content\/uploads\/2021\/11\/VasMenta-copy.jpg\" sizes=\"(max-width: 578px) 100vw, 578px\" srcset=\"https:\/\/hymato.hu\/wp-content\/uploads\/2021\/11\/VasMenta-copy.jpg 2480w, https:\/\/hymato.hu\/wp-content\/uploads\/2021\/11\/VasMenta-copy-300x300.jpg 300w, https:\/\/hymato.hu\/wp-content\/uploads\/2021\/11\/VasMenta-copy-100x100.jpg 100w, https:\/\/hymato.hu\/wp-content\/uploads\/2021\/11\/VasMenta-copy-600x600.jpg 600w, https:\/\/hymato.hu\/wp-content\/uploads\/2021\/11\/VasMenta-copy-1024x1024.jpg 1024w, https:\/\/hymato.hu\/wp-content\/uploads\/2021\/11\/VasMenta-copy-150x150.jpg 150w, https:\/\/hymato.hu\/wp-content\/uploads\/2021\/11\/VasMenta-copy-768x768.jpg 768w, https:\/\/hymato.hu\/wp-content\/uploads\/2021\/11\/VasMenta-copy-1536x1536.jpg 1536w, https:\/\/hymato.hu\/wp-content\/uploads\/2021\/11\/VasMenta-copy-2048x2048.jpg 2048w\" alt=\"vasmenta liposz\u00f3m\u00e1s \u00e9trend kieg\u00e9sz\u00edt\u0151 (150 ml)\" width=\"578\" height=\"578\" \/><\/p>\n<p>&nbsp;<\/p>\n","protected":false},"excerpt":{"rendered":"<p>A VasMenta term\u00e9k egy liposz\u00f3m\u00e1s vas tartalm\u00fa foly\u00e9kony \u00e9trend-kieg\u00e9sz\u00edt\u0151 menta \u00edzes\u00edt\u00e9ssel, f\u00e9mes mell\u00e9k\u00edz n\u00e9lk\u00fcl! A VasMenta napi d\u00f3zisa (5 ml) a piacon az egyik legjobb \u00e1rat k\u00e9pviseli!<\/p>\n<p>&nbsp;<\/p>\n","protected":false},"featured_media":5634,"comment_status":"closed","ping_status":"open","template":"","meta":[],"product_cat":[61],"product_tag":[],"class_list":{"0":"post-5633","1":"product","2":"type-product","3":"status-publish","4":"has-post-thumbnail","6":"product_brand-hymato","7":"product_cat-etrend-kiegeszitok","9":"first","10":"instock","11":"purchasable","12":"product-type-simple"},"_links":{"self":[{"href":"https:\/\/vitamin.coredesign.hu\/index.php?rest_route=\/wp\/v2\/product\/5633","targetHints":{"allow":["GET"]}}],"collection":[{"href":"https:\/\/vitamin.coredesign.hu\/index.php?rest_route=\/wp\/v2\/product"}],"about":[{"href":"https:\/\/vitamin.coredesign.hu\/index.php?rest_route=\/wp\/v2\/types\/product"}],"replies":[{"embeddable":true,"href":"https:\/\/vitamin.coredesign.hu\/index.php?rest_route=%2Fwp%2Fv2%2Fcomments&post=5633"}],"wp:featuredmedia":[{"embeddable":true,"href":"https:\/\/vitamin.coredesign.hu\/index.php?rest_route=\/wp\/v2\/media\/5634"}],"wp:attachment":[{"href":"https:\/\/vitamin.coredesign.hu\/index.php?rest_route=%2Fwp%2Fv2%2Fmedia&parent=5633"}],"wp:term":[{"taxonomy":"product_cat","embeddable":true,"href":"https:\/\/vitamin.coredesign.hu\/index.php?rest_route=%2Fwp%2Fv2%2Fproduct_cat&post=5633"},{"taxonomy":"product_tag","embeddable":true,"href":"https:\/\/vitamin.coredesign.hu\/index.php?rest_route=%2Fwp%2Fv2%2Fproduct_tag&post=5633"}],"curies":[{"name":"wp","href":"https:\/\/api.w.org\/{rel}","templated":true}]}}