{"id":5632,"date":"2025-10-12T12:30:27","date_gmt":"2025-10-12T10:30:27","guid":{"rendered":"https:\/\/vitamin.coredesign.hu\/?product=floradix-krauterblut-szirup-500ml"},"modified":"2026-01-08T23:27:22","modified_gmt":"2026-01-08T22:27:22","slug":"floradix-krauterblut-szirup-500ml","status":"publish","type":"product","link":"https:\/\/vitamin.coredesign.hu\/?product=floradix-krauterblut-szirup-500ml","title":{"rendered":"Floradix Kr\u00e4uterblut szirup 500ml"},"content":{"rendered":"<p>&nbsp;<\/p>\n<div id=\"lt-accessibility-devtools\" aria-hidden=\"true\"><\/div>\n<p>\u00c9trendkieg\u00e9sz\u00edt\u0151 vassal \u00e9s vitaminokkal<\/p>\n<p>A <strong>Floradix Kr\u00e4uterblut szirup<\/strong> vas(II)-gl\u00fckon\u00e1tb\u00f3l sz\u00e1rmaz\u00f3 szerves k\u00f6t\u0151d\u00e9s\u0171 vasat, B2, B6, B12 \u00e9s C<br \/>\nvitaminokat tartalmaz, melyek hozz\u00e1j\u00e1rulhatnak a f\u00e1radts\u00e1g \u00e9s a kimer\u00fclts\u00e9g cs\u00f6kkent\u00e9s\u00e9hez, valamint<br \/>\nr\u00e9szt vesznek a norm\u00e1l energiatermel\u0151 anyagcsere-folyamatokban.<br \/>\nEzenk\u00edv\u00fcl a vas, valamint a B6 \u00e9s a B12 vitaminok hozz\u00e1j\u00e1rulnak a norm\u00e1l v\u00f6r\u00f6sv\u00e9rtest-\u00e9s hemoglobin<br \/>\nk\u00e9pz\u0151d\u00e9shez.<\/p>\n<p>Tov\u00e1bb\u00e1 a C vitamin fokozza a vas felsz\u00edv\u00f3d\u00e1s\u00e1t.<\/p>\n<p>A szirup k\u00f6nnyen bevehet\u0151, seg\u00edthet meg\u0151rizni a vas, a B1, B2, B6, B12 \u00e9s C vitaminok egyens\u00faly\u00e1t.<br \/>\nA t\u00e1panyagokat m\u00e1r oldott form\u00e1ban tartalmazza.<br \/>\nV\u00e1logatott n\u00f6v\u00e9nyi kivonatokat \u00e9s sz\u00e1mos gy\u00fcm\u00f6lcsb\u0151l k\u00e9sz\u00fclt gy\u00fcm\u00f6lcsl\u00e9 koncentr\u00e1tumot tartalmaz a<br \/>\nkellemes \u00edzhat\u00e1s \u00e9rdek\u00e9ben.<\/p>\n<p>Nem tartalmaz alkoholt, tart\u00f3s\u00edt\u00f3szert, sz\u00ednez\u0151- vagy mesters\u00e9ges aromaanyagokat. Lakt\u00f3zmentes \u00e9s<br \/>\nveget\u00e1ri\u00e1nusok sz\u00e1m\u00e1ra is alkalmas.<\/p>\n<p>A term\u00e9k fogyaszt\u00e1sa els\u0151sorban n\u0151knek, bele\u00e9rtve a v\u00e1rand\u00f3s \u00e9s szoptat\u00f3 any\u00e1kat, gyermekeknek,<br \/>\nserd\u00fcl\u0151kor\u00faaknak, id\u0151sebbeknek, betegs\u00e9gb\u0151l l\u00e1badoz\u00f3knak, veget\u00e1ri\u00e1nusoknak javasolt, illetve<br \/>\nmindazoknak, akik akt\u00edv \u00e9letm\u00f3dot folytatnak.<\/p>\n<p><strong>\u00d6sszetev\u0151k:<\/strong><br \/>\nAz al\u00e1bbi n\u00f6v\u00e9nyek vizes kivonata (54%):<br \/>\ns\u00e1rgar\u00e9pagy\u00f6k\u00e9r, csal\u00e1nlev\u00e9l, spen\u00f3tlev\u00e9l, tarackb\u00faza-gy\u00f6k\u00e9rt\u00f6rzs, \u00e9desk\u00f6m\u00e9ny, barnamoszat,<br \/>\nhibiszkuszvir\u00e1g.<br \/>\nGy\u00fcm\u00f6lcsl\u00e9 koncentr\u00e1tum kever\u00e9k (29,4%):<br \/>\nk\u00f6rte, sz\u0151l\u0151, fekete ribiszke juice, szeder, cseresznye, narancs, c\u00e9kla, szenj\u00e1noskeny\u00e9rmag, iv\u00f3v\u00edz, citrom,<br \/>\nalma.<br \/>\nVizes \u00e9leszt\u0151 kivonat, m\u00e9z, vizes csipkebogy\u00f3-kivonat 4% C vitamin tartalommal, vas (vas-gl\u00fckon\u00e1t),<br \/>\nb\u00fazacs\u00edra kivonat, C vitamin (aszkorbinsav), term\u00e9szetes arom\u00e1k, B1 vitamin (tiamin-hidroklorid), B2<br \/>\nvitamin (riboflavin-5&#8242;-foszf\u00e1t n\u00e1triums\u00f3ja), B6 vitamin (piridoxin-hidroklorid), B12 vitamin<br \/>\n(cianokobalamin)<\/p>\n","protected":false},"excerpt":{"rendered":"<p>A Floradix Kr\u00e4uterblut szirup vas(II)-gl\u00fckon\u00e1tb\u00f3l sz\u00e1rmaz\u00f3 szerves k\u00f6t\u0151d\u00e9s\u0171 vasat, B2, B6, B12 \u00e9s C<br \/>\nvitaminokat tartalmaz, melyek hozz\u00e1j\u00e1rulhatnak a f\u00e1radts\u00e1g \u00e9s a kimer\u00fclts\u00e9g cs\u00f6kkent\u00e9s\u00e9hez, valamint<br \/>\nr\u00e9szt vesznek a norm\u00e1l energiatermel\u0151 anyagcsere-folyamatokban.<\/p>\n","protected":false},"featured_media":5279,"comment_status":"closed","ping_status":"open","template":"","meta":[],"product_cat":[76],"product_tag":[],"class_list":{"0":"post-5632","1":"product","2":"type-product","3":"status-publish","4":"has-post-thumbnail","6":"product_brand-krauterblut","7":"product_cat-eloflora","9":"first","10":"instock","11":"purchasable","12":"product-type-simple"},"_links":{"self":[{"href":"https:\/\/vitamin.coredesign.hu\/index.php?rest_route=\/wp\/v2\/product\/5632","targetHints":{"allow":["GET"]}}],"collection":[{"href":"https:\/\/vitamin.coredesign.hu\/index.php?rest_route=\/wp\/v2\/product"}],"about":[{"href":"https:\/\/vitamin.coredesign.hu\/index.php?rest_route=\/wp\/v2\/types\/product"}],"replies":[{"embeddable":true,"href":"https:\/\/vitamin.coredesign.hu\/index.php?rest_route=%2Fwp%2Fv2%2Fcomments&post=5632"}],"wp:featuredmedia":[{"embeddable":true,"href":"https:\/\/vitamin.coredesign.hu\/index.php?rest_route=\/wp\/v2\/media\/5279"}],"wp:attachment":[{"href":"https:\/\/vitamin.coredesign.hu\/index.php?rest_route=%2Fwp%2Fv2%2Fmedia&parent=5632"}],"wp:term":[{"taxonomy":"product_cat","embeddable":true,"href":"https:\/\/vitamin.coredesign.hu\/index.php?rest_route=%2Fwp%2Fv2%2Fproduct_cat&post=5632"},{"taxonomy":"product_tag","embeddable":true,"href":"https:\/\/vitamin.coredesign.hu\/index.php?rest_route=%2Fwp%2Fv2%2Fproduct_tag&post=5632"}],"curies":[{"name":"wp","href":"https:\/\/api.w.org\/{rel}","templated":true}]}}