{"id":5622,"date":"2025-10-12T12:30:16","date_gmt":"2025-10-12T10:30:16","guid":{"rendered":"https:\/\/vitamin.coredesign.hu\/?product=100-ban-termeszetes-tejsavoprotein-izolatum-454g-kakao"},"modified":"2026-01-08T23:27:14","modified_gmt":"2026-01-08T22:27:14","slug":"100-ban-termeszetes-tejsavoprotein-izolatum-454g-kakao","status":"publish","type":"product","link":"https:\/\/vitamin.coredesign.hu\/?product=100-ban-termeszetes-tejsavoprotein-izolatum-454g-kakao","title":{"rendered":"100% -ban term\u00e9szetes Tejsav\u00f3protein izol\u00e1tum  454g <br>KAKA\u00d3"},"content":{"rendered":"<p>&nbsp;<\/p>\n<div id=\"lt-accessibility-devtools\" aria-hidden=\"true\"><\/div>\n<p>100%-ban term\u00e9szetes tejsav\u00f3feh\u00e9rje kaka\u00f3 \u00edz\u0171, 454 gramm, 100% tejsav\u00f3 feh\u00e9rje, t\u00e1mogatja az izomt\u00f6meget, fokozza a fel\u00e9p\u00fcl\u00e9st.<\/p>\n<ul>\n<li>100% Whey Protein: teljes m\u00e9rt\u00e9kben kiv\u00e1l\u00f3 min\u0151s\u00e9g\u0171 tejsav\u00f3feh\u00e9rje-izol\u00e1tumb\u00f3l k\u00e9sz\u00fcl<\/li>\n<li>K\u00f6nnyen old\u00f3dik: formul\u00e1ja k\u00f6nnyen keverhet\u0151 \u00e9s feloldhat\u00f3<\/li>\n<li>Fokozza a fel\u00e9p\u00fcl\u00e9st: gazdag aminosavakban, \u00e9s felgyors\u00edthatja az edz\u00e9s ut\u00e1ni fel\u00e9p\u00fcl\u00e9st<\/li>\n<li>T\u00e1mogatja az izomt\u00f6meget: minden adag tartalmazza a sov\u00e1ny izomt\u00f6meg fel\u00e9p\u00edt\u00e9s\u00e9hez sz\u00fcks\u00e9ges feh\u00e9rje mennyis\u00e9g\u00e9t<\/li>\n<li>Term\u00e9szetes van\u00edlia \u00edz: term\u00e9szetes kaka\u00f3 \u00edzzel \u00e9rkezik, minden m\u00e1s mesters\u00e9ges \u00e9des\u00edt\u0151szer n\u00e9lk\u00fcl<\/li>\n<\/ul>\n<p>Egy adag: 32 gramm (1 kan\u00e1l)<br \/>\nFelhaszn\u00e1l\u00e1si javaslat: Napi 1 adag 250 ml v\u00edzzel vagy tejjel elkeverve, lehet\u0151leg edz\u00e9s ut\u00e1n.<br \/>\nCsomag tartalma: 14 adag<\/p>\n<p>Biztons\u00e1gi inform\u00e1ci\u00f3k:<\/p>\n<p>FIGYELEM: Ne l\u00e9pje t\u00fal a megadott adagot. Ha \u00d6n terhes, szoptat, v\u00e9nyk\u00f6teles gy\u00f3gyszert szed vagy orvosi fel\u00fcgyelet alatt \u00e1ll, tan\u00e1csos konzult\u00e1lnia h\u00e1ziorvos\u00e1val, miel\u0151tt b\u00e1rmilyen \u00e9trend-kieg\u00e9sz\u00edt\u0151t szedne. Hagyja abba a haszn\u00e1lat\u00e1t, \u00e9s forduljon h\u00e1ziorvoshoz, ha mell\u00e9khat\u00e1sok jelentkeznek. 18 \u00e9ven aluliak sz\u00e1m\u00e1ra nem alkalmas. Gyermekekt\u0151l mindig elz\u00e1rva tartand\u00f3. Az \u00e9trend-kieg\u00e9sz\u00edt\u0151ket NEM szabad a kiegyens\u00falyozott \u00e9trend \u00e9s az eg\u00e9szs\u00e9ges \u00e9letm\u00f3d helyettes\u00edt\u00e9s\u00e9re haszn\u00e1lni.<\/p>\n<p>\u00d6sszetev\u0151k: 100% tejsav\u00f3feh\u00e9rje izol\u00e1tum, sz\u00f3jalecitin, stevia, term\u00e9szetes van\u00edlia aroma<\/p>\n<p>Allerg\u00e9n figyelmeztet\u00e9s: Olyan l\u00e9tes\u00edtm\u00e9nyben k\u00e9sz\u00fclt, amely tejet, toj\u00e1st, b\u00faz\u00e1t \u00e9s sz\u00f3j\u00e1t is feldolgoz.<\/p>\n","protected":false},"excerpt":{"rendered":"<p>100%-ban term\u00e9szetes tejsav\u00f3feh\u00e9rje kaka\u00f3 \u00edz\u0171, 454 gramm, 100% tejsav\u00f3 feh\u00e9rje, t\u00e1mogatja az izomt\u00f6meget, fokozza a fel\u00e9p\u00fcl\u00e9st.<\/p>\n","protected":false},"featured_media":5123,"comment_status":"closed","ping_status":"open","template":"","meta":[],"product_cat":[70],"product_tag":[],"class_list":{"0":"post-5622","1":"product","2":"type-product","3":"status-publish","4":"has-post-thumbnail","6":"product_brand-haya-labs","7":"product_cat-proteinek","9":"first","10":"instock","11":"purchasable","12":"product-type-simple"},"_links":{"self":[{"href":"https:\/\/vitamin.coredesign.hu\/index.php?rest_route=\/wp\/v2\/product\/5622","targetHints":{"allow":["GET"]}}],"collection":[{"href":"https:\/\/vitamin.coredesign.hu\/index.php?rest_route=\/wp\/v2\/product"}],"about":[{"href":"https:\/\/vitamin.coredesign.hu\/index.php?rest_route=\/wp\/v2\/types\/product"}],"replies":[{"embeddable":true,"href":"https:\/\/vitamin.coredesign.hu\/index.php?rest_route=%2Fwp%2Fv2%2Fcomments&post=5622"}],"wp:featuredmedia":[{"embeddable":true,"href":"https:\/\/vitamin.coredesign.hu\/index.php?rest_route=\/wp\/v2\/media\/5123"}],"wp:attachment":[{"href":"https:\/\/vitamin.coredesign.hu\/index.php?rest_route=%2Fwp%2Fv2%2Fmedia&parent=5622"}],"wp:term":[{"taxonomy":"product_cat","embeddable":true,"href":"https:\/\/vitamin.coredesign.hu\/index.php?rest_route=%2Fwp%2Fv2%2Fproduct_cat&post=5622"},{"taxonomy":"product_tag","embeddable":true,"href":"https:\/\/vitamin.coredesign.hu\/index.php?rest_route=%2Fwp%2Fv2%2Fproduct_tag&post=5622"}],"curies":[{"name":"wp","href":"https:\/\/api.w.org\/{rel}","templated":true}]}}