{"id":5559,"date":"2025-10-12T12:29:05","date_gmt":"2025-10-12T10:29:05","guid":{"rendered":"https:\/\/vitamin.coredesign.hu\/?product=bioco-100-natur-szerves-magnezium-citrat-por-200g"},"modified":"2026-01-08T23:26:39","modified_gmt":"2026-01-08T22:26:39","slug":"bioco-100-natur-szerves-magnezium-citrat-por-200g","status":"publish","type":"product","link":"https:\/\/vitamin.coredesign.hu\/?product=bioco-100-natur-szerves-magnezium-citrat-por-200g","title":{"rendered":"BioCo 100% NATUR Szerves Magn\u00e9zium Citr\u00e1t por \u2013 200g"},"content":{"rendered":"<p>&nbsp;<\/p>\n<div id=\"lt-accessibility-devtools\" aria-hidden=\"true\"><\/div>\n<div class=\"product-short-description\">\n<div class=\"product-short-description\">\n<div class=\"product-short-description\">\n<div class=\"product-short-description\">\n<div class=\"product-short-description\">\n<div class=\"product-short-description\">\n<div class=\"product-short-description\">\n<div class=\"product-short-description\">\n<div class=\"product-short-description\">\n<div class=\"product-short-description\">\n<div class=\"product-short-description\">\n<p>A magn\u00e9zium hozz\u00e1j\u00e1rul a f\u00e1radts\u00e1g \u00e9s a kif\u00e1rad\u00e1s cs\u00f6kkent\u00e9s\u00e9hez, az idegrendszer megfelel\u0151 m\u0171k\u00f6d\u00e9s\u00e9hez, a norm\u00e1l izomm\u0171k\u00f6d\u00e9shez, a norm\u00e1l pszichol\u00f3giai funkci\u00f3 fenntart\u00e1s\u00e1hoz. N\u00e9lk\u00fcl\u00f6zhetetlen az izmok elernyed\u00e9s\u00e9hez, enyh\u00edtheti a g\u00f6rcs\u00f6ket, illetve gyors\u00edthatja sports\u00e9r\u00fcl\u00e9sek (pl. izomh\u00faz\u00f3d\u00e1s) gy\u00f3gyul\u00e1s\u00e1t.<\/p>\n<\/div>\n<\/div>\n<\/div>\n<\/div>\n<\/div>\n<\/div>\n<\/div>\n<\/div>\n<\/div>\n<\/div>\n<\/div>\n<form class=\"cart\" action=\"https:\/\/vitaminnagyker.hu\/termek\/bioco-bioaktiv-folat-5-mthf-tabletta-30db\/\" enctype=\"multipart\/form-data\" method=\"post\">\n<div class=\"ux-quantity quantity buttons_added\">\n<h2>BioCo 100% NATUR Szerves Magn\u00e9zium Citr\u00e1t por<\/h2>\n<p>A magn\u00e9zium hozz\u00e1j\u00e1rul a f\u00e1radts\u00e1g \u00e9s a kif\u00e1rad\u00e1s cs\u00f6kkent\u00e9s\u00e9hez, az idegrendszer megfelel\u0151 m\u0171k\u00f6d\u00e9s\u00e9hez, a norm\u00e1l izomm\u0171k\u00f6d\u00e9shez, a norm\u00e1l pszichol\u00f3giai funkci\u00f3 fenntart\u00e1s\u00e1hoz. N\u00e9lk\u00fcl\u00f6zhetetlen az izmok elernyed\u00e9s\u00e9hez, enyh\u00edtheti a g\u00f6rcs\u00f6ket, illetve gyors\u00edthatja sports\u00e9r\u00fcl\u00e9sek (pl. izomh\u00faz\u00f3d\u00e1s) gy\u00f3gyul\u00e1s\u00e1t.<\/p>\n<p>A term\u00e9kcsal\u00e1d k\u00e9sz\u00edtm\u00e9nyei 100% tiszta form\u00e1ban tartalmazz\u00e1k az \u00e9rt\u00e9kes hat\u00f3anyagokat, meg\u0151r\u00edzve term\u00e9szetes \u00edz\u00fcket, illatukat \u00e9s sz\u00edn\u00fcket.<\/p>\n<p>A term\u00e9kek mentesek mindennem\u0171 adal\u00e9k- \u00e9s seg\u00e9danyagt\u00f3l.<\/p>\n<p>A magn\u00e9zium eg\u00e9szs\u00e9gre gyakorolt kedvez\u0151 hat\u00e1sa bizony\u00edtott, fogyaszt\u00e1sa az al\u00e1bbi esetekben javasolt:<\/p>\n<ul>\n<li>hozz\u00e1j\u00e1rul az idegrendszer megfelel\u0151 m\u0171k\u00f6d\u00e9s\u00e9hez,<\/li>\n<li>a norm\u00e1l pszichol\u00f3giai funkci\u00f3 fenntart\u00e1s\u00e1hoz,<\/li>\n<li>a norm\u00e1l izomm\u0171k\u00f6d\u00e9shez,<\/li>\n<li>r\u00e9szt vesz a norm\u00e1l csontozat \u00e9s fogazat fenntart\u00e1s\u00e1ban<\/li>\n<\/ul>\n<h3>Hat\u00f3anyag 1 adagban:<\/h3>\n<ul>\n<li>Magn\u00e9zium-citr\u00e1t 2000 mg<br \/>\n\u2013 melyb\u0151l magn\u00e9zium 210 mg<\/li>\n<\/ul>\n<h3>\u00d6sszetev\u0151k:<\/h3>\n<p>100% magn\u00e9zium-citr\u00e1t.<\/p>\n<p>Veg\u00e1n term\u00e9k, lakt\u00f3zmentes, glut\u00e9nmentes, adal\u00e9kmentes.<\/p>\n<h3>Aj\u00e1nlott adagol\u00e1s:<\/h3>\n<p>feln\u0151ttek sz\u00e1m\u00e1ra \u00e9tkez\u00e9s k\u00f6zben 1 adag magn\u00e9zium-citr\u00e1t por fogyaszt\u00e1sa javasolt, v\u00edzben, narancsl\u00e9ben elkeverve. Folyamatos keverget\u00e9s mellett azonnali fogyaszt\u00e1sa javasolt.<\/p>\n<p>1 adag = 2000 mg, amely kb. 1 csapott k\u00e1v\u00e9skan\u00e1lnak felel meg.<\/p>\n<p>Laza sz\u00e9klet eset\u00e9n fogyassza napi t\u00f6bb r\u00e9szletre osztva.<\/p>\n<\/div>\n<\/form>\n","protected":false},"excerpt":{"rendered":"<div class=\"product-short-description\">\n<div class=\"product-short-description\">\n<div class=\"product-short-description\">\n<div class=\"product-short-description\">\n<div class=\"product-short-description\">\n<div class=\"product-short-description\">\n<div class=\"product-short-description\">\n<div class=\"product-short-description\">\n<div class=\"product-short-description\">\n<div class=\"product-short-description\">\n<div class=\"product-short-description\">\n<p>A magn\u00e9zium hozz\u00e1j\u00e1rul a f\u00e1radts\u00e1g \u00e9s a kif\u00e1rad\u00e1s cs\u00f6kkent\u00e9s\u00e9hez, az idegrendszer megfelel\u0151 m\u0171k\u00f6d\u00e9s\u00e9hez, a norm\u00e1l izomm\u0171k\u00f6d\u00e9shez, a norm\u00e1l pszichol\u00f3giai funkci\u00f3 fenntart\u00e1s\u00e1hoz. N\u00e9lk\u00fcl\u00f6zhetetlen az izmok elernyed\u00e9s\u00e9hez, enyh\u00edtheti a g\u00f6rcs\u00f6ket, illetve gyors\u00edthatja sports\u00e9r\u00fcl\u00e9sek (pl. izomh\u00faz\u00f3d\u00e1s) gy\u00f3gyul\u00e1s\u00e1t.<\/p>\n<\/div>\n<\/div>\n<\/div>\n<\/div>\n<\/div>\n<\/div>\n<\/div>\n<\/div>\n<form class=\"cart\" action=\"https:\/\/vitaminnagyker.hu\/termek\/bioco-b12-vitamin-1000mcg-tabletta-60db\/\" enctype=\"multipart\/form-data\" method=\"post\">\n<div class=\"ux-quantity quantity buttons_added\"><\/div>\n<\/form>\n<\/div>\n<form class=\"cart\" action=\"https:\/\/vitaminnagyker.hu\/termek\/bioco-cink-biszglicinat-tabletta-60db\/\" enctype=\"multipart\/form-data\" method=\"post\">\n<div class=\"ux-quantity quantity buttons_added\"><\/div>\n<\/form>\n<\/div>\n<form class=\"cart\" action=\"https:\/\/vitaminnagyker.hu\/termek\/bioco-100-vegan-cd-duo-c-vitamin-1000mgalga-d3-vitamin-filmtabletta-90db\/\" enctype=\"multipart\/form-data\" method=\"post\">\n<div class=\"ux-quantity quantity buttons_added\"><\/div>\n<\/form>\n<\/div>\n<form class=\"cart\" action=\"https:\/\/vitaminnagyker.hu\/termek\/bioco-bioaktiv-folat-5-mthf-tabletta-30db\/\" enctype=\"multipart\/form-data\" method=\"post\">\n<div class=\"ux-quantity quantity buttons_added\"><\/div>\n<\/form>\n","protected":false},"featured_media":5560,"comment_status":"closed","ping_status":"open","template":"","meta":[],"product_cat":[73],"product_tag":[],"class_list":{"0":"post-5559","1":"product","2":"type-product","3":"status-publish","4":"has-post-thumbnail","6":"product_brand-bioco","7":"product_cat-arvanyi-anyagok","9":"first","10":"instock","11":"purchasable","12":"product-type-simple"},"_links":{"self":[{"href":"https:\/\/vitamin.coredesign.hu\/index.php?rest_route=\/wp\/v2\/product\/5559","targetHints":{"allow":["GET"]}}],"collection":[{"href":"https:\/\/vitamin.coredesign.hu\/index.php?rest_route=\/wp\/v2\/product"}],"about":[{"href":"https:\/\/vitamin.coredesign.hu\/index.php?rest_route=\/wp\/v2\/types\/product"}],"replies":[{"embeddable":true,"href":"https:\/\/vitamin.coredesign.hu\/index.php?rest_route=%2Fwp%2Fv2%2Fcomments&post=5559"}],"wp:featuredmedia":[{"embeddable":true,"href":"https:\/\/vitamin.coredesign.hu\/index.php?rest_route=\/wp\/v2\/media\/5560"}],"wp:attachment":[{"href":"https:\/\/vitamin.coredesign.hu\/index.php?rest_route=%2Fwp%2Fv2%2Fmedia&parent=5559"}],"wp:term":[{"taxonomy":"product_cat","embeddable":true,"href":"https:\/\/vitamin.coredesign.hu\/index.php?rest_route=%2Fwp%2Fv2%2Fproduct_cat&post=5559"},{"taxonomy":"product_tag","embeddable":true,"href":"https:\/\/vitamin.coredesign.hu\/index.php?rest_route=%2Fwp%2Fv2%2Fproduct_tag&post=5559"}],"curies":[{"name":"wp","href":"https:\/\/api.w.org\/{rel}","templated":true}]}}