{"id":5501,"date":"2025-10-12T12:28:22","date_gmt":"2025-10-12T10:28:22","guid":{"rendered":"https:\/\/vitamin.coredesign.hu\/?product=bioco-omega-3-koncentratum-kapszula-30db"},"modified":"2026-01-08T23:26:04","modified_gmt":"2026-01-08T22:26:04","slug":"bioco-omega-3-koncentratum-kapszula-30db","status":"publish","type":"product","link":"https:\/\/vitamin.coredesign.hu\/?product=bioco-omega-3-koncentratum-kapszula-30db","title":{"rendered":"BioCo Omega-3 koncentr\u00e1tum kapszula \u2013 30db"},"content":{"rendered":"<p>&nbsp;<\/p>\n<div id=\"lt-accessibility-devtools\" aria-hidden=\"true\"><\/div>\n<p>Tiszt\u00edtott halolajk\u00e9sz\u00edtm\u00e9ny, amely kiemelked\u0151en magas koncentr\u00e1ci\u00f3ban tartalmazza az \u00e9rt\u00e9kes omega-3 zs\u00edrsavakat, az EPA-t \u00e9s a DHA-t. K\u00fcl\u00f6n\u00f6sen aj\u00e1nlott sz\u00edv- \u00e9s \u00e9rrendszeri betegs\u00e9gekre val\u00f3 hajlamn\u00e1l, \u00edz\u00fcleti gyullad\u00e1sn\u00e1l vagy l\u00e1t\u00e1sroml\u00e1s eset\u00e9n.<\/p>\n<h2>BioCo Omega-3 koncentr\u00e1tum kapszula<\/h2>\n<p>A halolaj rengeteg \u00e9rt\u00e9kes omega-3 zs\u00edrsavat tartalmaz, amelyek t\u00f6bbek k\u00f6z\u00f6tt tiszt\u00edtj\u00e1k az ereket, cs\u00f6kkentik a koleszterinszintet, ezzel a sz\u00edv- \u00e9s \u00e9rrendszeri betegs\u00e9gek kock\u00e1zat\u00e1t. Cs\u00f6kkentik a gyullad\u00e1sokat is, el\u0151seg\u00edtik az agy megfelel\u0151 m\u0171k\u00f6d\u00e9s\u00e9t, az eg\u00e9szs\u00e9ges l\u00e1t\u00e1s hossz\u00fat\u00e1v\u00fa fenntart\u00e1s\u00e1t.<\/p>\n<p>Az omega zs\u00edrsavakat az\u00e9rt fontos rendszeresen p\u00f3tolni, mert a szervezetben nem termel\u0151dnek, ez\u00e9rt k\u00fcls\u0151 forr\u00e1sb\u00f3l kell bevinni azokat.<\/p>\n<p>Az omega-3 zs\u00edrsavak k\u00f6z\u00fcl k\u00fcl\u00f6n\u00f6sen j\u00f3t\u00e9kony hat\u00e1s\u00fa az EPA (eikozapenta\u00e9nsav) \u00e9s a DHA (dokozahexa\u00e9nsav), amelyek hozz\u00e1j\u00e1rulnak a sz\u00edv megfelel\u0151 m\u0171k\u00f6d\u00e9s\u00e9hez, valamint a norm\u00e1l agym\u0171k\u00f6d\u00e9s \u00e9s l\u00e1t\u00e1s fenntart\u00e1s\u00e1hoz. A kedvez\u0151 hat\u00e1s napi 250 mg EPA- \u00e9s DHA-bevitellel \u00e9rhet\u0151 el.<\/p>\n<p>A BioCo k\u00e9sz\u00edtm\u00e9nye kiemelked\u0151en nagy koncentr\u00e1ci\u00f3ban tartalmazza az EPA- \u00e9s DHA-zs\u00edrsavakat. 1 kapszula 1100 mg EPA-t \u00e9s DHA-t tartalmaz. Els\u0151sorban azoknak aj\u00e1nlott, akik kifejezetten magas hat\u00f3anyag-tartalm\u00fa omega-3 k\u00e9sz\u00edtm\u00e9nyt keresnek.<\/p>\n<h3>Mikor aj\u00e1nlott a BioCo Omega-3 koncentr\u00e1tum?<\/h3>\n<ul>\n<li>sz\u00edv- \u00e9s \u00e9rrendszeri betegs\u00e9gekre val\u00f3 hajlamn\u00e1l<\/li>\n<li>megl\u00e9v\u0151 sz\u00edv- \u00e9s \u00e9rrendszeri panaszokra<\/li>\n<li>magas koleszterinszintre, magas v\u00e9rnyom\u00e1sra<\/li>\n<li>\u00e9relmeszesed\u00e9sre, \u00e9rsz\u0171k\u00fcletre<\/li>\n<li>\u00edz\u00fcleti gyullad\u00e1sra<\/li>\n<li>kering\u00e9si zavarokra<\/li>\n<li>l\u00e1t\u00e1sroml\u00e1sra, illetve l\u00e1t\u00e1sroml\u00e1s megel\u0151z\u00e9s\u00e9re<\/li>\n<li>szorong\u00e1sra, depresszi\u00f3ra<\/li>\n<li>roml\u00f3 mem\u00f3ri\u00e1ra, koncentr\u00e1l\u00f3k\u00e9pess\u00e9gre<\/li>\n<\/ul>\n<h3>Hat\u00f3anyagok 1 kapszul\u00e1ban:<\/h3>\n<ul>\n<li>Halolaj 1500 mg<br \/>\namelyb\u0151l omega-3 zs\u00edrsavak 1100 mg<br \/>\nebb\u0151l EPA 320 mg, DHA 780 mg<\/li>\n<\/ul>\n<h3>\u00d6sszetev\u0151k:<\/h3>\n<p>Halolaj (1500 mg \/ kapszula); zselatin kapszulah\u00e9j; nedves\u00edt\u0151szer (glicerin).<\/p>\n<h3>Felhaszn\u00e1l\u00e1si javaslat:<\/h3>\n<p>A BioCo Omega-3 koncentr\u00e1tum napi aj\u00e1nlott adagja 2\u00d71 vagy 3\u00d71 kapszula, \u00e9tkez\u00e9s el\u0151tt vagy k\u00f6zben kell b\u0151 folyad\u00e9kkal lenyelni. Nyel\u00e9si neh\u00e9zs\u00e9g eset\u00e9n a kapszulah\u00e9j felnyithat\u00f3, a benne l\u00e9v\u0151 olaj k\u00f6zvetlen\u00fcl fogyaszthat\u00f3.<\/p>\n","protected":false},"excerpt":{"rendered":"<p>Tiszt\u00edtott halolajk\u00e9sz\u00edtm\u00e9ny, amely kiemelked\u0151en magas koncentr\u00e1ci\u00f3ban tartalmazza az \u00e9rt\u00e9kes omega-3 zs\u00edrsavakat, az EPA-t \u00e9s a DHA-t. K\u00fcl\u00f6n\u00f6sen aj\u00e1nlott sz\u00edv- \u00e9s \u00e9rrendszeri betegs\u00e9gekre val\u00f3 hajlamn\u00e1l, \u00edz\u00fcleti gyullad\u00e1sn\u00e1l vagy l\u00e1t\u00e1sroml\u00e1s eset\u00e9n.<\/p>\n","protected":false},"featured_media":0,"comment_status":"closed","ping_status":"open","template":"","meta":[],"product_cat":[61],"product_tag":[],"class_list":{"0":"post-5501","1":"product","2":"type-product","3":"status-publish","5":"product_brand-bioco","6":"product_cat-etrend-kiegeszitok","8":"first","9":"instock","10":"purchasable","11":"product-type-simple"},"_links":{"self":[{"href":"https:\/\/vitamin.coredesign.hu\/index.php?rest_route=\/wp\/v2\/product\/5501","targetHints":{"allow":["GET"]}}],"collection":[{"href":"https:\/\/vitamin.coredesign.hu\/index.php?rest_route=\/wp\/v2\/product"}],"about":[{"href":"https:\/\/vitamin.coredesign.hu\/index.php?rest_route=\/wp\/v2\/types\/product"}],"replies":[{"embeddable":true,"href":"https:\/\/vitamin.coredesign.hu\/index.php?rest_route=%2Fwp%2Fv2%2Fcomments&post=5501"}],"wp:attachment":[{"href":"https:\/\/vitamin.coredesign.hu\/index.php?rest_route=%2Fwp%2Fv2%2Fmedia&parent=5501"}],"wp:term":[{"taxonomy":"product_cat","embeddable":true,"href":"https:\/\/vitamin.coredesign.hu\/index.php?rest_route=%2Fwp%2Fv2%2Fproduct_cat&post=5501"},{"taxonomy":"product_tag","embeddable":true,"href":"https:\/\/vitamin.coredesign.hu\/index.php?rest_route=%2Fwp%2Fv2%2Fproduct_tag&post=5501"}],"curies":[{"name":"wp","href":"https:\/\/api.w.org\/{rel}","templated":true}]}}