{"id":5486,"date":"2025-10-12T12:27:45","date_gmt":"2025-10-12T10:27:45","guid":{"rendered":"https:\/\/vitamin.coredesign.hu\/?product=bioco-szerves-magnezium-b6-vitamin-tabletta-60db"},"modified":"2026-01-08T23:48:47","modified_gmt":"2026-01-08T22:48:47","slug":"bioco-szerves-magnezium-b6-vitamin-tabletta-60db","status":"publish","type":"product","link":"https:\/\/vitamin.coredesign.hu\/?product=bioco-szerves-magnezium-b6-vitamin-tabletta-60db","title":{"rendered":"BioCo Szerves Magn\u00e9zium + B6-vitamin tabletta \u2013 60db"},"content":{"rendered":"<p>&nbsp;<\/p>\n<div id=\"lt-accessibility-devtools\" aria-hidden=\"true\"><\/div>\n<p>Szerves k\u00f6t\u00e9s\u0171 magn\u00e9ziumot (magn\u00e9zium-citr\u00e1tot) \u00e9s B6-vitamint tartalmaz\u00f3 k\u00e9sz\u00edtm\u00e9ny. Az idegrendszer \u00e9s az izmok megfelel\u0151 m\u0171k\u00f6d\u00e9s\u00e9nek t\u00e1mogat\u00e1s\u00e1ra, a csontok \u00e9s a fogak er\u0151ss\u00e9g\u00e9nek megtart\u00e1s\u00e1ra aj\u00e1nlott.<\/p>\n<h2>BioCo Szerves Magn\u00e9zium + B6-vitamin tabletta<\/h2>\n<p>A magn\u00e9zium rendszeres p\u00f3tl\u00e1sa kiemelten fontos az idegrendszer \u00e9s az izmok megfelel\u0151 m\u0171k\u00f6d\u00e9s\u00e9hez, k\u00f6zt\u00fck a sz\u00edvizom eg\u00e9szs\u00e9ges m\u0171k\u00f6d\u00e9s\u00e9hez is. Hi\u00e1nya t\u00f6bbek k\u00f6z\u00f6tt sz\u00edvprobl\u00e9m\u00e1kat, izomg\u00f6rcs\u00f6ket, viselked\u00e9szavarokat, szorong\u00e1st, depresszi\u00f3t, alv\u00e1szavarokat okozhat.<\/p>\n<p>A magn\u00e9ziumbevitelre k\u00fcl\u00f6n\u00f6sen oda kell figyelnie azoknak, akik fokozott stresszben \u00e9lnek, akt\u00edvan sportolnak, neh\u00e9z fizikai munk\u00e1t v\u00e9geznek, valamint cukorbetegek, de terhess\u00e9g, szoptat\u00e1s alatt, illetve id\u0151sebb korban is megn\u00f6vekedhet a szervezet magn\u00e9ziumig\u00e9nye.<\/p>\n<p>A BioCo k\u00e9sz\u00edtm\u00e9nye kiz\u00e1r\u00f3lag szerves k\u00f6t\u00e9s\u0171, j\u00f3l hasznosul\u00f3 magn\u00e9zium-citr\u00e1tot tartalmaz, B6-vitaminnal kieg\u00e9sz\u00edtve, amely el\u0151seg\u00edti a magn\u00e9zium felsz\u00edv\u00f3d\u00e1s\u00e1t, v\u00e9di az idegrendszert, cs\u00f6kkenti a f\u00e1rad\u00e9konys\u00e1got. M\u00c9KISZ \u201eTan\u00fas\u00edtott Min\u0151s\u00e9g\u201d v\u00e9djeggyel ell\u00e1tott term\u00e9k! Nem tartalmaz mesters\u00e9ges sz\u00ednez\u00e9ket, sem \u00e1llati eredet\u0171 \u00f6sszetev\u0151ket.<\/p>\n<h3>Mikor aj\u00e1nlott a BioCo szerves magn\u00e9zium + B6-vitamin?<\/h3>\n<ul>\n<li>a napi sz\u00fcks\u00e9ges magn\u00e9ziump\u00f3tl\u00e1shoz<\/li>\n<li>stresszes \u00e9letvitel eset\u00e9n<\/li>\n<li>megterhel\u0151 szellemi \u00e9s fizikai munkav\u00e9gz\u00e9sn\u00e9l<\/li>\n<li>gyakori izomg\u00f6rcs\u00f6kre, izomf\u00e1jdalmakra<\/li>\n<li>szapora sz\u00edvver\u00e9s, sz\u00edvritmuszavar jelentkez\u00e9s\u00e9n\u00e9l<\/li>\n<li>f\u00e1rad\u00e9konys\u00e1g, kimer\u00fclts\u00e9g eset\u00e9n<\/li>\n<li>roml\u00f3 koncentr\u00e1ci\u00f3n\u00e1l<\/li>\n<li>alv\u00e1sprobl\u00e9m\u00e1kn\u00e1l<\/li>\n<li>gyakori fejf\u00e1j\u00e1s, sz\u00e9d\u00fcl\u00e9s eset\u00e9n<\/li>\n<li>viselked\u00e9szavarokn\u00e1l<\/li>\n<li>lehangolts\u00e1gn\u00e1l, depresszi\u00f3n\u00e1l<\/li>\n<\/ul>\n<h3>Hat\u00f3anyagok 1 tablett\u00e1ban:<\/h3>\n<ul>\n<li>Magn\u00e9zium 100 mg (26,7 NRV%*)<\/li>\n<li>B6-vitamin 2 mg (142,9 NRV%*)<\/li>\n<\/ul>\n<p>*NRV%: Vitaminok \u00e9s \u00e1sv\u00e1nyi anyagok napi beviteli referencia\u00e9rt\u00e9ke %-ban (feln\u0151ttek eset\u00e9ben)<\/p>\n<h3>\u00d6sszetev\u0151k:<\/h3>\n<p>Magn\u00e9zium-citr\u00e1t; t\u00f6megn\u00f6vel\u0151 szer (mikrokrist\u00e1lyos cellul\u00f3z); csom\u00f3sod\u00e1st g\u00e1tl\u00f3k (talkum, magn\u00e9zium-sztear\u00e1t); piridoxin-hidroklorid.<\/p>\n<h3>Felhaszn\u00e1l\u00e1si javaslat:<\/h3>\n<p>A BioCo szerves magn\u00e9zium + B6-vitamin k\u00e9sz\u00edtm\u00e9ny napi aj\u00e1nlott adagja 1-2 tabletta, b\u0151 folyad\u00e9kkal kell lenyelni.<\/p>\n","protected":false},"excerpt":{"rendered":"<p>Szerves k\u00f6t\u00e9s\u0171 magn\u00e9ziumot (magn\u00e9zium-citr\u00e1tot) \u00e9s B6-vitamint tartalmaz\u00f3 k\u00e9sz\u00edtm\u00e9ny. Az idegrendszer \u00e9s az izmok megfelel\u0151 m\u0171k\u00f6d\u00e9s\u00e9nek t\u00e1mogat\u00e1s\u00e1ra, a csontok \u00e9s a fogak er\u0151ss\u00e9g\u00e9nek megtart\u00e1s\u00e1ra aj\u00e1nlott.<\/p>\n","protected":false},"featured_media":0,"comment_status":"closed","ping_status":"closed","template":"","meta":[],"product_cat":[73,60],"product_tag":[],"class_list":{"0":"post-5486","1":"product","2":"type-product","3":"status-publish","5":"product_brand-bioco","6":"product_cat-arvanyi-anyagok","7":"product_cat-vitaminok","9":"first","10":"instock","11":"purchasable","12":"product-type-simple"},"_links":{"self":[{"href":"https:\/\/vitamin.coredesign.hu\/index.php?rest_route=\/wp\/v2\/product\/5486","targetHints":{"allow":["GET"]}}],"collection":[{"href":"https:\/\/vitamin.coredesign.hu\/index.php?rest_route=\/wp\/v2\/product"}],"about":[{"href":"https:\/\/vitamin.coredesign.hu\/index.php?rest_route=\/wp\/v2\/types\/product"}],"replies":[{"embeddable":true,"href":"https:\/\/vitamin.coredesign.hu\/index.php?rest_route=%2Fwp%2Fv2%2Fcomments&post=5486"}],"wp:attachment":[{"href":"https:\/\/vitamin.coredesign.hu\/index.php?rest_route=%2Fwp%2Fv2%2Fmedia&parent=5486"}],"wp:term":[{"taxonomy":"product_cat","embeddable":true,"href":"https:\/\/vitamin.coredesign.hu\/index.php?rest_route=%2Fwp%2Fv2%2Fproduct_cat&post=5486"},{"taxonomy":"product_tag","embeddable":true,"href":"https:\/\/vitamin.coredesign.hu\/index.php?rest_route=%2Fwp%2Fv2%2Fproduct_tag&post=5486"}],"curies":[{"name":"wp","href":"https:\/\/api.w.org\/{rel}","templated":true}]}}