{"id":5478,"date":"2025-10-12T12:27:45","date_gmt":"2025-10-12T10:27:45","guid":{"rendered":"https:\/\/vitamin.coredesign.hu\/?product=bioco-l-karnitin-500mg-kapszula-60db"},"modified":"2026-01-08T23:25:48","modified_gmt":"2026-01-08T22:25:48","slug":"bioco-l-karnitin-500mg-kapszula-60db","status":"publish","type":"product","link":"https:\/\/vitamin.coredesign.hu\/?product=bioco-l-karnitin-500mg-kapszula-60db","title":{"rendered":"BioCo L-Karnitin 500mg kapszula \u2013 60db"},"content":{"rendered":"<p>&nbsp;<\/p>\n<div id=\"lt-accessibility-devtools\" aria-hidden=\"true\"><\/div>\n<p>Nagy d\u00f3zis\u00fa L-karnitint \u00e9s szerves k\u00f6t\u00e9s\u0171 kr\u00f3mot tartalmaz\u00f3 k\u00e9sz\u00edtm\u00e9ny. Fogy\u00f3k\u00far\u00e1z\u00f3knak \u00e9s sportol\u00f3knak kifejezetten aj\u00e1nlott term\u00e9szetes zs\u00edr\u00e9get\u0151, teljes\u00edtm\u00e9nyn\u00f6vel\u0151 \u00e9s v\u00e9rcukorszint-szab\u00e1lyz\u00f3 hat\u00e1s\u00e1val.<\/p>\n<h2>BioCo L-Karnitin kapszula \u2013 60db<\/h2>\n<p>Az L-karnitin a szervezetben term\u00e9szetes form\u00e1ban is megtal\u00e1lhat\u00f3 aminosavsz\u00e1rmaz\u00e9k. J\u00f3t\u00e9konyan hat a sz\u00edvm\u0171k\u00f6d\u00e9sre, az idegekre, az izmokra, lass\u00edtja az \u00f6reged\u00e9si folyamatokat. Fogy\u00f3k\u00far\u00e1z\u00f3k sz\u00e1m\u00e1ra az\u00e9rt hasznos a p\u00f3tl\u00e1sa, mert el\u0151seg\u00edti a zs\u00edrok energi\u00e1v\u00e1 alak\u00edt\u00e1s\u00e1t, serkenti a zs\u00edr\u00e9get\u00e9st, cs\u00f6kkenti a testzs\u00edr mennyis\u00e9g\u00e9t, \u00e9s m\u00e9g a teljes\u00edt\u0151k\u00e9pess\u00e9get is megn\u00f6veli.<\/p>\n<p>Az L-karnitin p\u00f3tl\u00e1sa sportol\u00f3knak, neh\u00e9z fizikai munk\u00e1t v\u00e9gz\u0151knek is aj\u00e1nlott, mert k\u00e9slelteti az kif\u00e1rad\u00e1st, gyors\u00edtja az izmok regener\u00e1l\u00f3d\u00e1s\u00e1t, megel\u0151zheti a sports\u00e9r\u00fcl\u00e9seket. A kr\u00f3m a v\u00e9rcukorszint szab\u00e1lyoz\u00e1sa mellett serkenti az anyagcser\u00e9t, cs\u00f6kkenti az \u00e9hes\u00e9g\u00e9rzetet, az \u00e9dess\u00e9gek \u00e9s a cukor ir\u00e1nti v\u00e1gyat. Az aminosavak be\u00e9p\u00fcl\u00e9s\u00e9nek t\u00e1mogat\u00e1s\u00e1val megel\u0151zheti a tests\u00falycs\u00f6kken\u00e9st k\u00eds\u00e9r\u0151 izomveszt\u00e9st is.<\/p>\n<p>A BioCo k\u00e9sz\u00edtm\u00e9nye emelt mennyis\u00e9g\u0171, adagonk\u00e9nt 500 mg L-karnitint tartalmaz \u00e9s kiz\u00e1r\u00f3lag j\u00f3l hasznosul\u00f3, szerves k\u00f6t\u00e9s\u0171 kr\u00f3mot.<\/p>\n<h3>Mikor aj\u00e1nlott a BioCo L-karnitin szerves k\u00f6t\u00e9s\u0171 kr\u00f3mmal?<\/h3>\n<ul>\n<li>fogy\u00f3k\u00fara, tests\u00falycs\u00f6kkent\u0151 di\u00e9ta kieg\u00e9sz\u00edt\u00e9sek\u00e9nt<\/li>\n<li>az \u00e9tv\u00e1gy cs\u00f6kkent\u00e9s\u00e9re<\/li>\n<li>a zs\u00edr\u00e9get\u00e9s el\u0151seg\u00edt\u00e9s\u00e9re<\/li>\n<li>akt\u00edv \u00e9letm\u00f3d, rendszeres sportol\u00e1s eset\u00e9n<\/li>\n<li>az er\u0151nl\u00e9t, az \u00e1ll\u00f3k\u00e9pess\u00e9g n\u00f6vel\u00e9s\u00e9re<\/li>\n<li>edz\u00e9sek ut\u00e1ni regener\u00e1ci\u00f3 gyors\u00edt\u00e1s\u00e1ra<\/li>\n<li>sports\u00e9r\u00fcl\u00e9sek megel\u0151z\u00e9s\u00e9re<\/li>\n<li>izomgyenges\u00e9g, izoml\u00e1z eset\u00e9n<\/li>\n<li>magas vagy ingadoz\u00f3 v\u00e9rcukorszintn\u00e9l<\/li>\n<\/ul>\n<h3>Hat\u00f3anyagok 2 kapszul\u00e1ban:<\/h3>\n<ul>\n<li>L-karnitin 500 mg<\/li>\n<li>Szerves k\u00f6t\u00e9s\u0171 kr\u00f3m 80 \u03bcg (200 NRV%*)<\/li>\n<\/ul>\n<p>*NRV%: Vitaminok \u00e9s \u00e1sv\u00e1nyi anyagok napi beviteli referencia\u00e9rt\u00e9ke %-ban (feln\u0151ttek eset\u00e9ben)<\/p>\n<h3>\u00d6sszetev\u0151k:<\/h3>\n<p>L-karnitin L-tartar\u00e1t; zselatin kapszulah\u00e9j; t\u00f6megn\u00f6vel\u0151 szer (mikrokrist\u00e1lyos cellul\u00f3z); csom\u00f3sod\u00e1st g\u00e1tl\u00f3 (talkum, szil\u00edcium-dioxid, magn\u00e9zium-sztear\u00e1t); kr\u00f3m(III)-pikolin\u00e1t.<\/p>\n<h3>Felhaszn\u00e1l\u00e1si javaslat:<\/h3>\n<p>A BioCo L-karnitin szerves k\u00f6t\u00e9s\u0171 kr\u00f3mmal k\u00e9sz\u00edtm\u00e9ny napi aj\u00e1nlott adagja 2 kapszula. Lehet\u0151leg testmozg\u00e1s el\u0151tt egy-k\u00e9t \u00f3r\u00e1val, b\u0151 folyad\u00e9kkal kell bevenni. A k\u00e9sz\u00edtm\u00e9ny folyamatos szed\u00e9se javasolt a fogy\u00f3k\u00fara teljes id\u0151szaka alatt.<\/p>\n","protected":false},"excerpt":{"rendered":"<p>Nagy d\u00f3zis\u00fa L-karnitint \u00e9s szerves k\u00f6t\u00e9s\u0171 kr\u00f3mot tartalmaz\u00f3 k\u00e9sz\u00edtm\u00e9ny. Fogy\u00f3k\u00far\u00e1z\u00f3knak \u00e9s sportol\u00f3knak kifejezetten aj\u00e1nlott term\u00e9szetes zs\u00edr\u00e9get\u0151, teljes\u00edtm\u00e9nyn\u00f6vel\u0151 \u00e9s v\u00e9rcukorszint-szab\u00e1lyz\u00f3 hat\u00e1s\u00e1val.<\/p>\n","protected":false},"featured_media":5479,"comment_status":"closed","ping_status":"open","template":"","meta":[],"product_cat":[61],"product_tag":[],"class_list":{"0":"post-5478","1":"product","2":"type-product","3":"status-publish","4":"has-post-thumbnail","6":"product_brand-bioco","7":"product_cat-etrend-kiegeszitok","9":"first","10":"instock","11":"purchasable","12":"product-type-simple"},"_links":{"self":[{"href":"https:\/\/vitamin.coredesign.hu\/index.php?rest_route=\/wp\/v2\/product\/5478","targetHints":{"allow":["GET"]}}],"collection":[{"href":"https:\/\/vitamin.coredesign.hu\/index.php?rest_route=\/wp\/v2\/product"}],"about":[{"href":"https:\/\/vitamin.coredesign.hu\/index.php?rest_route=\/wp\/v2\/types\/product"}],"replies":[{"embeddable":true,"href":"https:\/\/vitamin.coredesign.hu\/index.php?rest_route=%2Fwp%2Fv2%2Fcomments&post=5478"}],"wp:featuredmedia":[{"embeddable":true,"href":"https:\/\/vitamin.coredesign.hu\/index.php?rest_route=\/wp\/v2\/media\/5479"}],"wp:attachment":[{"href":"https:\/\/vitamin.coredesign.hu\/index.php?rest_route=%2Fwp%2Fv2%2Fmedia&parent=5478"}],"wp:term":[{"taxonomy":"product_cat","embeddable":true,"href":"https:\/\/vitamin.coredesign.hu\/index.php?rest_route=%2Fwp%2Fv2%2Fproduct_cat&post=5478"},{"taxonomy":"product_tag","embeddable":true,"href":"https:\/\/vitamin.coredesign.hu\/index.php?rest_route=%2Fwp%2Fv2%2Fproduct_tag&post=5478"}],"curies":[{"name":"wp","href":"https:\/\/api.w.org\/{rel}","templated":true}]}}