{"id":5465,"date":"2025-10-12T12:27:45","date_gmt":"2025-10-12T10:27:45","guid":{"rendered":"https:\/\/vitamin.coredesign.hu\/?product=bioco-spirulina-megapack-200db"},"modified":"2026-01-08T23:25:42","modified_gmt":"2026-01-08T22:25:42","slug":"bioco-spirulina-megapack-200db","status":"publish","type":"product","link":"https:\/\/vitamin.coredesign.hu\/?product=bioco-spirulina-megapack-200db","title":{"rendered":"BioCo Spirulina megapack \u2013 200db"},"content":{"rendered":"<p>&nbsp;<\/p>\n<div id=\"lt-accessibility-devtools\" aria-hidden=\"true\"><\/div>\n<p>Spirulina alg\u00e1t tartalmaz\u00f3 k\u00e9sz\u00edtm\u00e9ny, nagy kiszerel\u00e9s\u0171 MEGAPACK tablettacsomagban. Immuner\u0151s\u00edt\u00e9sre, m\u00e9regtelen\u00edt\u00e9sre, b\u00e9lfl\u00f3ra-helyre\u00e1ll\u00edt\u00e1sra aj\u00e1nlott els\u0151sorban. Glut\u00e9nmentes, lakt\u00f3zmentes, veg\u00e1n term\u00e9k.<\/p>\n<h2>BioCo Spirulina megapack<\/h2>\n<p>A spirulina kiv\u00e1l\u00f3 m\u00e9regtelen\u00edt\u0151 \u00e9s immuner\u0151s\u00edt\u0151 alga. Tele van \u00e9rt\u00e9kes vitaminokkal, \u00e1sv\u00e1nyi anyagokkal, nyomelemekkel, enzimekkel, feh\u00e9rj\u00e9kkel. Felt\u00f6lti a szervezetet a sz\u00fcks\u00e9ges t\u00e1panyagokkal, r\u00e1ad\u00e1sul sok klorofillt tartalmaz, amely megk\u00f6ti a szervezetbe ker\u00fclt m\u00e9reganyagokat; a neh\u00e9zf\u00e9meket, vegyszereket, adal\u00e9kanyagokat.<\/p>\n<p>A spirulina term\u00e9szetes probiotikumk\u00e9nt seg\u00edt helyre\u00e1ll\u00edtani a b\u00e9lfl\u00f3ra egyens\u00faly\u00e1t, kitiszt\u00edtja a beleket, serkenti az anyagcser\u00e9t, ezzel az ide\u00e1lis tests\u00faly el\u00e9r\u00e9s\u00e9t is t\u00e1mogatja. \u00c9telintolerancia eset\u00e9n is aj\u00e1nlott a fogyaszt\u00e1sa, mert term\u00e9szetes hisztaminlebont\u00f3 hat\u00e1s\u00fa. Sok A-vitamint tartalmaz, amely n\u00e9lk\u00fcl\u00f6zhetetlen a megfelel\u0151 l\u00e1t\u00e1shoz \u00e9s a b\u0151r eg\u00e9szs\u00e9g\u00e9hez.<\/p>\n<p>A BioCo k\u00e9sz\u00edtm\u00e9nye jelent\u0151s, 12% fikocianin-tartalm\u00fa, amely a spirulina egyik leg\u00e9rt\u00e9kesebb pigmentje. Glut\u00e9nmentes, lakt\u00f3zmentes, sz\u00ednez\u00e9kmentes, veg\u00e1n term\u00e9k. A tablett\u00e1k kism\u00e9ret\u0171ek, k\u00f6nnyen lenyelhet\u0151k.<\/p>\n<h3>Mikor aj\u00e1nlott a BioCo Spirulina MEGAPACK?<\/h3>\n<ul>\n<li>term\u00e9szetes vitamin- \u00e9s \u00e1sv\u00e1nyianyag-p\u00f3tl\u00e1sra<\/li>\n<li>gyakori betegesked\u00e9sre, visszat\u00e9r\u0151 fert\u0151z\u00e9sekre<\/li>\n<li>betegs\u00e9g, m\u0171t\u00e9t ut\u00e1ni l\u00e1badoz\u00e1skor<\/li>\n<li>em\u00e9szt\u00e9si probl\u00e9m\u00e1kra, felsz\u00edv\u00f3d\u00e1si zavarokra<\/li>\n<li>allergi\u00e1n\u00e1l, \u00e9telintoleranci\u00e1n\u00e1l<\/li>\n<li>b\u00e9lfl\u00f3ra-helyre\u00e1ll\u00edt\u00e1sra<\/li>\n<li>m\u00e9regtelen\u00edt\u00e9sre, fogy\u00f3k\u00fara kieg\u00e9sz\u00edt\u00e9s\u00e9re<\/li>\n<li>l\u00e1t\u00e1sroml\u00e1sra, sz\u00fcrk\u00fcleti vaks\u00e1gra<\/li>\n<li>magas v\u00e9rnyom\u00e1sra<\/li>\n<li>magas koleszterinszintre<\/li>\n<li>v\u00e9rszeg\u00e9nys\u00e9gre, f\u00e1rad\u00e9konys\u00e1gra<\/li>\n<\/ul>\n<h3>Hat\u00f3anyagok 1 tablett\u00e1ban:<\/h3>\n<ul>\n<li>Spirulina (Arthrospira Platensis) alga por 300 mg<\/li>\n<li>\u2013 amelyb\u0151l fikocianin 36 mg<\/li>\n<\/ul>\n<h3>\u00d6sszetev\u0151k:<\/h3>\n<p>Spirulina (Arthrospira Platensis) alga por; t\u00f6megn\u00f6vel\u0151 szer (mikrokrist\u00e1lyos cellul\u00f3z);\u00a0f\u00e9nyez\u0151anyagok (zs\u00edrsavak); csom\u00f3sod\u00e1st g\u00e1tl\u00f3 (szil\u00edcium-dioxid).<\/p>\n<h3>Felhaszn\u00e1l\u00e1si javaslat:<\/h3>\n<p>A BioCo Spirulina MEGAPACK k\u00e9sz\u00edtm\u00e9ny napi aj\u00e1nlott adagja 1-8 tabletta, b\u0151 folyad\u00e9kkal kell lenyelni.<\/p>\n","protected":false},"excerpt":{"rendered":"<p>Spirulina alg\u00e1t tartalmaz\u00f3 k\u00e9sz\u00edtm\u00e9ny, nagy kiszerel\u00e9s\u0171 MEGAPACK tablettacsomagban. Immuner\u0151s\u00edt\u00e9sre, m\u00e9regtelen\u00edt\u00e9sre, b\u00e9lfl\u00f3ra-helyre\u00e1ll\u00edt\u00e1sra aj\u00e1nlott els\u0151sorban. Glut\u00e9nmentes, lakt\u00f3zmentes, veg\u00e1n term\u00e9k.<\/p>\n","protected":false},"featured_media":5466,"comment_status":"closed","ping_status":"open","template":"","meta":[],"product_cat":[61],"product_tag":[],"class_list":{"0":"post-5465","1":"product","2":"type-product","3":"status-publish","4":"has-post-thumbnail","6":"product_brand-bioco","7":"product_cat-etrend-kiegeszitok","9":"first","10":"instock","11":"purchasable","12":"product-type-simple"},"_links":{"self":[{"href":"https:\/\/vitamin.coredesign.hu\/index.php?rest_route=\/wp\/v2\/product\/5465","targetHints":{"allow":["GET"]}}],"collection":[{"href":"https:\/\/vitamin.coredesign.hu\/index.php?rest_route=\/wp\/v2\/product"}],"about":[{"href":"https:\/\/vitamin.coredesign.hu\/index.php?rest_route=\/wp\/v2\/types\/product"}],"replies":[{"embeddable":true,"href":"https:\/\/vitamin.coredesign.hu\/index.php?rest_route=%2Fwp%2Fv2%2Fcomments&post=5465"}],"wp:featuredmedia":[{"embeddable":true,"href":"https:\/\/vitamin.coredesign.hu\/index.php?rest_route=\/wp\/v2\/media\/5466"}],"wp:attachment":[{"href":"https:\/\/vitamin.coredesign.hu\/index.php?rest_route=%2Fwp%2Fv2%2Fmedia&parent=5465"}],"wp:term":[{"taxonomy":"product_cat","embeddable":true,"href":"https:\/\/vitamin.coredesign.hu\/index.php?rest_route=%2Fwp%2Fv2%2Fproduct_cat&post=5465"},{"taxonomy":"product_tag","embeddable":true,"href":"https:\/\/vitamin.coredesign.hu\/index.php?rest_route=%2Fwp%2Fv2%2Fproduct_tag&post=5465"}],"curies":[{"name":"wp","href":"https:\/\/api.w.org\/{rel}","templated":true}]}}