{"id":5461,"date":"2025-10-12T12:27:45","date_gmt":"2025-10-12T10:27:45","guid":{"rendered":"https:\/\/vitamin.coredesign.hu\/?product=bioco-fahej-tabletta-60db"},"modified":"2026-01-08T23:25:40","modified_gmt":"2026-01-08T22:25:40","slug":"bioco-fahej-tabletta-60db","status":"publish","type":"product","link":"https:\/\/vitamin.coredesign.hu\/?product=bioco-fahej-tabletta-60db","title":{"rendered":"BioCo fah\u00e9j tabletta \u2013 60db"},"content":{"rendered":"<p>&nbsp;<\/p>\n<div id=\"lt-accessibility-devtools\" aria-hidden=\"true\"><\/div>\n<p>Fah\u00e9jat, kr\u00f3mot \u00e9s kapormagot tartalmaz\u00f3 k\u00e9sz\u00edtm\u00e9ny. Hat\u00f3anyagai hozz\u00e1j\u00e1rulnak a norm\u00e1l v\u00e9rcukorszint fenntart\u00e1s\u00e1hoz. Els\u0151sorban diab\u00e9tesz, IR, magas koleszterinszint eset\u00e9n aj\u00e1nlott, valamint fogy\u00f3k\u00far\u00e1s \u00e9trend kieg\u00e9sz\u00edt\u00e9s\u00e9re.<\/p>\n<h2>BioCo fah\u00e9j tabletta \u2013 60db<\/h2>\n<p>A fah\u00e9j \u00e9s a kr\u00f3m fogyaszt\u00e1sa nagyon hasznos lehet magas, illetve ingadoz\u00f3 v\u00e9rcukorszint eset\u00e9n, mert term\u00e9szetes \u00faton jav\u00edtj\u00e1k a sz\u00e9nhidr\u00e1t-anyagcser\u00e9t, hozz\u00e1j\u00e1rulnak az optim\u00e1lis v\u00e9rcukorszint el\u00e9r\u00e9s\u00e9hez \u00e9s fenntart\u00e1s\u00e1hoz. Fogy\u00f3k\u00far\u00e1z\u00f3k sz\u00e1m\u00e1ra is aj\u00e1nlottak, mert cs\u00f6kkentik az \u00e9hs\u00e9g\u00e9rzetet, az \u00e9dess\u00e9g ut\u00e1ni v\u00e1gyat, serkentik az anyagcser\u00e9t, a zs\u00edr\u00e9get\u00e9st.<\/p>\n<p>A kapormagban l\u00e9v\u0151 term\u00e9szetes vegy\u00fcletek j\u00f3t\u00e9kony hat\u00e1ssal vannak az inzulinszintre, emellett el\u0151seg\u00edtik a lerak\u00f3dott salakanyagok \u00e9s m\u00e9reganyagok, tov\u00e1bb\u00e1 a feleslegesen pang\u00f3 v\u00edz ki\u00fcr\u00edt\u00e9s\u00e9t, er\u0151s l\u00fagos\u00edt\u00f3 hat\u00e1s\u00faak.<\/p>\n<p>A BioCo k\u00e9sz\u00edtm\u00e9ny\u00e9ben 1 tabletta kivonattartalma megfelel 1500 mg fah\u00e9j, illetve 1000 mg kapormag sz\u00e1r\u00edtott n\u00f6v\u00e9nyi \u0151rlem\u00e9ny\u00e9nek. A tabletta nem tartalmaz \u00e1llati eredet\u0171 \u00f6sszetev\u0151ket, veg\u00e1nok is szedhetik.<\/p>\n<h3>Mikor aj\u00e1nlott a BioCo Fah\u00e9j kivonat kr\u00f3mmal \u00e9s kapormag kivonattal?<\/h3>\n<ul>\n<li>magas vagy ingadoz\u00f3 v\u00e9rcukorszintn\u00e9l<\/li>\n<li>inzulinrezisztencia, cukorbetegs\u00e9g eset\u00e9n<\/li>\n<li>lass\u00fa anyagcsere serkent\u00e9s\u00e9re<\/li>\n<li>a t\u00fals\u00faly k\u00f6nnyebb lead\u00e1s\u00e1hoz<\/li>\n<li>magas koleszterinszintre<\/li>\n<li>magas v\u00e9rnyom\u00e1sra<\/li>\n<li>em\u00e9szt\u00e9si probl\u00e9m\u00e1kra<\/li>\n<li>m\u00e9regtelen\u00edt\u00e9shez, l\u00fagos\u00edt\u00e1shoz<\/li>\n<\/ul>\n<h3>Hat\u00f3anyagok 1 tablett\u00e1ban:<\/h3>\n<ul>\n<li>Kr\u00f3m 120 \u03bcg (300 NRV%*)<\/li>\n<li>Fah\u00e9jkivonat 150 mg<\/li>\n<li>Kapormagkivonat 100 mg<\/li>\n<\/ul>\n<p>*NRV%: Vitaminok \u00e9s \u00e1sv\u00e1nyi anyagok napi beviteli referencia\u00e9rt\u00e9ke %-ban (feln\u0151ttek eset\u00e9ben)<\/p>\n<h3>\u00d6sszetev\u0151k:<\/h3>\n<p>T\u00f6megn\u00f6vel\u0151 szer (mikrokrist\u00e1lyos cellul\u00f3z); maltodextrin; fah\u00e9jkivonat (150 mg\/tabletta); kapormagkivonat (100 mg\/tabletta); f\u00e9nyez\u0151anyag (zs\u00edrsavak); csom\u00f3sod\u00e1st g\u00e1tl\u00f3k (talkum, szil\u00edcium-dioxid); kr\u00f3m (III)-pikolin\u00e1t.<\/p>\n<h3>Felhaszn\u00e1l\u00e1si javaslat:<\/h3>\n<p>A BioCo Fah\u00e9j kivonat kr\u00f3mmal \u00e9s kapormag kivonattal k\u00e9sz\u00edtm\u00e9ny napi aj\u00e1nlott adagja 1 tabletta, b\u0151 folyad\u00e9kkal kell lenyelni.<\/p>\n","protected":false},"excerpt":{"rendered":"<p>Fah\u00e9jat, kr\u00f3mot \u00e9s kapormagot tartalmaz\u00f3 k\u00e9sz\u00edtm\u00e9ny. Hat\u00f3anyagai hozz\u00e1j\u00e1rulnak a norm\u00e1l v\u00e9rcukorszint fenntart\u00e1s\u00e1hoz. Els\u0151sorban diab\u00e9tesz, IR, magas koleszterinszint eset\u00e9n aj\u00e1nlott, valamint fogy\u00f3k\u00far\u00e1s \u00e9trend kieg\u00e9sz\u00edt\u00e9s\u00e9re.<\/p>\n","protected":false},"featured_media":5462,"comment_status":"closed","ping_status":"open","template":"","meta":[],"product_cat":[61],"product_tag":[],"class_list":{"0":"post-5461","1":"product","2":"type-product","3":"status-publish","4":"has-post-thumbnail","6":"product_brand-bioco","7":"product_cat-etrend-kiegeszitok","9":"first","10":"instock","11":"purchasable","12":"product-type-simple"},"_links":{"self":[{"href":"https:\/\/vitamin.coredesign.hu\/index.php?rest_route=\/wp\/v2\/product\/5461","targetHints":{"allow":["GET"]}}],"collection":[{"href":"https:\/\/vitamin.coredesign.hu\/index.php?rest_route=\/wp\/v2\/product"}],"about":[{"href":"https:\/\/vitamin.coredesign.hu\/index.php?rest_route=\/wp\/v2\/types\/product"}],"replies":[{"embeddable":true,"href":"https:\/\/vitamin.coredesign.hu\/index.php?rest_route=%2Fwp%2Fv2%2Fcomments&post=5461"}],"wp:featuredmedia":[{"embeddable":true,"href":"https:\/\/vitamin.coredesign.hu\/index.php?rest_route=\/wp\/v2\/media\/5462"}],"wp:attachment":[{"href":"https:\/\/vitamin.coredesign.hu\/index.php?rest_route=%2Fwp%2Fv2%2Fmedia&parent=5461"}],"wp:term":[{"taxonomy":"product_cat","embeddable":true,"href":"https:\/\/vitamin.coredesign.hu\/index.php?rest_route=%2Fwp%2Fv2%2Fproduct_cat&post=5461"},{"taxonomy":"product_tag","embeddable":true,"href":"https:\/\/vitamin.coredesign.hu\/index.php?rest_route=%2Fwp%2Fv2%2Fproduct_tag&post=5461"}],"curies":[{"name":"wp","href":"https:\/\/api.w.org\/{rel}","templated":true}]}}