{"id":5456,"date":"2025-10-12T12:27:02","date_gmt":"2025-10-12T10:27:02","guid":{"rendered":"https:\/\/vitamin.coredesign.hu\/?product=bioco-c-vitamin-1000mg-italpor-120-adag"},"modified":"2026-01-08T23:25:33","modified_gmt":"2026-01-08T22:25:33","slug":"bioco-c-vitamin-1000mg-italpor-120-adag","status":"publish","type":"product","link":"https:\/\/vitamin.coredesign.hu\/?product=bioco-c-vitamin-1000mg-italpor-120-adag","title":{"rendered":"BioCo C vitamin 1000mg italpor \u2013 120 adag"},"content":{"rendered":"<p>&nbsp;<\/p>\n<div id=\"lt-accessibility-devtools\" aria-hidden=\"true\"><\/div>\n<p>Adagonk\u00e9nt 1000 mg C-vitamint tartalmaz\u00f3 italpor, gy\u00f6mb\u00e9res-citromos term\u00e9szetes arom\u00e1val. Gy\u00fcm\u00f6lcsl\u00e9ben, te\u00e1ban, v\u00edzben is feloldhat\u00f3. K\u00fcl\u00f6n\u00f6sen aj\u00e1nlott C-vitamin-p\u00f3tl\u00e1sra azoknak, akik nehezen nyelik le a tablett\u00e1kat, kapszul\u00e1kat.<\/p>\n<h2>BioCo C vitamin 1000mg italpor<\/h2>\n<p>A C-vitaminos italpor term\u00e9szetes arom\u00e1val k\u00e9sz\u00fclt, finom gy\u00f6mb\u00e9res-citromos \u00edz\u0171. Ig\u00e9ny szerint elkeverhet\u0151 langyos (nem forr\u00f3) te\u00e1ban, gy\u00fcm\u00f6lcsl\u00e9ben, vagy melegebb id\u0151szakban egyszer\u0171en v\u00edzben. Kifejezetten aj\u00e1nlott azok sz\u00e1m\u00e1ra, akik nyel\u00e9si neh\u00e9zs\u00e9ggel k\u00fcszk\u00f6dnek, p\u00e9ld\u00e1ul az id\u0151sebb korban l\u00e9v\u0151knek.<\/p>\n<p>A C-vitamin folyamatos p\u00f3tl\u00e1sra fontos odafigyelni, mert az emberi szervezet nem k\u00e9pes el\u0151\u00e1ll\u00edtani. N\u00e9lk\u00fcl\u00f6zhetetlen t\u00f6bbek k\u00f6z\u00f6tt az immunrendszer \u00e9s az idegrendszer megfelel\u0151 m\u0171k\u00f6d\u00e9s\u00e9hez, a stressz, a kif\u00e1rad\u00e1s cs\u00f6kkent\u00e9s\u00e9hez, az erek v\u00e9delm\u00e9hez, valamint a vas felsz\u00edv\u00f3d\u00e1s\u00e1hoz. Antioxid\u00e1nsk\u00e9nt v\u00e9di a sejteket a k\u00e1rosod\u00e1st\u00f3l, n\u00f6veli a fert\u0151z\u00e9sekkel, betegs\u00e9gekkel szembeni ellen\u00e1ll\u00f3 k\u00e9pess\u00e9get.<\/p>\n<p>A BioCo k\u00e9sz\u00edtm\u00e9nye adagonk\u00e9nt 1000 mg C-vitamint tartalmaz. Az italpor gyorsan old\u00f3d\u00f3, k\u00f6nnyen elk\u00e9sz\u00edthet\u0151. Cukormentes, \u00edgy azok is b\u00e1tran fogyaszthatj\u00e1k, akik \u00fcgyelnek a napi cukorbevitelre. A csomagban 120 adagnyi C-vitamin-italpor tal\u00e1lhat\u00f3.<\/p>\n<h3>Mikor aj\u00e1nlott a BioCo C-vitamin italpor 1000 mg?<\/h3>\n<ul>\n<li>a napi sz\u00fcks\u00e9ges C-vitamin p\u00f3tl\u00e1s\u00e1ra, fokozott vitaminsz\u00fcks\u00e9glet eset\u00e9n is<\/li>\n<li>az immunrendszer megfelel\u0151 m\u0171k\u00f6d\u00e9s\u00e9nek t\u00e1mogat\u00e1s\u00e1ra<\/li>\n<li>a fert\u0151z\u00e9sekkel, betegs\u00e9gekkel szembeni ellen\u00e1ll\u00f3 k\u00e9pess\u00e9g n\u00f6vel\u00e9s\u00e9re<\/li>\n<li>betegs\u00e9g eset\u00e9n a gy\u00f3gyul\u00e1si folyamatok felgyors\u00edt\u00e1s\u00e1ra<\/li>\n<li>a f\u00e1radts\u00e1g \u00e9s a kif\u00e1rad\u00e1s cs\u00f6kkent\u00e9s\u00e9re<\/li>\n<li>a sejtek oxidat\u00edv stresszel szembeni v\u00e9delm\u00e9re<\/li>\n<li>az idegrendszer kiegyens\u00falyozott m\u0171k\u00f6d\u00e9s\u00e9nek el\u0151seg\u00edt\u00e9s\u00e9re<\/li>\n<li>a sz\u00edv \u00e9s az \u00e9rrendszer eg\u00e9szs\u00e9g\u00e9nek t\u00e1mogat\u00e1s\u00e1ra<\/li>\n<li>a porcok, az \u00edz\u00fcletek az \u00ednszalagok, valamint a fog\u00edny eg\u00e9szs\u00e9g\u00e9nek meg\u0151rz\u00e9s\u00e9re<\/li>\n<li>a b\u0151r, a haj \u00e9s a k\u00f6rm\u00f6k sz\u00e9ps\u00e9g\u00e9nek, er\u0151ss\u00e9g\u00e9nek fenntart\u00e1s\u00e1ra<\/li>\n<\/ul>\n<h3>Hat\u00f3anyagok 1 adag italporban (1,9 g):<\/h3>\n<ul>\n<li>C-vitamin 1000 mg (1250 NRV%*)<\/li>\n<\/ul>\n<p>*NRV%: Vitaminok \u00e9s \u00e1sv\u00e1nyi anyagok napi beviteli referencia\u00e9rt\u00e9ke %-ban (feln\u0151ttek eset\u00e9ben)<\/p>\n<h3>\u00d6sszetev\u0151k:<\/h3>\n<p>L-aszkorbinsav; maltodextrin; gy\u00f6mb\u00e9r\u00edz\u0171 term\u00e9szetes aroma; citrom\u00edz\u0171 term\u00e9szetes aroma; \u00e9des\u00edt\u0151szer (szukral\u00f3z).<\/p>\n<h3>Felhaszn\u00e1l\u00e1si javaslat:<\/h3>\n<p>A BioCo C-vitamin k\u00e9sz\u00edtm\u00e9ny napi aj\u00e1nlott adagja feln\u0151tteknek 1-2 adag italpor. Elkeverhet\u0151 langyos (nem forr\u00f3!) te\u00e1ban, gy\u00fcm\u00f6lcsl\u00e9ben vagy v\u00edzben.<\/p>\n","protected":false},"excerpt":{"rendered":"<p>Adagonk\u00e9nt 1000 mg C-vitamint tartalmaz\u00f3 italpor, gy\u00f6mb\u00e9res-citromos term\u00e9szetes arom\u00e1val. Gy\u00fcm\u00f6lcsl\u00e9ben, te\u00e1ban, v\u00edzben is feloldhat\u00f3. K\u00fcl\u00f6n\u00f6sen aj\u00e1nlott C-vitamin-p\u00f3tl\u00e1sra azoknak, akik nehezen nyelik le a tablett\u00e1kat, kapszul\u00e1kat.<\/p>\n","protected":false},"featured_media":0,"comment_status":"closed","ping_status":"open","template":"","meta":[],"product_cat":[60],"product_tag":[],"class_list":{"0":"post-5456","1":"product","2":"type-product","3":"status-publish","5":"product_brand-bioco","6":"product_cat-vitaminok","8":"first","9":"instock","10":"purchasable","11":"product-type-simple"},"_links":{"self":[{"href":"https:\/\/vitamin.coredesign.hu\/index.php?rest_route=\/wp\/v2\/product\/5456","targetHints":{"allow":["GET"]}}],"collection":[{"href":"https:\/\/vitamin.coredesign.hu\/index.php?rest_route=\/wp\/v2\/product"}],"about":[{"href":"https:\/\/vitamin.coredesign.hu\/index.php?rest_route=\/wp\/v2\/types\/product"}],"replies":[{"embeddable":true,"href":"https:\/\/vitamin.coredesign.hu\/index.php?rest_route=%2Fwp%2Fv2%2Fcomments&post=5456"}],"wp:attachment":[{"href":"https:\/\/vitamin.coredesign.hu\/index.php?rest_route=%2Fwp%2Fv2%2Fmedia&parent=5456"}],"wp:term":[{"taxonomy":"product_cat","embeddable":true,"href":"https:\/\/vitamin.coredesign.hu\/index.php?rest_route=%2Fwp%2Fv2%2Fproduct_cat&post=5456"},{"taxonomy":"product_tag","embeddable":true,"href":"https:\/\/vitamin.coredesign.hu\/index.php?rest_route=%2Fwp%2Fv2%2Fproduct_tag&post=5456"}],"curies":[{"name":"wp","href":"https:\/\/api.w.org\/{rel}","templated":true}]}}