{"id":5427,"date":"2025-10-12T12:27:02","date_gmt":"2025-10-12T10:27:02","guid":{"rendered":"https:\/\/vitamin.coredesign.hu\/?product=bioco-kurkuma-kivonat-7500mg-tomjenfa-kivonattal-kapszula-60db"},"modified":"2026-01-08T23:25:19","modified_gmt":"2026-01-08T22:25:19","slug":"bioco-kurkuma-kivonat-7500mg-tomjenfa-kivonattal-kapszula-60db","status":"publish","type":"product","link":"https:\/\/vitamin.coredesign.hu\/?product=bioco-kurkuma-kivonat-7500mg-tomjenfa-kivonattal-kapszula-60db","title":{"rendered":"BioCo Kurkuma kivonat 7500mg T\u00f6mj\u00e9nfa kivonattal kapszula \u2013 60db"},"content":{"rendered":"<p>&nbsp;<\/p>\n<div id=\"lt-accessibility-devtools\" aria-hidden=\"true\"><\/div>\n<p>Magas, 50-szeres koncentr\u00e1ci\u00f3j\u00fa kurkumakivonatot, valamint t\u00f6mj\u00e9nfakivonatot, C-vitamint \u00e9s E-vitamint tartalmaz\u00f3 k\u00e9sz\u00edtm\u00e9ny. Gyullad\u00e1scs\u00f6kkent\u00e9sre aj\u00e1nlott, els\u0151sorban \u00edz\u00fcleti \u00e9s reumatikus panaszok eset\u00e9n.<\/p>\n<h2>BioCo Kurkuma kivonat 7500mg T\u00f6mj\u00e9nfa kivonattal kapszula<\/h2>\n<p>A kurkum\u00e1ban l\u00e9v\u0151 n\u00f6v\u00e9nyi hat\u00f3anyagok igen er\u0151s gyullad\u00e1scs\u00f6kkent\u0151, f\u00e1jdalomcsillap\u00edt\u00f3 hat\u00e1s\u00faak. Leggyakrabban \u00edz\u00fcleti gyullad\u00e1sra, reumatikus panaszokra alkalmazz\u00e1k, mert gyorsan cs\u00f6kkenti a f\u00e1jdalmat, a merevs\u00e9get, jav\u00edtja a mozgathat\u00f3s\u00e1got. Gyullad\u00e1sos b\u00e9lbetegs\u00e9gek, p\u00e9ld\u00e1ul IBS, Chron-betegs\u00e9g vagy b\u00e9lhurut eset\u00e9n is nagyon eredm\u00e9nyes.<\/p>\n<p>Az indiai t\u00f6mj\u00e9nfa (Boswellia serrata) is kiemelked\u0151 gyullad\u00e1scs\u00f6kkent\u0151 gy\u00f3gyn\u00f6v\u00e9ny, fel\u00e9r a nem szteroidos gyullad\u00e1scs\u00f6kkent\u0151 gy\u00f3gyszerek hat\u00e1s\u00e1val. A benne l\u00e9v\u0151 boswellinsav v\u00e9di az \u00edz\u00fcleti sz\u00f6veteket a k\u00e1rosod\u00e1st\u00f3l, er\u0151s\u00edti a porcokat, a csontokat. Biztons\u00e1gos a haszn\u00e1lata, hamar kifejti j\u00f3t\u00e9kony hat\u00e1s\u00e1t, \u00e9s nem irrit\u00e1lja a gyomrot.<\/p>\n<p>A BioCo k\u00e9sz\u00edtm\u00e9nye a n\u00f6v\u00e9nyi \u0151rlem\u00e9nyekkel szemben koncentr\u00e1lt kivonat form\u00e1j\u00e1ban tartalmazza a kurkum\u00e1t, igen magas, 50-szeres koncentr\u00e1ci\u00f3ban. A kurkuma \u00e9s a t\u00f6mj\u00e9nfa mellett az \u00ednakat, \u00ednszalagokat er\u0151s\u00edt\u0151 C-vitamint \u00e9s antioxid\u00e1ns hat\u00e1s\u00fa, a sejtk\u00e1rosod\u00e1s ellen v\u00e9d\u0151 E-vitamint is tartalmaz.<\/p>\n<h3>Mikor aj\u00e1nlott a BioCo Kurkuma kivonat 7500 T\u00f6mj\u00e9nfa kivonattal?<\/h3>\n<ul>\n<li>gyullad\u00e1scs\u00f6kkent\u00e9sre, f\u00e1jdalomcsillap\u00edt\u00e1sra<\/li>\n<li>\u00edz\u00fcleti gyullad\u00e1sra, merevs\u00e9gre<\/li>\n<li>porckop\u00e1sos \u00edz\u00fcleti f\u00e1jdalomra<\/li>\n<li>\u00fcl\u0151- vagy \u00e1ll\u00f3munka miatti \u00edz\u00fcleti probl\u00e9m\u00e1kra<\/li>\n<li>reum\u00e1s panaszokra<\/li>\n<li>\u00f6d\u00e9m\u00e1k cs\u00f6kkent\u00e9s\u00e9re<\/li>\n<li>gyullad\u00e1sos b\u00e9lbetegs\u00e9gekre<\/li>\n<\/ul>\n<h3>Hat\u00f3anyagok 1 tablett\u00e1ban:<\/h3>\n<ul>\n<li>Kurkumakivonat (50:1) 150 mg<\/li>\n<li>T\u00f6mj\u00e9nfakivonat 100 mg<br \/>\namelyb\u0151l boswellinsav 60 mg<\/li>\n<li>C-vitamin 80 mg (100 NRV%*)<\/li>\n<li>E-vitamin 10 mg (83,3 NRV%*)<\/li>\n<\/ul>\n<p>*NRV%: Vitaminok \u00e9s \u00e1sv\u00e1nyi anyagok napi beviteli referencia\u00e9rt\u00e9ke %-ban (feln\u0151ttek eset\u00e9ben)<\/p>\n<h3>\u00d6sszetev\u0151k:<\/h3>\n<p>Kurkumakivonat (50:1); t\u00f6mj\u00e9nfakivonat; zselatin kapszulah\u00e9j; L-aszkorbinsav; DL-alfa-tokoferil-acet\u00e1t; csom\u00f3sod\u00e1st g\u00e1tl\u00f3k (talkum, szil\u00edcium-dioxid).<\/p>\n<h3>Felhaszn\u00e1l\u00e1si javaslat:<\/h3>\n<p>A BioCo Kurkuma kivonat 7500 T\u00f6mj\u00e9nfa kivonattal k\u00e9sz\u00edtm\u00e9ny napi aj\u00e1nlott adagja 1 tabletta, b\u0151 folyad\u00e9kkal kell lenyelni.<\/p>\n<p><strong>Figyelmeztet\u00e9s:<\/strong>\u00a0Epehajt\u00f3 hat\u00e1sa miatt epek\u00f6ves betegeknek nem javasolt. V\u00e9ralvad\u00e1sg\u00e1tl\u00f3 gy\u00f3gyszereket szed\u0151kn\u00e9l fokozhatja a v\u00e9rz\u00e9sek kock\u00e1zat\u00e1t. Terhesek nem szedhetik, az esetleges m\u00e9h\u00f6sszeh\u00faz\u00f3 hat\u00e1s miatt. Az \u00e9trend-kieg\u00e9sz\u00edt\u0151 fogyaszt\u00e1sa nem helyettes\u00edti a kiegyens\u00falyozott, v\u00e1ltozatos, vegyes \u00e9trendet \u00e9s az eg\u00e9szs\u00e9ges \u00e9letm\u00f3dot. A k\u00e9sz\u00edtm\u00e9nyt tartsa gyermekekt\u0151l elz\u00e1rva! A napi aj\u00e1nlott mennyis\u00e9get ne l\u00e9pje t\u00fal! Ne szedje a k\u00e9sz\u00edtm\u00e9nyt, ha az \u00f6sszetev\u0151k b\u00e1rmelyik\u00e9re \u00e9rz\u00e9keny vagy allergi\u00e1s!<\/p>\n","protected":false},"excerpt":{"rendered":"<p>Magas, 50-szeres koncentr\u00e1ci\u00f3j\u00fa kurkumakivonatot, valamint t\u00f6mj\u00e9nfakivonatot, C-vitamint \u00e9s E-vitamint tartalmaz\u00f3 k\u00e9sz\u00edtm\u00e9ny. Gyullad\u00e1scs\u00f6kkent\u00e9sre aj\u00e1nlott, els\u0151sorban \u00edz\u00fcleti \u00e9s reumatikus panaszok eset\u00e9n.<\/p>\n","protected":false},"featured_media":5428,"comment_status":"closed","ping_status":"open","template":"","meta":[],"product_cat":[61],"product_tag":[],"class_list":{"0":"post-5427","1":"product","2":"type-product","3":"status-publish","4":"has-post-thumbnail","6":"product_brand-bioco","7":"product_cat-etrend-kiegeszitok","9":"first","10":"instock","11":"purchasable","12":"product-type-simple"},"_links":{"self":[{"href":"https:\/\/vitamin.coredesign.hu\/index.php?rest_route=\/wp\/v2\/product\/5427","targetHints":{"allow":["GET"]}}],"collection":[{"href":"https:\/\/vitamin.coredesign.hu\/index.php?rest_route=\/wp\/v2\/product"}],"about":[{"href":"https:\/\/vitamin.coredesign.hu\/index.php?rest_route=\/wp\/v2\/types\/product"}],"replies":[{"embeddable":true,"href":"https:\/\/vitamin.coredesign.hu\/index.php?rest_route=%2Fwp%2Fv2%2Fcomments&post=5427"}],"wp:featuredmedia":[{"embeddable":true,"href":"https:\/\/vitamin.coredesign.hu\/index.php?rest_route=\/wp\/v2\/media\/5428"}],"wp:attachment":[{"href":"https:\/\/vitamin.coredesign.hu\/index.php?rest_route=%2Fwp%2Fv2%2Fmedia&parent=5427"}],"wp:term":[{"taxonomy":"product_cat","embeddable":true,"href":"https:\/\/vitamin.coredesign.hu\/index.php?rest_route=%2Fwp%2Fv2%2Fproduct_cat&post=5427"},{"taxonomy":"product_tag","embeddable":true,"href":"https:\/\/vitamin.coredesign.hu\/index.php?rest_route=%2Fwp%2Fv2%2Fproduct_tag&post=5427"}],"curies":[{"name":"wp","href":"https:\/\/api.w.org\/{rel}","templated":true}]}}