{"id":5418,"date":"2025-10-12T12:26:05","date_gmt":"2025-10-12T10:26:05","guid":{"rendered":"https:\/\/vitamin.coredesign.hu\/?product=bioco-cd-duo-junior-erdei-gyumolcs-izu-ragotabletta-100db"},"modified":"2026-01-08T23:25:10","modified_gmt":"2026-01-08T22:25:10","slug":"bioco-cd-duo-junior-erdei-gyumolcs-izu-ragotabletta-100db","status":"publish","type":"product","link":"https:\/\/vitamin.coredesign.hu\/?product=bioco-cd-duo-junior-erdei-gyumolcs-izu-ragotabletta-100db","title":{"rendered":"BioCo C+D Duo Junior erdei gy\u00fcm\u00f6lcs \u00edz\u0171 r\u00e1g\u00f3tabletta \u2013 100db"},"content":{"rendered":"<p>&nbsp;<\/p>\n<div id=\"lt-accessibility-devtools\" aria-hidden=\"true\"><\/div>\n<p>Tablett\u00e1nk\u00e9nt 500 mg C-vitamint \u00e9s 800 NE D-vitamint tartalmaz\u00f3 k\u00e9sz\u00edtm\u00e9ny 3 \u00e9v feletti gyermekek sz\u00e1m\u00e1ra, finom erdei gy\u00fcm\u00f6lcs\u00f6s \u00edzben. K\u00fcl\u00f6n\u00f6sen aj\u00e1nlott fokozott vitaminig\u00e9nykor, p\u00e9ld\u00e1ul betegesked\u00e9s, egyoldal\u00fa t\u00e1pl\u00e1lkoz\u00e1s eset\u00e9n, valamint a t\u00e9li h\u00f3napokban.<\/p>\n<h2>BioCo C+D Duo Junior erdei gy\u00fcm\u00f6lcs \u00edz\u0171 r\u00e1g\u00f3tabletta<\/h2>\n<p>A k\u00e9sz\u00edtm\u00e9nyben tal\u00e1lhat\u00f3 C-vitamin \u00e9s D-vitamin n\u00e9lk\u00fcl\u00f6zhetetlen az immunrendszer norm\u00e1l m\u0171k\u00f6d\u00e9s\u00e9hez. N\u00f6velik a fert\u0151z\u00e9sekkel, gyullad\u00e1sokkal szembeni ellen\u00e1ll\u00f3 k\u00e9pess\u00e9get, betegs\u00e9g eset\u00e9n pedig felgyors\u00edtj\u00e1k a gy\u00f3gyul\u00e1si folyamatokat. A D-vitamin p\u00f3tl\u00e1sa a csontok \u00e9s a fogak eg\u00e9szs\u00e9ges fejl\u0151d\u00e9s\u00e9hez, er\u0151ss\u00e9g\u00fck megtart\u00e1s\u00e1hoz is kiemelten fontos.<\/p>\n<p>A r\u00e1g\u00f3tabletta k\u00fcl\u00f6n\u00f6sen aj\u00e1nlott fokozott vitaminig\u00e9nykor, p\u00e9ld\u00e1ul megf\u00e1z\u00e1s, fels\u0151 l\u00e9g\u00fati fert\u0151z\u00e9s eset\u00e9n, j\u00e1rv\u00e1nyos id\u0151szakban megel\u0151z\u00e9sre, valamint egyoldal\u00fa, vitaminhi\u00e1nyos \u00e9trend mellett. Azoknak a gyermekeknek is hasznos lehet a fogyaszt\u00e1sa, akik gyakran kapnak el fert\u0151z\u00e9seket a k\u00f6z\u00f6ss\u00e9gekben, az \u00f3vod\u00e1ban, iskol\u00e1ban.<\/p>\n<p>A BioCo k\u00e9sz\u00edtm\u00e9nye term\u00e9szetes arom\u00e1val k\u00e9sz\u00fclt, finom erdei gy\u00fcm\u00f6lcs\u00f6s \u00edz\u0171. Nagy kiszerel\u00e9s\u0171 csal\u00e1di csomag, amely 100 db k\u00f6nnyen fogyaszthat\u00f3 r\u00e1g\u00f3tablett\u00e1t tartalmaz.<\/p>\n<h3>Mikor aj\u00e1nlott a BioCo C+D duo JUNIOR r\u00e1g\u00f3tabletta?<\/h3>\n<ul>\n<li>a napi sz\u00fcks\u00e9ges C-vitamin \u00e9s D-vitamin p\u00f3tl\u00e1s\u00e1ra, fokozott vitaminig\u00e9ny eset\u00e9n is<\/li>\n<li>az immunrendszer megfelel\u0151 m\u0171k\u00f6d\u00e9s\u00e9nek t\u00e1mogat\u00e1s\u00e1ra<\/li>\n<li>a fert\u0151z\u00e9sekkel, betegs\u00e9gekkel szembeni ellen\u00e1ll\u00f3 k\u00e9pess\u00e9g n\u00f6vel\u00e9s\u00e9re<\/li>\n<li>betegs\u00e9g eset\u00e9n a gy\u00f3gyul\u00e1si folyamatok felgyors\u00edt\u00e1s\u00e1ra<\/li>\n<li>a f\u00e1radts\u00e1g \u00e9s a kif\u00e1rad\u00e1s cs\u00f6kkent\u00e9s\u00e9re<\/li>\n<li>a csontok \u00e9s a fogak er\u0151ss\u00e9g\u00e9nek, eg\u00e9szs\u00e9g\u00e9nek fenntart\u00e1s\u00e1ra<\/li>\n<li>a sejtek oxidat\u00edv stresszel szembeni v\u00e9delm\u00e9re<\/li>\n<\/ul>\n<h3>Hat\u00f3anyagok 1 tablett\u00e1ban:<\/h3>\n<ul>\n<li>C-vitamin 500 mg<\/li>\n<li>D3-vitamin 20 \u00b5g 800 NE**<\/li>\n<\/ul>\n<p>**NE (Nemzetk\u00f6zi Egys\u00e9g = International Unit)<\/p>\n<h3>\u00d6sszetev\u0151k:<\/h3>\n<p>Dextr\u00f3z; n\u00e1trium-aszkorb\u00e1t; L-aszkorbinsav; f\u00e9nyez\u0151anyag (zs\u00edrsavak); maltodextrin; erdei gy\u00fcm\u00f6lcs\u00f6s \u00edz\u0171 aroma; csom\u00f3sod\u00e1st g\u00e1tl\u00f3k (szil\u00edcium-dioxid); \u00e9des\u00edt\u0151szerek (szukral\u00f3z, n\u00e1trium-ciklam\u00e1t); kolekalciferol.<\/p>\n<h3>Felhaszn\u00e1l\u00e1si javaslat:<\/h3>\n<p>A BioCo C+D duo JUNIOR k\u00e9sz\u00edtm\u00e9ny napi aj\u00e1nlott adagja 3 \u00e9v feletti gyermekeknek 1 r\u00e1g\u00f3tabletta, elszopogathat\u00f3 vagy elr\u00e1gcs\u00e1lhat\u00f3.<\/p>\n","protected":false},"excerpt":{"rendered":"<p>Tablett\u00e1nk\u00e9nt 500 mg C-vitamint \u00e9s 800 NE D-vitamint tartalmaz\u00f3 k\u00e9sz\u00edtm\u00e9ny 3 \u00e9v feletti gyermekek sz\u00e1m\u00e1ra, finom erdei gy\u00fcm\u00f6lcs\u00f6s \u00edzben. K\u00fcl\u00f6n\u00f6sen aj\u00e1nlott fokozott vitaminig\u00e9nykor, p\u00e9ld\u00e1ul betegesked\u00e9s, egyoldal\u00fa t\u00e1pl\u00e1lkoz\u00e1s eset\u00e9n, valamint a t\u00e9li h\u00f3napokban.<\/p>\n","protected":false},"featured_media":0,"comment_status":"closed","ping_status":"open","template":"","meta":[],"product_cat":[60],"product_tag":[],"class_list":{"0":"post-5418","1":"product","2":"type-product","3":"status-publish","5":"product_brand-bioco","6":"product_cat-vitaminok","8":"first","9":"instock","10":"purchasable","11":"product-type-simple"},"_links":{"self":[{"href":"https:\/\/vitamin.coredesign.hu\/index.php?rest_route=\/wp\/v2\/product\/5418","targetHints":{"allow":["GET"]}}],"collection":[{"href":"https:\/\/vitamin.coredesign.hu\/index.php?rest_route=\/wp\/v2\/product"}],"about":[{"href":"https:\/\/vitamin.coredesign.hu\/index.php?rest_route=\/wp\/v2\/types\/product"}],"replies":[{"embeddable":true,"href":"https:\/\/vitamin.coredesign.hu\/index.php?rest_route=%2Fwp%2Fv2%2Fcomments&post=5418"}],"wp:attachment":[{"href":"https:\/\/vitamin.coredesign.hu\/index.php?rest_route=%2Fwp%2Fv2%2Fmedia&parent=5418"}],"wp:term":[{"taxonomy":"product_cat","embeddable":true,"href":"https:\/\/vitamin.coredesign.hu\/index.php?rest_route=%2Fwp%2Fv2%2Fproduct_cat&post=5418"},{"taxonomy":"product_tag","embeddable":true,"href":"https:\/\/vitamin.coredesign.hu\/index.php?rest_route=%2Fwp%2Fv2%2Fproduct_tag&post=5418"}],"curies":[{"name":"wp","href":"https:\/\/api.w.org\/{rel}","templated":true}]}}