{"id":5379,"date":"2025-10-12T12:25:20","date_gmt":"2025-10-12T10:25:20","guid":{"rendered":"https:\/\/vitamin.coredesign.hu\/?product=gal-babavaro-90-adagos-utantolto-90db180db90db"},"modified":"2026-01-08T23:24:46","modified_gmt":"2026-01-08T22:24:46","slug":"gal-babavaro-90-adagos-utantolto-90db180db90db","status":"publish","type":"product","link":"https:\/\/vitamin.coredesign.hu\/?product=gal-babavaro-90-adagos-utantolto-90db180db90db","title":{"rendered":"GAL Babav\u00e1r\u00f3 90 adagos ut\u00e1nt\u00f6lt\u0151 \u2013 90db+180db+90db"},"content":{"rendered":"<p>&nbsp;<\/p>\n<div id=\"lt-accessibility-devtools\" aria-hidden=\"true\"><\/div>\n<p>A Gal Babav\u00e1r\u00f3 terhesvitamin minden vitamint, \u00e1sv\u00e1nyianyagot, nyomelemet ide\u00e1lis form\u00e1ban, mennyis\u00e9gben \u00e9s ar\u00e1nyban tartalmaz, nem elt\u00e9rve att\u00f3l, ahogyan ezekhez \u00e1lland\u00f3 t\u00e1panyagd\u00fas, v\u00e1ltozatos t\u00e1pl\u00e1lkoz\u00e1ssal juthatn\u00e1nk.<\/p>\n<h2>GAL Babav\u00e1r\u00f3 90 adagos ut\u00e1nt\u00f6lt\u0151<\/h2>\n<p>A Gal Babav\u00e1r\u00f3 terhesvitamin minden vitamint, \u00e1sv\u00e1nyianyagot, nyomelemet ide\u00e1lis form\u00e1ban, mennyis\u00e9gben \u00e9s ar\u00e1nyban tartalmaz, nem elt\u00e9rve att\u00f3l, ahogyan ezekhez \u00e1lland\u00f3 t\u00e1panyagd\u00fas, v\u00e1ltozatos t\u00e1pl\u00e1lkoz\u00e1ssal juthatn\u00e1nk.<\/p>\n<p><em><strong>Ez a term\u00e9k\u00fcnk a GAL Babav\u00e1r\u00f3\u00ae 90 adagos v\u00e1ltozata, a h\u00e1rom \u201eut\u00e1nt\u00f6lt\u0151\u201d egy\u00fctt:<\/strong><\/em><\/p>\n<p><strong>1. Lipofil-esszencia l\u00e1gyzselatin kapszula 90db<\/strong><br \/>\n<strong>2. Hidrofil-esszencia kem\u00e9nyzselatin kapszula 180db<\/strong><br \/>\n<strong>3. C-vitamin kapszula 90db<\/strong><\/p>\n<p>V\u00edzold\u00e9kony \u00f6sszetev\u0151k 2 kisebb kapszul\u00e1ban a kor\u00e1bbi 1 nagy helyett, amely a teljes em\u00e9szt\u0151rendszeri nyugalmat seg\u00edti el\u0151.<\/p>\n<p>A GAL Babav\u00e1r\u00f3\u00ae term\u00e9k\u00fcnket a leg\u00fajabb kutat\u00e1sok f\u00e9ny\u00e9ben fejlesztett\u00fck ki, szem el\u0151tt tartva a term\u00e9szetess\u00e9get \u00e9s \u00e9letszer\u0171s\u00e9get, hogy minden vitamint, \u00e1sv\u00e1nyianyagot, nyomelemet ide\u00e1lis form\u00e1ban, mennyis\u00e9gben \u00e9s ar\u00e1nyban tartalmazzon, nem elt\u00e9rve att\u00f3l, ahogyan ezekhez \u00e1lland\u00f3 t\u00e1panyagd\u00fas, v\u00e1ltozatos t\u00e1pl\u00e1lkoz\u00e1ssal juthatn\u00e1nk.<\/p>\n<p>Ahol el\u0151ny\u00f6s, a vitaminok \u00e9s \u00e1sv\u00e1nyok r\u00e9szben organikus termeszt\u00e9sb\u0151l sz\u00e1rmaz\u00f3 (bio) gy\u00f3gy- \u00e9s f\u0171szern\u00f6v\u00e9nyek kivonat\u00e1b\u00f3l sz\u00e1rmaznak. A mennyis\u00e9gek eset\u00e9ben v\u00e9gig fontosnak tartottuk, hogy a napi adag biztosan tartalmazza a hat\u00e1sosnak tal\u00e1lt d\u00f3zist, de semmi esetre se l\u00e9pje t\u00fal az \u00e9letszer\u0171 mennyis\u00e9geket, azaz azt a mennyis\u00e9get, amit t\u00e1pl\u00e1lkoz\u00e1ssal m\u00e1r nem is lehetne fedezni sehogyan sem. Emellett rendk\u00edv\u00fcl fontos, hogy egy \u00faj \u00e9let zavartalan fejl\u0151d\u00e9s\u00e9t ne akad\u00e1lyozza semmi, ami nem odaval\u00f3. A term\u00e9k\u00fcnkben ilyesminek nyom\u00e1t sem tal\u00e1lja.<\/p>\n<p>A v\u00e1rand\u00f3ss\u00e1g \u00e9s szoptat\u00e1s alatt \u00e9rdemes hetente 2-3 alkalommal s\u00f3s v\u00edzi halakat\/herkenty\u0171ket fogyasztani. Ha ezt nem teszi, akkor javasoljuk a GAL Omega-3 Eco fogyaszt\u00e1s\u00e1t is. Ha a t\u00e1pl\u00e1lkoz\u00e1sa nem magn\u00e9ziumd\u00fas (nem b\u0151velkedik vadh\u00fasokban, l\u00e1basfej\u0171ekben, puhatest\u0171ekben, z\u00f6ldleveles z\u00f6lds\u00e9gekben, quino\u00e1ban, s\u00fct\u0151t\u00f6kben j\u00f3 adaggal mindennap), fogyasszon tov\u00e1bb\u00e1 j\u00f3 min\u0151s\u00e9g\u0171 magn\u00e9ziumot; a k\u00edn\u00e1latunkban h\u00e1romf\u00e9l\u00e9t tal\u00e1l. Vagy egyszer\u0171en javasoljuk, v\u00e1ltson ilyen esetekben a GAL+ Babav\u00e1r\u00f3\u00ae-ra, ami t\u00f6bbek k\u00f6zt m\u00e9g ezeket is tartalmazza. A kolint illet\u0151en b\u0151vebben olvashat, \u00e9s az egy\u00e9ni sz\u00fcks\u00e9glet\u00e9t is megismerheti a kolin.gal.hu oldalunkon.<\/p>\n<p>M\u00e1r a gyermektervez\u00e9s gondolat\u00e1t\u00f3l kezdve javasoljuk a szed\u00e9s\u00e9t, ide\u00e1lisan legal\u00e1bb 3 h\u00f3nappal a fogantat\u00e1s el\u0151tt, eg\u00e9szen a szoptat\u00e1s v\u00e9g\u00e9ig, s\u0151t m\u00e9g ak\u00e1r tov\u00e1bb is \u00e9rdemes lehet.<\/p>\n<h3>Hat\u00f3anyagok a napi adagban:<\/h3>\n<ul>\n<li>A-vitamin 5000NE<\/li>\n<li>D3-vitamin 4000NE<\/li>\n<li>E-vitamin 100NE<\/li>\n<li>K-vitamin-komplex 1000mcg<br \/>\n\u2013 K1-vitamin 990mcg<br \/>\n\u2013 K2-vitamin 10mcg<\/li>\n<li>G\u00f6r\u00f6g zs\u00e1lya-lev\u00e9l szuperkritikus kivonata 2mg<\/li>\n<li>C-vitamin 500mg<\/li>\n<li>B1-vitamin 50mg<\/li>\n<li>B2-vitamin 20mg<\/li>\n<li>B5-vitamin 100mg<\/li>\n<li>B6-vitamin 25mg<\/li>\n<li>B7-vitamin 1000mcg<\/li>\n<li>B9-vitamin 600mcg<\/li>\n<li>B12-vitamin 100mcg<\/li>\n<li>Cink 15mg<\/li>\n<li>R\u00e9z 1,25mg<\/li>\n<li>Molibd\u00e9n 100mcg<\/li>\n<li>Kr\u00f3m 100mcg<\/li>\n<li>Szel\u00e9n 120mcg<\/li>\n<li>Szil\u00edcium 25mg<\/li>\n<li>B\u00f3r 3mg<\/li>\n<li>J\u00f3d 225mcg<\/li>\n<li>BioPerine 2,5mg<\/li>\n<\/ul>\n<h3>\u00d6sszetev\u0151k:<\/h3>\n<p><em>Lipofil-esszencia l\u00e1gyzselatin kapszula:\u00a0<\/em>extrasz\u0171z ol\u00edvaolaj,d-alfa -tokoferolok \u00e9s vegyes tokoferolok. MSPO-min\u0151s\u00edtett v\u00f6r\u00f6sp\u00e1lma-gy\u00fcm\u00f6lcs-kivonat, retinil-palmit\u00e1t, zs\u00e1lya-kivonat, fillokinon, 2% menakinon-7-tartalm\u00fa olivaolaj, kolekalciferol, kapszulah\u00e9j (zselatin, nedves\u00edt\u0151szer: glicerin, v\u00edz, karamell, \u00e9des\u00edt\u0151szer: szteviol-glikozidok, szt\u00edvialev\u00e9l kivonatb\u00f3l, krist\u00e1lyvanillin).<\/p>\n<p><em>Hidrofil-esszencia kem\u00e9nyzselatin kapszula:<\/em>\u00a0d-kalcium-pantoten\u00e1t, ak\u00e1ciarost, cink-biszglicin\u00e1t,kr\u00f3mos \u00e9leszt\u0151 (inakt\u00edv),tiamin-mononitr\u00e1t, szel\u00e9nes \u00e9leszt\u0151 (inakt\u00edv), bio bambuszr\u00fcgy-kivonat, bio barnamoszat, n\u00e1trium-bor\u00e1t, piridoxal-5-foszf\u00e1t, riboflavin, piridoxin-hidroklorid, tiamin-hidroklorid, bio n\u00f6v\u00e9nyi kivonat (amla- \u00e9s guava-gy\u00fcm\u00f6lcs, szent bazsalikom- \u00e9s curry-lev\u00e9l, \u00e9s citromh\u00e9j kivonatainak kever\u00e9ke),r\u00e9z-biszglicin\u00e1t, bio must\u00e1rmag-kivonat, BioPerine\u00ae feketebors-kivonat, r\u00e9z-gl\u00fckon\u00e1t, biotin, metil-L-fol\u00e1t kalcium-s\u00f3ja, metilkobalamin, n\u00e1trium-molibden\u00e1t, k\u00e1lium-jodid, k\u00e1lium-jod\u00e1t: kapszulah\u00e9j (zselatin).<\/p>\n<p><em>C-vitamin kapszula:\u00a0<\/em>L-aszkorbinsav, kapszulah\u00e9j (zselatin).<\/p>\n<h3>Fogyaszt\u00e1si javaslat:<\/h3>\n<p>B\u00e1rmely napk\u00f6zbeni f\u0151\u00e9tkez\u00e9s mellett, mind a n\u00e9gy kapszula bevehet\u0151 egyszerre, ugyanakkor jobb reggel vagy nappal, mint este. Ha maximaliz\u00e1lni szeretn\u00e9 a hasznosul\u00e1st \u00e9s\/vagy \u00e9rz\u00e9keny a gyomra, akkor a feh\u00e9r kapszul\u00e1t \u00e9hgyomorra, vagy \u00e9tkez\u00e9s ut\u00e1n 2-3 \u00f3r\u00e1val vegye be, a s\u00e1rga kapszul\u00e1kb\u00f3l 1\u2009db-ot az els\u0151, 1\u2009db-ot a m\u00e1sodik f\u0151\u00e9tkez\u00e9se alatt, m\u00edg a l\u00e1gyzselatin olajkapszul\u00e1kat b\u00e1rmelyik f\u0151\u00e9tkez\u00e9ssel, de legjobb a zsirad\u00e9kban legd\u00fasabb, nem esti \u00e9tkez\u00e9skor.<\/p>\n","protected":false},"excerpt":{"rendered":"<p>A Gal Babav\u00e1r\u00f3 terhesvitamin minden vitamint, \u00e1sv\u00e1nyianyagot, nyomelemet ide\u00e1lis form\u00e1ban, mennyis\u00e9gben \u00e9s ar\u00e1nyban tartalmaz, nem elt\u00e9rve att\u00f3l, ahogyan ezekhez \u00e1lland\u00f3 t\u00e1panyagd\u00fas, v\u00e1ltozatos t\u00e1pl\u00e1lkoz\u00e1ssal juthatn\u00e1nk.<\/p>\n","protected":false},"featured_media":5380,"comment_status":"closed","ping_status":"open","template":"","meta":[],"product_cat":[61],"product_tag":[],"class_list":{"0":"post-5379","1":"product","2":"type-product","3":"status-publish","4":"has-post-thumbnail","6":"product_brand-gal","7":"product_cat-etrend-kiegeszitok","9":"first","10":"instock","11":"purchasable","12":"product-type-simple"},"_links":{"self":[{"href":"https:\/\/vitamin.coredesign.hu\/index.php?rest_route=\/wp\/v2\/product\/5379","targetHints":{"allow":["GET"]}}],"collection":[{"href":"https:\/\/vitamin.coredesign.hu\/index.php?rest_route=\/wp\/v2\/product"}],"about":[{"href":"https:\/\/vitamin.coredesign.hu\/index.php?rest_route=\/wp\/v2\/types\/product"}],"replies":[{"embeddable":true,"href":"https:\/\/vitamin.coredesign.hu\/index.php?rest_route=%2Fwp%2Fv2%2Fcomments&post=5379"}],"wp:featuredmedia":[{"embeddable":true,"href":"https:\/\/vitamin.coredesign.hu\/index.php?rest_route=\/wp\/v2\/media\/5380"}],"wp:attachment":[{"href":"https:\/\/vitamin.coredesign.hu\/index.php?rest_route=%2Fwp%2Fv2%2Fmedia&parent=5379"}],"wp:term":[{"taxonomy":"product_cat","embeddable":true,"href":"https:\/\/vitamin.coredesign.hu\/index.php?rest_route=%2Fwp%2Fv2%2Fproduct_cat&post=5379"},{"taxonomy":"product_tag","embeddable":true,"href":"https:\/\/vitamin.coredesign.hu\/index.php?rest_route=%2Fwp%2Fv2%2Fproduct_tag&post=5379"}],"curies":[{"name":"wp","href":"https:\/\/api.w.org\/{rel}","templated":true}]}}