{"id":5351,"date":"2025-10-12T12:25:20","date_gmt":"2025-10-12T10:25:20","guid":{"rendered":"https:\/\/vitamin.coredesign.hu\/?product=gal-k-komplex-csepp-20ml"},"modified":"2026-01-08T23:24:32","modified_gmt":"2026-01-08T22:24:32","slug":"gal-k-komplex-csepp-20ml","status":"publish","type":"product","link":"https:\/\/vitamin.coredesign.hu\/?product=gal-k-komplex-csepp-20ml","title":{"rendered":"GAL K-komplex csepp \u2013 20ml"},"content":{"rendered":"<p>&nbsp;<\/p>\n<div id=\"lt-accessibility-devtools\" aria-hidden=\"true\"><\/div>\n<p>A GAL K-komplex k\u00e9sz\u00edtm\u00e9nye K1 \u00e9s K2 vitamint is tartalmaz, p\u00e1lma- \u00e9s k\u00f3kuszolajb\u00f3l nyert organikus olajban oldva. A kiv\u00e1l\u00f3 felsz\u00edv\u00f3d\u00e1st \u00e9s hasznosul\u00e1st BIO- \u00e9s RSPO-min\u0151s\u00edt\u00e9s garant\u00e1lja!<\/p>\n<h2>GAL K-komplex csepp<\/h2>\n<p>A GAL K-komplex cseppek egyar\u00e1nt tartalmaz K1-\u00e9s K2-vitamint is p\u00e1lma- \u00e9s k\u00f3kuszolajb\u00f3l nyert organikus olajban oldva. A BIO- \u00e9s RSPO-min\u0151s\u00edt\u00e9s biztos\u00edtja a hat\u00f3anyag kiv\u00e1l\u00f3 felsz\u00edv\u00f3d\u00e1s\u00e1t \u00e9s hasznosul\u00e1s\u00e1t. A k\u00e9sz\u00edtm\u00e9ny semleges \u00edz\u0171, \u00e9telekbe is cseppenthet\u0151, ez\u00e9rt gyermekeknek is k\u00f6nnyen adhat\u00f3. A K-vitamin t\u00e1mogathatja a kering\u00e9si \u00e9s \u00e9rrendszer v\u00e9delm\u00e9t, a megfelel\u0151 v\u00e9ralvad\u00e1st, a csontritkul\u00e1s \u00e9s a csontt\u00f6r\u00e9sek megel\u0151z\u00e9s\u00e9t.<\/p>\n<h3>Mikor aj\u00e1nlott a GAL K-komplex cseppek fogyaszt\u00e1sa?<\/h3>\n<ul>\n<li>A norm\u00e1l v\u00e9ralvad\u00e1s fenntart\u00e1s\u00e1hoz<\/li>\n<li>A kering\u00e9si \u00e9s \u00e9rrendszer v\u00e9delm\u00e9hez<\/li>\n<li>A csontritkul\u00e1s \u00e9s a csontt\u00f6r\u00e9sek megel\u0151z\u00e9s\u00e9hez<\/li>\n<li>A sz\u00edv- \u00e9s \u00e9rrendszer, l\u00e1gysz\u00f6veti \u00e9s szervi meszesed\u00e9s ellen<\/li>\n<li>Fogk\u00f6vess\u00e9g, fogszuvasod\u00e1s ellen<\/li>\n<\/ul>\n<p>A K-vitamin zs\u00edrban old\u00f3d\u00f3 vitamin, legfontosabb feladata a v\u00e9ralvad\u00e1s megfelel\u0151 el\u0151seg\u00edt\u00e9se \u00e9s az \u00e1sv\u00e1nyi anyagok csontokba val\u00f3 be\u00e9p\u00fcl\u00e9s\u00e9nek biztos\u00edt\u00e1sa.<\/p>\n<p>K\u00e9t alapvet\u0151 form\u00e1ja ismert: a K1 vitamin \u00e9s a K2 vitamin. A K1 vitamin felel\u0151s az eg\u00e9szs\u00e9ges v\u00e9ralvad\u00e1s\u00e9rt, a K2 vitamin pedig els\u0151sorban a sz\u00edv- \u00e9s \u00e9rrendszer eg\u00e9szs\u00e9g\u00e9hez, valamint az anyagcsere megfelel\u0151 m\u0171k\u00f6d\u00e9s\u00e9hez sz\u00fcks\u00e9ges.\u00a0 Az \u00e9lelmiszerekben legink\u00e1bb K1 vitamin tal\u00e1lhat\u00f3, a K2 vitamin egy r\u00e9sz\u00e9t a b\u00e9lrendszer j\u00f3t\u00e9kony bakt\u00e9riumai \u00e1ll\u00edtj\u00e1k el\u0151.<\/p>\n<h3>Mit tartalmaz a GAL K-komplex 24 cseppben?<\/h3>\n<ul>\n<li>K-vitamin komplex 500 mcg (RDA*667%)<\/li>\n<li>K1-vitamin (fillokinon) 455 mcg (RDA* 607%)<\/li>\n<li>K2 vitamin MK-7 (menakinon-7) 45 mcg (RDA* 60%)<\/li>\n<\/ul>\n<h3>Mennyit javasolt fogyasztani bel\u0151le?<\/h3>\n<p>Naponta 24 csepp fogyaszt\u00e1s\u00e1t javasoljuk k\u00f6zvetlen sz\u00e1jba cseppentve vagy az \u00e9telhez keverve. Folyad\u00e9kba ne keverje!<\/p>\n<h3>GAL K-komplex cseppek<\/h3>\n<p>A GAL K-komplex k\u00e9sz\u00edtm\u00e9ny optim\u00e1lis ar\u00e1nyban tartalmazza a K1 \u00e9s K2 vitamint. A K2 vitamin speci\u00e1lis, organikus termel\u00e9sb\u0151l sz\u00e1rmaz\u00f3 bio k\u00f3kuszolaj-kivonatban oldott vir\u00e1gesszencia-komponensekb\u0151l van el\u0151\u00e1ll\u00edtva. Kiv\u00e1l\u00f3 felsz\u00edv\u00f3d\u00e1s\u00fa, semleges \u00edz\u0171, gyermekeknek is k\u00f6nnyen adagolhat\u00f3. Nem tartalmaz sz\u00f3jaallerg\u00e9nt.<\/p>\n<h3>A K-vitamin hi\u00e1ny\u00e1nak t\u00fcnetei<\/h3>\n<p>K-vitamin-hi\u00e1ny leggyakrabban egyoldal\u00fa t\u00e1pl\u00e1lkoz\u00e1s, felsz\u00edv\u00f3d\u00e1si zavarral j\u00e1r\u00f3 betegs\u00e9gek, b\u00e9lgyullad\u00e1s vagy er\u0151s antibiotikumos kezel\u00e9s ut\u00e1n alakul ki. M\u00e1jprobl\u00e9m\u00e1k, Crohn-betegs\u00e9g, m\u0171t\u00e9t ut\u00e1ni legyeng\u00fclt \u00e1llapot \u00e9s bizonyos gy\u00f3gyszerek szed\u00e9se is el\u0151id\u00e9zheti.<\/p>\n<h3>Mir\u0151l ismerhet\u0151 fel a K-vitamin hi\u00e1nya?<\/h3>\n<ul>\n<li>gyakori orrv\u00e9rz\u00e9s<\/li>\n<li>v\u00e9r megjelen\u00e9se a vizeletben<\/li>\n<li>lass\u00fa v\u00e9ralvad\u00e1s<\/li>\n<li>kis s\u00e9r\u00fcl\u00e9s eset\u00e9n is nehezen el\u00e1ll\u00f3 v\u00e9rz\u00e9s<\/li>\n<li>kis horzsol\u00e1skor is feket\u00e9s-k\u00e9kes bev\u00e9rz\u00e9sek<\/li>\n<li>s\u00e1rgas\u00e1g<\/li>\n<li>epehi\u00e1ny<\/li>\n<li>t\u00fal er\u0151s menstru\u00e1ci\u00f3<\/li>\n<li>gyeng\u00fcl\u0151 csontok, csontt\u00f6r\u00e9sek<\/li>\n<li>kering\u00e9si zavarok, gyakori sz\u00e9d\u00fcl\u00e9s<\/li>\n<\/ul>\n<h3>A v\u00e9ralvad\u00e1s biztos\u00edt\u00e1sa<\/h3>\n<p>A K-vitamin legfontosabb feladata, hogy befoly\u00e1solja a v\u00e9r alvad\u00e1si k\u00e9pess\u00e9g\u00e9t, seg\u00edtse a feh\u00e9rj\u00e9k \u00f6sszetapad\u00e1s\u00e1t. Ha a v\u00e9r nem k\u00e9pes a sz\u00fcks\u00e9ges m\u00e9rt\u00e9kben megalvadni, s\u00falyos, \u00e9letvesz\u00e9lyes helyzet alakulhat ki. Bizonyos v\u00e9ralvad\u00e1sg\u00e1tl\u00f3 gy\u00f3gyszerek hat\u00e1s\u00e1t is k\u00e9pes befoly\u00e1solni, ez\u00e9rt ilyen gy\u00f3gyszerek szed\u00e9sekor mindenk\u00e9ppen egyeztetni sz\u00fcks\u00e9ges a kezel\u0151orvos\u00e1val mind a K-vitaminban gazdag \u00e9telek fogyaszt\u00e1s\u00e1r\u00f3l, mind a t\u00e1pl\u00e1l\u00e9k-kieg\u00e9sz\u00edt\u0151kkel bevitt K-vitamin mennyis\u00e9g\u00e9vel kapcsolatban.<\/p>\n<h3>A csontok er\u0151s\u00edt\u00e9se<\/h3>\n<p>A K-vitamin a D-vitaminnal egy\u00fctt biztos\u00edtja, hogy a feh\u00e9rj\u00e9k be\u00e9p\u00fclhessenek a csontokba, \u00e9s megk\u00f6ss\u00e9k a l\u00e9tfontoss\u00e1g\u00fa \u00e1sv\u00e1nyi anyagokat, k\u00fcl\u00f6n\u00f6sen a kalciumot \u00e9s a foszfort. A K-vitamin kiemelten seg\u00edtheti a csontritkul\u00e1s megel\u0151z\u00e9s\u00e9t! A K1 \u00e9s a K2 vitamin egy\u00fcttesen j\u00e1rul hozz\u00e1 a csontok \u00e1sv\u00e1nyianyag-tartalm\u00e1nak n\u00f6vel\u00e9s\u00e9hez. Folyamatos p\u00f3tl\u00e1suk hossz\u00fa t\u00e1von biztos\u00edtja a csontozat megfelel\u0151 szil\u00e1rds\u00e1g\u00e1t, rugalmass\u00e1g\u00e1t, elker\u00fclhet\u0151 a korral j\u00e1r\u00f3 csontgyeng\u00fcl\u00e9s, csontritkul\u00e1s. A fogakra is j\u00f3t\u00e9kony hat\u00e1ssal vannak, megakad\u00e1lyozhatj\u00e1k a fogk\u00f6vess\u00e9get, fogszuvasod\u00e1st, \u00e9p\u00edtik a fog kem\u00e9nysz\u00f6vet\u00e9t, a dentint. Kora gyerekkort\u00f3l t\u00e1mogatj\u00e1k a szab\u00e1lyos, eg\u00e9szs\u00e9ges fogsor \u00e9s a szimmetrikus arc fejl\u0151d\u00e9s\u00e9t.<\/p>\n<h3>Sz\u00edvbetegs\u00e9gek megel\u0151z\u00e9se<\/h3>\n<p>A K2 vitamin megakad\u00e1lyozza a koleszterin lerak\u00f3d\u00e1s\u00e1t az \u00e9rfalakban, g\u00e1tolja az erek elz\u00e1r\u00f3d\u00e1s\u00e1t. Ezzel megel\u0151zheti az \u00e9relmeszesed\u00e9s kialakul\u00e1s\u00e1t, s\u0151t a m\u00e1r kialakult meszesed\u00e9st is visszaford\u00edthatja. Kiemelt szerepe van a sz\u00edvbetegs\u00e9gek megel\u0151z\u00e9s\u00e9ben, az \u00e9rrendszer hossz\u00fa t\u00e1v\u00fa v\u00e9delm\u00e9ben.<\/p>\n<h3>Az agy eg\u00e9szs\u00e9ges m\u0171k\u00f6d\u00e9se<\/h3>\n<p>A K-vitamin a sejtek megfelel\u0151 n\u00f6veked\u00e9s\u00e9hez, fejl\u0151d\u00e9s\u00e9hez is n\u00e9lk\u00fcl\u00f6zhetetlen. Seg\u00edti az agym\u0171k\u00f6d\u00e9shez sz\u00fcks\u00e9ges feh\u00e9rj\u00e9k el\u0151\u00e1ll\u00edt\u00e1s\u00e1t, m\u0171k\u00f6d\u00e9s\u00e9t, az idegsejtek eg\u00e9szs\u00e9g\u00e9nek meg\u0151rz\u00e9s\u00e9t. Szerepet j\u00e1tszhat az Alzheimer-k\u00f3r kock\u00e1zat\u00e1nak cs\u00f6kkent\u00e9s\u00e9ben, a betegek \u00e1llapot\u00e1nak jelent\u0151s jav\u00edt\u00e1s\u00e1ban.<\/p>\n","protected":false},"excerpt":{"rendered":"<p>A GAL K-komplex k\u00e9sz\u00edtm\u00e9nye K1 \u00e9s K2 vitamint is tartalmaz, p\u00e1lma- \u00e9s k\u00f3kuszolajb\u00f3l nyert organikus olajban oldva. A kiv\u00e1l\u00f3 felsz\u00edv\u00f3d\u00e1st \u00e9s hasznosul\u00e1st BIO- \u00e9s RSPO-min\u0151s\u00edt\u00e9s garant\u00e1lja!<\/p>\n","protected":false},"featured_media":5352,"comment_status":"closed","ping_status":"open","template":"","meta":[],"product_cat":[60],"product_tag":[],"class_list":{"0":"post-5351","1":"product","2":"type-product","3":"status-publish","4":"has-post-thumbnail","6":"product_brand-gal","7":"product_cat-vitaminok","9":"first","10":"instock","11":"purchasable","12":"product-type-simple"},"_links":{"self":[{"href":"https:\/\/vitamin.coredesign.hu\/index.php?rest_route=\/wp\/v2\/product\/5351","targetHints":{"allow":["GET"]}}],"collection":[{"href":"https:\/\/vitamin.coredesign.hu\/index.php?rest_route=\/wp\/v2\/product"}],"about":[{"href":"https:\/\/vitamin.coredesign.hu\/index.php?rest_route=\/wp\/v2\/types\/product"}],"replies":[{"embeddable":true,"href":"https:\/\/vitamin.coredesign.hu\/index.php?rest_route=%2Fwp%2Fv2%2Fcomments&post=5351"}],"wp:featuredmedia":[{"embeddable":true,"href":"https:\/\/vitamin.coredesign.hu\/index.php?rest_route=\/wp\/v2\/media\/5352"}],"wp:attachment":[{"href":"https:\/\/vitamin.coredesign.hu\/index.php?rest_route=%2Fwp%2Fv2%2Fmedia&parent=5351"}],"wp:term":[{"taxonomy":"product_cat","embeddable":true,"href":"https:\/\/vitamin.coredesign.hu\/index.php?rest_route=%2Fwp%2Fv2%2Fproduct_cat&post=5351"},{"taxonomy":"product_tag","embeddable":true,"href":"https:\/\/vitamin.coredesign.hu\/index.php?rest_route=%2Fwp%2Fv2%2Fproduct_tag&post=5351"}],"curies":[{"name":"wp","href":"https:\/\/api.w.org\/{rel}","templated":true}]}}