{"id":5338,"date":"2025-10-12T12:24:39","date_gmt":"2025-10-12T10:24:39","guid":{"rendered":"https:\/\/vitamin.coredesign.hu\/?product=gal-biocurcumin-forte-kapszula-60db"},"modified":"2026-01-08T23:24:21","modified_gmt":"2026-01-08T22:24:21","slug":"gal-biocurcumin-forte-kapszula-60db","status":"publish","type":"product","link":"https:\/\/vitamin.coredesign.hu\/?product=gal-biocurcumin-forte-kapszula-60db","title":{"rendered":"GAL Biocurcumin+ Forte kapszula \u2013 60db"},"content":{"rendered":"<p>&nbsp;<\/p>\n<div id=\"lt-accessibility-devtools\" aria-hidden=\"true\"><\/div>\n<p>A GAL Bio Curcumin mikroniz\u00e1lt, szuperkritikus kurkumakivonatb\u00f3l k\u00e9sz\u00fclt, ez\u00e1ltal kiemelked\u0151en hat\u00e9kony k\u00e9sz\u00edtm\u00e9ny. Kit\u0171n\u0151 felsz\u00edv\u00f3d\u00e1s\u00e1t jelent\u0151sen t\u00e1mogatja a gy\u00f6mb\u00e9r gingerol \u00e9s BioPerine\u00ae feketebors. A term\u00e9kben 300mg kurkuma gy\u00f6k\u00e9r kivonat tal\u00e1lhat\u00f3 kapszul\u00e1nk\u00e9nt.<\/p>\n<h2>GAL Biocurcumin+ Forte<\/h2>\n<p>A k\u00e9sz\u00edtm\u00e9ny term\u00e9szetes hat\u00f3anyag\u00fa gyullad\u00e1scs\u00f6kkent\u0151 \u00e9s f\u00e1jdalomcsillap\u00edt\u00f3, mely hozz\u00e1j\u00e1rul p\u00e9ld\u00e1ul az \u00edz\u00fcleti merevs\u00e9g old\u00e1s\u00e1hoz, reum\u00e1s panaszok enyh\u00edt\u00e9s\u00e9hez, az \u00edz\u00fcletek rugalmass\u00e1g\u00e1nak fenntart\u00e1s\u00e1hoz \u00e9s az \u00f6d\u00e9m\u00e1k m\u00e9rs\u00e9kl\u00e9s\u00e9hez. Tov\u00e1bb\u00e1 t\u00e1mogathatja az em\u00e9szt\u0151rendszer eg\u00e9szs\u00e9ges m\u0171k\u00f6d\u00e9s\u00e9t, az em\u00e9szt\u00e9si zavarok enyh\u00edt\u00e9s\u00e9t, a gyomor\u00e9g\u00e9s, gyomorront\u00e1s kezel\u00e9s\u00e9t.<\/p>\n<p>A k\u00e9sz\u00edtm\u00e9ny sz\u00e1jon \u00e1t szedve is k\u00e9pes a kurkuma f\u0151 hat\u00f3anyag\u00e1t, a kurkumint nagy mennyis\u00e9gben a v\u00e9r\u00e1ramba juttatni egy szabadalmaztatott, teljesen term\u00e9szetes megold\u00e1s seg\u00edts\u00e9g\u00e9vel. Tartalmazza a kurkuma ill\u00f3olaj\u00e1t \u00e9s teljes spektrum\u00fa gy\u00f6mb\u00e9r-kivonatot is. A kurkumin kivonatol\u00e1sa 100%-ban napelem-m\u0171k\u00f6dtet\u00e9s\u0171 gy\u00e1rban t\u00f6rt\u00e9nik.<\/p>\n<p>A kurkuma hat\u00f3anyagai, a kurkuminoidok v\u00e9r\u00e1ramba jut\u00e1sa rendk\u00edv\u00fcl korl\u00e1tozott. Ennek \u00e1thidal\u00e1s\u00e1ra hozt\u00e1k l\u00e9tre ezt a term\u00e9ket. Egy feketebors-kivonat, a BioPerine\u00ae ak\u00e1r 2000%-kal is k\u00e9pes n\u00f6velni a kurkuminoidok felsz\u00edv\u00f3d\u00e1s\u00e1t. A Bio-Curcumin\u00ae (BCM-95\u00ae) pedig egy \u00faj, szabadalmaztatott kurkuma-kivonat, amely a kurkuminoidokat a kurkuma esszenciaolaj\u00e1val egy\u00fctt tartalmazza mikroniz\u00e1lva, \u00e9s m\u00e9g a feketebors-kivonatos megold\u00e1sn\u00e1l is 6-szor hat\u00e1sosabb.<\/p>\n<p>A k\u00e9sz\u00edtm\u00e9nyben tal\u00e1lhat\u00f3 gy\u00f6mb\u00e9r gingerol hat\u00f3anyaga is fokozza a kurkumin felsz\u00edv\u00f3d\u00e1s\u00e1t, r\u00e1ad\u00e1sul hasonl\u00f3 hat\u00e1ssal rendelkezik, mint a kurkumin, k\u00fcl\u00f6n\u00f6sen gy\u00f6mb\u00e9r-ill\u00f3olajokkal egy\u00fctt. A kurkuma turmeronokra standardiz\u00e1lt kivonata szint\u00e9n jelent\u0151sen fokozza a kurkumin felsz\u00edv\u00f3d\u00e1s\u00e1t.<\/p>\n<p>A GAL bio curcumin+ forte kapszula mikroniz\u00e1lt, szuperkritikus kurkumakivonatb\u00f3l k\u00e9sz\u00fclt, ez\u00e9rt kiemelked\u0151 hat\u00e9konys\u00e1g\u00fa, term\u00e9szetes gyullad\u00e1scs\u00f6kkent\u0151 \u00e9s f\u00e1jdalomcsillap\u00edt\u00f3 k\u00e9sz\u00edtm\u00e9ny.<\/p>\n<h3>Mikroniz\u00e1lt kurkuminok<\/h3>\n<p>Ez a szabadalmaztatott kivonat a kurkuminoidokat a gy\u00f3gyn\u00f6v\u00e9ny szuperkritikus extrakci\u00f3val nyert esszenciaolaj\u00e1val egy\u00fctt tartalmazza mikroniz\u00e1lva. Ez a technol\u00f3gia a legjobb eredm\u00e9nyeket garant\u00e1lja a kisebb, kit\u0171n\u0151 felsz\u00edv\u00f3d\u00e1s\u00fa r\u00e9szecsk\u00e9kkel, \u00edgy gyorsabb lesz a f\u00e1jdalomcsillap\u00edt\u00e1s \u00e9s hat\u00e9konyabb a gyullad\u00e1scs\u00f6kkent\u00e9s.<\/p>\n<h3>A v\u00e9r\u00e1ramban fejti ki a hat\u00e1s\u00e1t<\/h3>\n<p>A hagyom\u00e1nyos kurkuma kivonatokkal szemben ez a fokozott felsz\u00edv\u00f3d\u00e1s\u00fa, innovat\u00edv kurkumakivonat m\u00e1r igen nagy mennyis\u00e9gben k\u00e9pes a v\u00e9r\u00e1ramba jutni, \u00e9s ott kifejteni a hat\u00e1s\u00e1t.<\/p>\n<h3>2000%-os hat\u00e9konys\u00e1gn\u00f6vel\u00e9s<\/h3>\n<p>A feketeborsb\u00f3l kivont hat\u00f3anyag, a piperin mintegy 2000%-kal tudja jav\u00edtani a kurkumin v\u00e9r\u00e1ramba jut\u00e1s\u00e1t a belekb\u0151l.<\/p>\n<h3>Szinte t\u00f6k\u00e9letes felsz\u00edv\u00f3d\u00e1s<\/h3>\n<p>A gy\u00f6mb\u00e9rben l\u00e9v\u0151 gingerolok \u00e9s az \u00e9rt\u00e9kes ill\u00f3olajok kiemelked\u0151 felsz\u00edv\u00f3d\u00e1si hat\u00e9konys\u00e1got garant\u00e1lnak a kurkuminnak. R\u00e1ad\u00e1sul emellett v\u00e9delmezik a gyomrot, illetve er\u0151s\u00edtik a kurkumin gyullad\u00e1scs\u00f6kkent\u0151 \u00e9s f\u00e1jdalomcsillap\u00edt\u00f3 hat\u00e1s\u00e1t.<\/p>\n<h3>Melyek lehetnek a kurkuma legf\u0151bb kedvez\u0151 hat\u00e1sai?<\/h3>\n<ul>\n<li>Er\u0151s antioxid\u00e1ns hat\u00e1s\u00e1val semleges\u00edteni tudja a sejtk\u00e1ros\u00edt\u00f3 szabadgy\u00f6k\u00f6ket.<\/li>\n<li>K\u00e9pes enyh\u00edteni vagy ak\u00e1r meg is sz\u00fcntetni az \u00edz\u00fcleti gyullad\u00e1s \u00e9s a reum\u00e1s betegs\u00e9gek t\u00fcneteit.<\/li>\n<li>Term\u00e9szetes m\u00f3don ny\u00fajthat seg\u00edts\u00e9get a k\u00fcl\u00f6nf\u00e9le em\u00e9szt\u00e9si- \u00e9s gyomorprobl\u00e9m\u00e1k kezel\u00e9s\u00e9hez.<\/li>\n<li>T\u00e1mogatja a m\u00e1j \u00e9s a vese m\u00e9regtelen\u00edt\u0151 munk\u00e1j\u00e1t.<\/li>\n<li>Hozz\u00e1j\u00e1rulhat az \u00e9rrendszer eg\u00e9szs\u00e9g\u00e9hez, valamint a sz\u00edvprobl\u00e9m\u00e1k, a sz\u00edvroham \u00e9s a tromb\u00f3zis megel\u0151z\u00e9s\u00e9hez.<\/li>\n<li>K\u00e9pes szab\u00e1lyozni a koleszterinszintet, seg\u00edti a megfelel\u0151 \u00e9rt\u00e9kek be\u00e1ll\u00edt\u00e1s\u00e1t.<\/li>\n<\/ul>\n<h3>Mikor aj\u00e1nlott a GAL bio curcumin+ forte kapszula fogyaszt\u00e1sa?<\/h3>\n<ul>\n<li>Gyullad\u00e1sos b\u00e9lbetegs\u00e9gek<\/li>\n<li>M\u00e1j- \u00e9s vesek\u00e1rosod\u00e1s<\/li>\n<li>Em\u00e9szt\u0151rendszeri<\/li>\n<li>Reum\u00e1s panaszok<\/li>\n<li>Porckop\u00e1sos \u00edz\u00fcleti f\u00e1jdalom<\/li>\n<li>\u00cdz\u00fcleti gyullad\u00e1s<\/li>\n<li>Idegrendszeri probl\u00e9m\u00e1k, depresszi\u00f3<\/li>\n<li>Inzulinrezisztencia<\/li>\n<li>2-es t\u00edpus\u00fa diab\u00e9tesz<\/li>\n<li>Alzheimer-k\u00f3r<\/li>\n<li>Premenstru\u00e1ci\u00f3s szindr\u00f3ma (PMS)<\/li>\n<li>Sug\u00e1rter\u00e1pi\u00e1s mell\u00e9khat\u00e1sok<\/li>\n<\/ul>\n<h3>Hat\u00f3anyagok 1 kapszul\u00e1ban:<\/h3>\n<ul>\n<li>Kurkuma gy\u00f6k\u00e9r kivonatok (Curcuma longa) \u2013 300 mg<\/li>\n<li>Bio-Curcumin\u00ae BCM-95\u00ae \u2013 232 mg<\/li>\n<li>Szuperkritikus kurkuma-kivonat (75% turmeronok) \u2013 68mg<\/li>\n<li>Gy\u00f6mb\u00e9r-kivonat (Zingiber officinale) \u2013 50 mg<\/li>\n<li>Gy\u00f6mb\u00e9r ill\u00f3olaj [30-45% zingiber\u00e9n] \u2013 5 mg<\/li>\n<li>BioPerine\u00ae feketebors-kivonat (Piper nigrum) \u2013 2,5 mg<\/li>\n<\/ul>\n<h3>\u00d6sszetev\u0151k:<\/h3>\n<p>BioCurcumin\u00ae BCM-95\u00ae kurkuma-kivonat, zselatin (kapszula), mikrokrist\u00e1lyos cellul\u00f3z (t\u00e9rfogatn\u00f6vel\u0151), szuperkritikus kurkuma-kivonat , gy\u00f6mb\u00e9r-kivonat, t\u00e1pi\u00f3ka maltodextrin (s\u0171r\u00edt\u0151anyag), gy\u00f6mb\u00e9r ill\u00f3olaj, BioPerine\u00ae feketebors-kivonat.<\/p>\n<h3>Felhaszn\u00e1l\u00e1si javaslat:<\/h3>\n<p>A Gal Bio Curcumin+ forte feln\u0151ttek sz\u00e1m\u00e1ra javasolt napi adagja 1 kapszula, amit \u00e9tkez\u00e9s k\u00f6zben aj\u00e1nlott elfogyasztani.<\/p>\n","protected":false},"excerpt":{"rendered":"<p>A GAL Bio Curcumin mikroniz\u00e1lt, szuperkritikus kurkumakivonatb\u00f3l k\u00e9sz\u00fclt, ez\u00e1ltal kiemelked\u0151en hat\u00e9kony k\u00e9sz\u00edtm\u00e9ny. Kit\u0171n\u0151 felsz\u00edv\u00f3d\u00e1s\u00e1t jelent\u0151sen t\u00e1mogatja a gy\u00f6mb\u00e9r gingerol \u00e9s BioPerine\u00ae feketebors. A term\u00e9kben 300mg kurkuma gy\u00f6k\u00e9r kivonat tal\u00e1lhat\u00f3 kapszul\u00e1nk\u00e9nt.<\/p>\n","protected":false},"featured_media":5339,"comment_status":"closed","ping_status":"open","template":"","meta":[],"product_cat":[61],"product_tag":[],"class_list":{"0":"post-5338","1":"product","2":"type-product","3":"status-publish","4":"has-post-thumbnail","6":"product_brand-gal","7":"product_cat-etrend-kiegeszitok","9":"first","10":"instock","11":"purchasable","12":"product-type-simple"},"_links":{"self":[{"href":"https:\/\/vitamin.coredesign.hu\/index.php?rest_route=\/wp\/v2\/product\/5338","targetHints":{"allow":["GET"]}}],"collection":[{"href":"https:\/\/vitamin.coredesign.hu\/index.php?rest_route=\/wp\/v2\/product"}],"about":[{"href":"https:\/\/vitamin.coredesign.hu\/index.php?rest_route=\/wp\/v2\/types\/product"}],"replies":[{"embeddable":true,"href":"https:\/\/vitamin.coredesign.hu\/index.php?rest_route=%2Fwp%2Fv2%2Fcomments&post=5338"}],"wp:featuredmedia":[{"embeddable":true,"href":"https:\/\/vitamin.coredesign.hu\/index.php?rest_route=\/wp\/v2\/media\/5339"}],"wp:attachment":[{"href":"https:\/\/vitamin.coredesign.hu\/index.php?rest_route=%2Fwp%2Fv2%2Fmedia&parent=5338"}],"wp:term":[{"taxonomy":"product_cat","embeddable":true,"href":"https:\/\/vitamin.coredesign.hu\/index.php?rest_route=%2Fwp%2Fv2%2Fproduct_cat&post=5338"},{"taxonomy":"product_tag","embeddable":true,"href":"https:\/\/vitamin.coredesign.hu\/index.php?rest_route=%2Fwp%2Fv2%2Fproduct_tag&post=5338"}],"curies":[{"name":"wp","href":"https:\/\/api.w.org\/{rel}","templated":true}]}}