{"id":5329,"date":"2025-10-12T12:24:39","date_gmt":"2025-10-12T10:24:39","guid":{"rendered":"https:\/\/vitamin.coredesign.hu\/?product=gal-uc-ii-porc-komplex-60db"},"modified":"2026-01-08T23:24:17","modified_gmt":"2026-01-08T22:24:17","slug":"gal-uc-ii-porc-komplex-60db","status":"publish","type":"product","link":"https:\/\/vitamin.coredesign.hu\/?product=gal-uc-ii-porc-komplex-60db","title":{"rendered":"GAL UC-II Porc-komplex \u2013 60db"},"content":{"rendered":"<p>&nbsp;<\/p>\n<div id=\"lt-accessibility-devtools\" aria-hidden=\"true\"><\/div>\n<p>A GAL UC-II Porc-komplex kapszula a II-es t\u00edpus\u00fa kollag\u00e9nek egy k\u00fcl\u00f6nleges, nem denatur\u00e1lt form\u00e1j\u00e1t, \u00e9s egy r\u00e9szben hidroliz\u00e1lt form\u00e1j\u00e1t egy\u00fcttesen tartalmazza. A k\u00e9sz\u00edtm\u00e9ny fogyaszt\u00e1sa javasolt akt\u00edv sportol\u00f3knak, id\u0151s embereknek, \u00edz\u00fcleti probl\u00e9m\u00e1kkal k\u00fczd\u0151knek.<\/p>\n<h2>GAL UC-II Porc-komplex<\/h2>\n<p>A k\u00e9sz\u00edtm\u00e9ny autoimmun folyamatokban, valamint az \u00edz\u00fcletek porcfelsz\u00edn\u00e9nek s\u00e9r\u00fcl\u00e9se, kop\u00e1sa, helytelen, pl. s\u00farl\u00f3d\u00f3 mozg\u00e1sa, vagy egyszer\u0171en csak intenz\u00edvebb sport alatti ig\u00e9nybev\u00e9tele eset\u00e9n is kiemelked\u0151en hat\u00e9kony. A term\u00e9k egyar\u00e1nt tartalmazza a II-es t\u00edpus\u00fa kollag\u00e9nek egy k\u00fcl\u00f6nleges, nem denatur\u00e1lt form\u00e1j\u00e1t, \u00e9s egy r\u00e9szben hidroliz\u00e1lt form\u00e1j\u00e1t is.<\/p>\n<h3>UC-II +Chondractiv csirkeporc,Organikus bambusz-kivonat, Curcugreen \u2013 Bio-Curcumin<\/h3>\n<p>A GAL UC-II\u00ae Porc-komplex legfontosabb hat\u00f3anyaga az UC-II\u00ae n\u00e9ven szabadalmaztatott, nyers csirkeszegyporcb\u00f3l nyert alapanyag. M\u00e1s porc-kivonatokkal\/kollag\u00e9nekkel szemben a II-es t\u00edpus\u00fa kollag\u00e9neket \u00fan. nem denatur\u00e1l\u00f3dott (nyers) form\u00e1ban tartalmazza, r\u00e1ad\u00e1sul stabiliz\u00e1lva, aminek k\u00f6sz\u00f6nhet\u0151en nem tud se denatur\u00e1l\u00f3dni, se megem\u00e9szt\u0151dni az em\u00e9szt\u0151rendszerben.<\/p>\n<p>Ennek k\u00f6vetkezt\u00e9ben v\u00e1ltozatlan (nyers) form\u00e1ban k\u00e9pes eljutni a v\u00e9konybel\u00fcnkben tal\u00e1lhat\u00f3 nyirokszerveinkhez, az \u00fan. Peyer-plakkokhoz. Ez\u00e1ltal a nyirokrendszer\u00fcnk\u00f6n kereszt\u00fcl k\u00e9pes befoly\u00e1solni az immunm\u0171k\u00f6d\u00e9s\u00fcnket, \u00e9s \u00edgy meg\u00e1ll\u00edtani a saj\u00e1t porcsz\u00f6veteink megt\u00e1mad\u00e1s\u00e1t, megg\u00e1tolva az azok elleni antitestek termel\u00e9s\u00e9t. Ilyen antitestek nemcsak autoimmun \u00edz\u00fcleti betegs\u00e9gek eset\u00e9n termel\u0151dnek (Rheumatoid arthritis).<\/p>\n<p>Amikor az \u00edz\u00fcletek porcfelsz\u00edne megs\u00e9r\u00fcl, kopik, helytelen\u00fcl mozog (s\u00farl\u00f3dik), vagy egyszer\u0171en csak intenz\u00edvebb sport alatti ig\u00e9nybev\u00e9tel eset\u00e9n a porcot alkot\u00f3 II-es kollag\u00e9nfeh\u00e9rj\u00e9k egy kis r\u00e9sze denatur\u00e1l\u00f3dik, azaz a szervezet sz\u00e1m\u00e1ra idegen feh\u00e9rj\u00e9k j\u00f6nnek l\u00e9tre. Ekkor kisebb-nagyobb m\u00e9rt\u00e9kben antitest-termel\u00e9s indul meg ezek ellen, \u00edgy pedig kr\u00f3nikus gyullad\u00e1s \u00e9s egy\u00e9b probl\u00e9m\u00e1k alakulhatnak ki.<\/p>\n<p>Mindezekb\u0151l, illetve sz\u00e1mtalan vizsg\u00e1lat eredm\u00e9ny\u00e9b\u0151l is k\u00f6vetkezik, hogy az UC-II\u00ae minden t\u00edpus\u00fa \u00edz\u00fcleti probl\u00e9ma eset\u00e9n hat\u00e1sos, autoimmun eredet\u0171 \u00edz\u00fcleti probl\u00e9m\u00e1k eset\u00e9n pedig k\u00fcl\u00f6n\u00f6sen az. Az UC-II\u00ae-t sz\u00e1mos klinikai vizsg\u00e1latban haszn\u00e1lt\u00e1k nagy sikerrel, 40mg-os d\u00f3zisban. S b\u00e1r a 40mg nagyon kev\u00e9snek t\u0171nik, emberekn\u00e9l ennyi az optim\u00e1lis d\u00f3zis minden vizsg\u00e1lat szerint. Magasabb d\u00f3zis nem hat\u00e9konyabb, s\u0151t\u2026 Ez az\u00e9rt van, mert az UCII\u00ae \u201ev\u00e9d\u0151olt\u00e1shoz\u201d hasonl\u00f3an hat az immunrendszerre, a nyirokrendszeren kereszt\u00fcl \u00e9s nem a hagyom\u00e1nyos \u00faton (a porchoz a v\u00e9r\u00e1rammal kollag\u00e9n-peptidek juttat\u00e1s\u00e1val, majd ezek porcokba val\u00f3 be\u00e9p\u00fcl\u00e9s\u00e9vel + az \u00edz\u00fcleti folyad\u00e9k n\u00f6vel\u00e9s\u00e9vel).<\/p>\n<p>A k\u00e9sz\u00edtm\u00e9ny l\u00e9nyege az antitest-termel\u00e9s le\u00e1ll\u00edt\u00e1sa, \u00e9s \u00edgy a term\u00e9k esszenci\u00e1ja az UC-II\u00ae, azonban term\u00e9szetesen a gy\u00e1rt\u00f3k gondoltak az \u00edz\u00fclet \u00e9p\u00edt\u00e9s\u00e9re + \u00edz\u00fcleti ken\u0151anyag\u00e1nak fokoz\u00e1s\u00e1ra is, teh\u00e1t a \u201ehagyom\u00e1nyos \u00fatvonalra\u201d is: tartalmaz egy\u00a0<strong>Chondractiv\u00ae<\/strong>\u00a0n\u00e9ven szabadalmaztatott m\u00e1sik csirkeszegycsontporc-kivonatot is.<\/p>\n<p>Ez r\u00e9szben hidroliz\u00e1lt (el\u0151em\u00e9sztett) form\u00e1ban tartalmazza a\u00a0<strong>II-es t\u00edpus\u00fa kollag\u00e9neket<\/strong>, \u00e1m emellett tartalmaz m\u00e9g p\u00e9ld\u00e1ul\u00a0<strong>hialuronsavat, kondroitint<\/strong>\u00a0\u00e9s egy\u00e9b\u00a0<strong>aminoglik\u00e1nokat<\/strong>\u00a0is, m\u00e9ghozz\u00e1 a csirkeporc term\u00e9szetes, extra-cellul\u00e1ris m\u00e1trix\u00e1nak r\u00e9szeik\u00e9nt, ez\u00e9rt nem hasonl\u00edthat\u00f3ak \u00f6ssze az izol\u00e1lt hialuronsav- \u00e9s kondroitin-szulf\u00e1t-alapanyagokkal. Ez az biztos\u00edtja \u00edz\u00fcletek \u00e9p\u00edt\u0151- \u00e9s ken\u0151anyag\u00e1t.<\/p>\n<p>A k\u00e9sz\u00edtm\u00e9nyben tal\u00e1lhat\u00f3 organikus bambuszr\u00fcgyb\u0151l nyert\u00a0<strong>szil\u00edcium<\/strong>, illetve\u00a0<strong>C-vitamin<\/strong>\u00a0is. Mindk\u00e9t \u00f6sszetev\u0151 t\u00e1mogatja a kollag\u00e9n-szint\u00e9zist, \u00e9s klinikai vizsg\u00e1latokban a szil\u00edcium j\u00f3 hat\u00e1s\u00fa \u00edz\u00fcleti probl\u00e9m\u00e1k eset\u00e9n. Tov\u00e1bb\u00e1 az is kider\u00fcl vizsg\u00e1latokb\u00f3l, hogy a kollag\u00e9n-peptidek \u00edz\u00fcletekre gyakorolt pozit\u00edv hat\u00e1s\u00e1t tov\u00e1bb fokozza a vele egy\u00fctt szedett C-vitamin.<\/p>\n<p>A GAL UC-II Porc-komplex kapszula tartalmaz\u00a0<strong>Curcugreen\u00ae teljes spektrum\u00fa kurkumakivonatot\u00a0<\/strong>is, ami k\u00fcl\u00f6nb\u00f6zik a hagyom\u00e1nyos kurkumin-kivonatokt\u00f3l, mivel a kurkuma-gy\u00f6k\u00e9r esszenciaolaj\u00e1t is tartalmazza, aminek k\u00f6sz\u00f6nhet\u0151en a felsz\u00edv\u00f3d\u00e1sa min. 7-szeres!<\/p>\n<p>Azonban jelent\u0151sen k\u00fcl\u00f6nb\u00f6zik nem csup\u00e1n a hagyom\u00e1nyos kurkuma-kivonatokt\u00f3l, de a fokozott felsz\u00edv\u00f3d\u00e1s\u00fa kurkuma-kivonatokt\u00f3l is, ugyanis a Curcugreen\u00ae a vil\u00e1g egyetlen olyan kurkuma-kivonata, amely a hasznos kurkumin-szintet k\u00e9pes n\u00f6velni a v\u00e9rben, \u00e9s nem a haszontalan vagy kev\u00e9sb\u00e9 hasznos boml\u00e1sterm\u00e9keit.<\/p>\n<p>A Curcugreen\u00ae 100%-osan z\u00f6ld-energia felhaszn\u00e1l\u00e1s\u00e1val k\u00e9sz\u00fcl (napelemek \u00e1ltal biztos\u00edtott energi\u00e1val), a gy\u00e1rt\u00f3 saj\u00e1t \u00fcltetv\u00e9ny\u00e9r\u0151l sz\u00e1rmaz\u00f3, vegyszermentesen termesztett kurkumagy\u00f6kereib\u0151l kivonva.<\/p>\n<h3>Mikor aj\u00e1nlott a GAL UC-II Porc-komplex kapszula fogyaszt\u00e1sa?<\/h3>\n<ul>\n<li>Akt\u00edv sportol\u00f3knak<\/li>\n<li>\u00cdz\u00fcleti probl\u00e9m\u00e1kkal k\u00fczd\u0151knek<\/li>\n<li>Id\u0151s embereknek<\/li>\n<li>Autoimmun folyamatokban<\/li>\n<li>\u00cdz\u00fcletek porcfelsz\u00edn\u00e9nek s\u00e9r\u00fcl\u00e9se, kop\u00e1sa eset\u00e9n<\/li>\n<li>\u00cdz\u00fcletek porcfelsz\u00edn\u00e9nek helytelen mozg\u00e1sa (s\u00farl\u00f3d\u00e1s) eset\u00e9n<\/li>\n<li>Rheumatoid arthritis fenn\u00e1ll\u00e1sakor<\/li>\n<\/ul>\n<h3>Hat\u00f3anyagok 1 kapszul\u00e1ban:<\/h3>\n<ul>\n<li>C-vitamin (L-aszkorbinsav) 200mg<\/li>\n<li>Csirkeszegyporc-komplex 100mg\n<ul>\n<li>UC-II stabiliz\u00e1lt csirkeszegyporc-k\u00e9sz\u00edtm\u00e9ny\u00a0\u00a0\u00a0\u00a0 40mg<\/li>\n<li>Chondractiv csirkeszegyporc-kivonat\u00a0\u00a0\u00a0 60mg<\/li>\n<\/ul>\n<\/li>\n<li>Organikus bambuszr\u00fcgy vizes kivonata 33mg<\/li>\n<li>Curcugreen kurkumagy\u00f6k\u00e9r-kivonat 10mg<\/li>\n<\/ul>\n<h3>Felhaszn\u00e1l\u00e1si javaslat:<\/h3>\n<p>A GAL UC-II Porc-komplexb\u0151l mindennap este, lefekv\u00e9s el\u0151tt, \u00e9hgyomorra vegyen be 1 db kapszul\u00e1t.<\/p>\n","protected":false},"excerpt":{"rendered":"<p>A GAL UC-II Porc-komplex kapszula a II-es t\u00edpus\u00fa kollag\u00e9nek egy k\u00fcl\u00f6nleges, nem denatur\u00e1lt form\u00e1j\u00e1t, \u00e9s egy r\u00e9szben hidroliz\u00e1lt form\u00e1j\u00e1t egy\u00fcttesen tartalmazza. A k\u00e9sz\u00edtm\u00e9ny fogyaszt\u00e1sa javasolt akt\u00edv sportol\u00f3knak, id\u0151s embereknek, \u00edz\u00fcleti probl\u00e9m\u00e1kkal k\u00fczd\u0151knek.<\/p>\n","protected":false},"featured_media":5330,"comment_status":"closed","ping_status":"open","template":"","meta":[],"product_cat":[61],"product_tag":[],"class_list":{"0":"post-5329","1":"product","2":"type-product","3":"status-publish","4":"has-post-thumbnail","6":"product_brand-gal","7":"product_cat-etrend-kiegeszitok","9":"first","10":"instock","11":"purchasable","12":"product-type-simple"},"_links":{"self":[{"href":"https:\/\/vitamin.coredesign.hu\/index.php?rest_route=\/wp\/v2\/product\/5329","targetHints":{"allow":["GET"]}}],"collection":[{"href":"https:\/\/vitamin.coredesign.hu\/index.php?rest_route=\/wp\/v2\/product"}],"about":[{"href":"https:\/\/vitamin.coredesign.hu\/index.php?rest_route=\/wp\/v2\/types\/product"}],"replies":[{"embeddable":true,"href":"https:\/\/vitamin.coredesign.hu\/index.php?rest_route=%2Fwp%2Fv2%2Fcomments&post=5329"}],"wp:featuredmedia":[{"embeddable":true,"href":"https:\/\/vitamin.coredesign.hu\/index.php?rest_route=\/wp\/v2\/media\/5330"}],"wp:attachment":[{"href":"https:\/\/vitamin.coredesign.hu\/index.php?rest_route=%2Fwp%2Fv2%2Fmedia&parent=5329"}],"wp:term":[{"taxonomy":"product_cat","embeddable":true,"href":"https:\/\/vitamin.coredesign.hu\/index.php?rest_route=%2Fwp%2Fv2%2Fproduct_cat&post=5329"},{"taxonomy":"product_tag","embeddable":true,"href":"https:\/\/vitamin.coredesign.hu\/index.php?rest_route=%2Fwp%2Fv2%2Fproduct_tag&post=5329"}],"curies":[{"name":"wp","href":"https:\/\/api.w.org\/{rel}","templated":true}]}}