{"id":5260,"date":"2025-10-12T12:23:55","date_gmt":"2025-10-12T10:23:55","guid":{"rendered":"https:\/\/vitamin.coredesign.hu\/?product=haya-labs-quercetin-500-mg-50-tabletta"},"modified":"2026-01-08T23:23:32","modified_gmt":"2026-01-08T22:23:32","slug":"haya-labs-quercetin-500-mg-50-tabletta","status":"publish","type":"product","link":"https:\/\/vitamin.coredesign.hu\/?product=haya-labs-quercetin-500-mg-50-tabletta","title":{"rendered":"HAYA LABS \u2013 Quercetin 500 mg. \/ 50 tabletta"},"content":{"rendered":"<p>&nbsp;<\/p>\n<div id=\"lt-accessibility-devtools\" aria-hidden=\"true\"><\/div>\n<p>A <strong>Haya Labs Quercetin<\/strong> egyed\u00fcl\u00e1ll\u00f3 term\u00e9k, melynek t\u00f6bb el\u0151nye van az \u00e1ltal\u00e1nos eg\u00e9szs\u00e9g szempontj\u00e1b\u00f3l. Ez a t\u00e1pl\u00e1l\u00e9kkieg\u00e9sz\u00edt\u0151 term\u00e9szetes \u00f6sszetev\u0151ket tartalmaz, \u00e9s nem okoz mell\u00e9khat\u00e1sokat!<\/p>\n<p><strong>El\u0151ny\u00f6k:<\/strong><\/p>\n<ul>\n<li>antioxid\u00e1ns<\/li>\n<li>gyullad\u00e1scs\u00f6kkent\u0151 hat\u00e1s<\/li>\n<li>serkenti az immunrendszert<\/li>\n<li>megsz\u00fcnteti az allergia t\u00fcneteit<\/li>\n<li>lass\u00edtja az \u00f6reged\u00e9si folyamatot<\/li>\n<li>t\u00e1mogatja a sz\u00edv- \u00e9s \u00e9rrendszer norm\u00e1l m\u0171k\u00f6d\u00e9s\u00e9t<\/li>\n<li>seg\u00edt a rossz koleszterin szintj\u00e9nek szab\u00e1lyoz\u00e1s\u00e1ban<\/li>\n<\/ul>\n<p>A quercetin egy olyan t\u00edpus\u00fa flavonoid, amely sok gy\u00fcm\u00f6lcsben \u00e9s z\u00f6lds\u00e9gben megtal\u00e1lhat\u00f3, sokoldal\u00fa eg\u00e9szs\u00e9g\u00fcgyi el\u0151nyeir\u0151l ismert. A flavonoidok a fitok\u00e9miai vegy\u00fcletek nagy csoportj\u00e1t alkotj\u00e1k, amelyek a karotinoidokkal egy\u00fctt pigmentekk\u00e9nt viselkednek, \u0151k felel\u0151sek a n\u00f6v\u00e9nyek hivalkod\u00f3 \u00e9s megk\u00fcl\u00f6nb\u00f6ztet\u0151 sz\u00edn\u00e9\u00e9rt. Er\u0151s gyullad\u00e1sg\u00e1tl\u00f3 \u00e9s antioxid\u00e1ns tulajdons\u00e1g\u00e1nak k\u00f6sz\u00f6nhet\u0151en a quercetin az egyik legjobban kutatott flavonoid.<\/p>\n<p>Ez a mikrot\u00e1panyag k\u00e9pes semleges\u00edteni a szabad gy\u00f6k\u00f6k \u00e1ltal okozott k\u00e1rokat, megv\u00e9di a sejteket az oxidat\u00edv stresszt\u0151l. A rendszeres quercetin bevitel t\u00e1mogatja a test term\u00e9szetes v\u00e9dekez\u0151-mechanizmusait \u00e9s seg\u00edti az LDL szintj\u00e9nek cs\u00f6kkent\u00e9s\u00e9t. A quercetin arr\u00f3l is ismert, hogy k\u00e9pes cs\u00f6kkenteni a hisztamin szint\u00e9zist \u2013 azokat a vegyi anyagokat, amelyeket az immunrendszer mozg\u00e1sba hoz, amikor allergi\u00e1s reakci\u00f3 jelentkezik, \u00e9s \u00edgy term\u00e9szetes antiallerg\u00e9n hat\u00e1s\u00fa. Mint minden m\u00e1s antioxid\u00e1ns, ez a flavonoid is lass\u00edtja a test \u00f6reged\u00e9si folyamatait \u00e9s jav\u00edtja az eg\u00e9szs\u00e9get. A <strong>Haya Labs Quercetin<\/strong> egy kapszul\u00e1ja 500 mg-os adagol\u00e1ssal szolg\u00e1lja a sejteket.<\/p>\n<p><strong>Egy adag:<\/strong> 1 tabletta<\/p>\n<p><strong>Aj\u00e1nlott felhaszn\u00e1l\u00e1s:<\/strong> Vegyen be 1 adagot naponta<\/p>\n<p><strong>Csomag tartalma:<\/strong> 50 adag<\/p>\n","protected":false},"excerpt":{"rendered":"<p>A Haya Labs Quercetin egyed\u00fcl\u00e1ll\u00f3 term\u00e9k, melynek t\u00f6bb el\u0151nye van az \u00e1ltal\u00e1nos eg\u00e9szs\u00e9g szempontj\u00e1b\u00f3l. Ez a t\u00e1pl\u00e1l\u00e9kkieg\u00e9sz\u00edt\u0151 term\u00e9szetes \u00f6sszetev\u0151ket tartalmaz, \u00e9s nem okoz mell\u00e9khat\u00e1sokat!<\/p>\n","protected":false},"featured_media":5261,"comment_status":"closed","ping_status":"open","template":"","meta":[],"product_cat":[61],"product_tag":[],"class_list":{"0":"post-5260","1":"product","2":"type-product","3":"status-publish","4":"has-post-thumbnail","6":"product_brand-haya-labs","7":"product_cat-etrend-kiegeszitok","9":"first","10":"instock","11":"purchasable","12":"product-type-simple"},"_links":{"self":[{"href":"https:\/\/vitamin.coredesign.hu\/index.php?rest_route=\/wp\/v2\/product\/5260","targetHints":{"allow":["GET"]}}],"collection":[{"href":"https:\/\/vitamin.coredesign.hu\/index.php?rest_route=\/wp\/v2\/product"}],"about":[{"href":"https:\/\/vitamin.coredesign.hu\/index.php?rest_route=\/wp\/v2\/types\/product"}],"replies":[{"embeddable":true,"href":"https:\/\/vitamin.coredesign.hu\/index.php?rest_route=%2Fwp%2Fv2%2Fcomments&post=5260"}],"wp:featuredmedia":[{"embeddable":true,"href":"https:\/\/vitamin.coredesign.hu\/index.php?rest_route=\/wp\/v2\/media\/5261"}],"wp:attachment":[{"href":"https:\/\/vitamin.coredesign.hu\/index.php?rest_route=%2Fwp%2Fv2%2Fmedia&parent=5260"}],"wp:term":[{"taxonomy":"product_cat","embeddable":true,"href":"https:\/\/vitamin.coredesign.hu\/index.php?rest_route=%2Fwp%2Fv2%2Fproduct_cat&post=5260"},{"taxonomy":"product_tag","embeddable":true,"href":"https:\/\/vitamin.coredesign.hu\/index.php?rest_route=%2Fwp%2Fv2%2Fproduct_tag&post=5260"}],"curies":[{"name":"wp","href":"https:\/\/api.w.org\/{rel}","templated":true}]}}