{"id":5226,"date":"2025-10-12T12:23:14","date_gmt":"2025-10-12T10:23:14","guid":{"rendered":"https:\/\/vitamin.coredesign.hu\/?product=haya-labs-biotin-maximum-strength-10-000-mcg-100-adag"},"modified":"2026-01-08T23:23:11","modified_gmt":"2026-01-08T22:23:11","slug":"haya-labs-biotin-maximum-strength-10-000-mcg-100-adag","status":"publish","type":"product","link":"https:\/\/vitamin.coredesign.hu\/?product=haya-labs-biotin-maximum-strength-10-000-mcg-100-adag","title":{"rendered":"HAYA LABS \u2013 Biotin Maximum Strength 10 000 mcg. \/ 100 adag"},"content":{"rendered":"<p>&nbsp;<\/p>\n<div id=\"lt-accessibility-devtools\" aria-hidden=\"true\"><\/div>\n<p>A <strong>Haya Labs\u00a0Biotin Maximum Strength<\/strong>\u00a0\u2013 fontos term\u00e9k az eg\u00e9szs\u00e9gi \u00e1llapot\u00e1hoz!<\/p>\n<p><strong>El\u0151ny\u00f6k:<\/strong><\/p>\n<ul>\n<li>Fontos a haj, a b\u0151r \u00e9s a k\u00f6rm\u00f6k eg\u00e9szs\u00e9ge szempontj\u00e1b\u00f3l<\/li>\n<li>Sz\u00fcks\u00e9ges a zs\u00edrsavak szint\u00e9zis\u00e9hez<\/li>\n<li>Seg\u00edt az \u00e9tel energi\u00e1v\u00e1 alak\u00edt\u00e1s\u00e1ban<\/li>\n<li>Hozz\u00e1j\u00e1rul a reprodukt\u00edv szervek \u00e9s a verejt\u00e9kmirigyek eg\u00e9szs\u00e9g\u00e9hez<\/li>\n<li>Fontos t\u00e1panyag a sz\u00e9nhidr\u00e1t-anyagcser\u00e9hez<\/li>\n<li>T\u00e1mogatja az idegrendszert<\/li>\n<li>R\u00e9szt vesz az aminosavak feh\u00e9rj\u00e9kk\u00e9 t\u00f6rt\u00e9n\u0151 \u00e1talak\u00edt\u00e1s\u00e1ban<\/li>\n<li>El\u0151seg\u00edti a sejtek norm\u00e1lis n\u00f6veked\u00e9s\u00e9t<\/li>\n<\/ul>\n<p>A B-vitamin csoport r\u00e9sze, b\u00e1r nem vitamin. Ez egy koenzim, amely vitaminokkal kombin\u00e1lva hat. A nev\u00e9t a g\u00f6r\u00f6g \u201cbios\u201d sz\u00f3b\u00f3l kapta, ami \u201c\u00e9let\u201d -et jelent, \u00e9s 1936-ban izol\u00e1lt\u00e1k el\u0151sz\u00f6r.<br \/>\nSz\u00fcks\u00e9ges a zs\u00edrok, sz\u00e9nhidr\u00e1tok \u00e9s feh\u00e9rj\u00e9k anyagcser\u00e9j\u00e9hez.<\/p>\n<p><strong>Sz\u00fcks\u00e9ges a zs\u00edrsavak szint\u00e9zis\u00e9hez<\/strong><\/p>\n<p>Koenzimk\u00e9nt sok folyamatban vesz r\u00e9szt, \u00e9s a test minden sejtje hasznos\u00edtja. A biotin r\u00e9szt vesz az energia-anyagcser\u00e9ben, \u00e9s nagy szerepet j\u00e1tszik a gl\u00fck\u00f3z felhaszn\u00e1l\u00e1s\u00e1ban. Elengedhetetlen a sejtek n\u00f6veked\u00e9s\u00e9hez \u00e9s replik\u00e1ci\u00f3j\u00e1hoz, \u00e9s lehet\u0151v\u00e9 teszi a keratin (a hajban \u00e9s a k\u00f6rm\u00f6kben tal\u00e1lhat\u00f3 f\u0151 feh\u00e9rje) k\u00e9miai szerkezet\u00e9nek kialakul\u00e1s\u00e1t \u00e9s fenntart\u00e1s\u00e1t.<\/p>\n<p>A biotin v\u00edzoldhat\u00f3, a felesleg \u00fcr\u00fcl a vizelettel.<br \/>\nA biotin k\u00fcl\u00f6nf\u00e9le \u00e9telekben tal\u00e1lhat\u00f3 meg, bele\u00e9rtve a m\u00e1jat, a karfiolt, a lazacot, a s\u00e1rgar\u00e9p\u00e1t, a ban\u00e1nt, a sz\u00f3jalisztet, a gabonaf\u00e9l\u00e9ket \u00e9s az \u00e9leszt\u0151t. Az \u00e9telek biotin-tartalma f\u0151z\u00e9ssel \u00e9s tart\u00f3s\u00edt\u00e1ssal cs\u00f6kken. Mivel a rohan\u00f3 vil\u00e1gunkban egyre kevesebb lehet\u0151s\u00e9g\u00fcnk van arra, hogy friss (nem fagyasztott) alapanyagb\u00f3l k\u00e9sz\u00fclt, \u00e9s az elk\u00e9sz\u00edt\u00e9s ut\u00e1n azonnal t\u00e1pl\u00e1lkozzunk, \u00edgy a t\u00e1rol\u00e1s \u00e9s sz\u00e1ll\u00edt\u00e1s sor\u00e1n cs\u00f6kken\u0151 biol\u00f3giai \u00e9rt\u00e9k\u0171 t\u00e1panyagok, vagy a szervezet sz\u00e1m\u00e1ra elengedhetetlen egy\u00e9b hat\u00f3anyagokat p\u00f3toljuk. Szerencs\u00e9re a biotin \u00e9s m\u00e1s koenzim-f\u00e9l\u00e9k p\u00f3tl\u00e1sa hat\u00e9konyan \u00e9s k\u00f6nnyen megoldhat\u00f3, hiszen a t\u00e1pl\u00e1l\u00e9kkieg\u00e9sz\u00edt\u0151k sz\u00e9les k\u00f6re \u00e1ll a rendelkez\u00e9s\u00fcnkre.<\/p>\n<p>Ez a term\u00e9k kiv\u00e1l\u00f3 v\u00e1laszt\u00e1s, hiszen t\u00f6bb, mint h\u00e1rom havi adagot tartalmaz egy flakon. A f\u0151 hat\u00f3anyag pedig k\u00e9t nagy ter\u00fcletet ig\u00e9ny\u00e9t is lefedi, hiszen a sz\u00e9ps\u00e9g\u00e1pol\u00e1si \u00e9s a sport t\u00e1pl\u00e1l\u00e9kkieg\u00e9sz\u00edt\u0151i jelent\u0151s\u00e9ge is kimagasl\u00f3.<\/p>\n<p>Ha \u00e9letm\u00f3d vagy eg\u00e9szs\u00e9g\u00fcgyi di\u00e9t\u00e1t tartasz, vagy csak fontos sz\u00e1modra a hajad, b\u0151r\u00f6d sejt szint\u0171 t\u00e1mogat\u00e1sa, nem is k\u00e9rd\u00e9s, hogy erre a hat\u00f3anyagra van sz\u00fcks\u00e9ged!<\/p>\n<p><strong>Egy adag:<\/strong> 1 tabletta<\/p>\n<p><strong>Javasolt felhaszn\u00e1l\u00e1s:<\/strong> 1 adag naponta \u00e9tkez\u00e9s k\u00f6zben<\/p>\n<p><strong>Csomag tartalma:<\/strong> 100 adag<\/p>\n","protected":false},"excerpt":{"rendered":"<p>A B-vitamin csoport r\u00e9sze, b\u00e1r nem vitamin. Ez egy koenzim, amely vitaminokkal kombin\u00e1lva hat. A nev\u00e9t a g\u00f6r\u00f6g \u201cbios\u201d sz\u00f3b\u00f3l kapta, ami \u201c\u00e9let\u201d -et jelent, \u00e9s 1936-ban izol\u00e1lt\u00e1k el\u0151sz\u00f6r.<br \/>\nSz\u00fcks\u00e9ges a zs\u00edrok, sz\u00e9nhidr\u00e1tok \u00e9s feh\u00e9rj\u00e9k anyagcser\u00e9j\u00e9hez.<\/p>\n","protected":false},"featured_media":5227,"comment_status":"closed","ping_status":"open","template":"","meta":[],"product_cat":[79],"product_tag":[],"class_list":{"0":"post-5226","1":"product","2":"type-product","3":"status-publish","4":"has-post-thumbnail","6":"product_brand-haya-labs","7":"product_cat-aminosavak","9":"first","10":"instock","11":"purchasable","12":"product-type-simple"},"_links":{"self":[{"href":"https:\/\/vitamin.coredesign.hu\/index.php?rest_route=\/wp\/v2\/product\/5226","targetHints":{"allow":["GET"]}}],"collection":[{"href":"https:\/\/vitamin.coredesign.hu\/index.php?rest_route=\/wp\/v2\/product"}],"about":[{"href":"https:\/\/vitamin.coredesign.hu\/index.php?rest_route=\/wp\/v2\/types\/product"}],"replies":[{"embeddable":true,"href":"https:\/\/vitamin.coredesign.hu\/index.php?rest_route=%2Fwp%2Fv2%2Fcomments&post=5226"}],"wp:featuredmedia":[{"embeddable":true,"href":"https:\/\/vitamin.coredesign.hu\/index.php?rest_route=\/wp\/v2\/media\/5227"}],"wp:attachment":[{"href":"https:\/\/vitamin.coredesign.hu\/index.php?rest_route=%2Fwp%2Fv2%2Fmedia&parent=5226"}],"wp:term":[{"taxonomy":"product_cat","embeddable":true,"href":"https:\/\/vitamin.coredesign.hu\/index.php?rest_route=%2Fwp%2Fv2%2Fproduct_cat&post=5226"},{"taxonomy":"product_tag","embeddable":true,"href":"https:\/\/vitamin.coredesign.hu\/index.php?rest_route=%2Fwp%2Fv2%2Fproduct_tag&post=5226"}],"curies":[{"name":"wp","href":"https:\/\/api.w.org\/{rel}","templated":true}]}}