{"id":5213,"date":"2025-10-12T12:23:14","date_gmt":"2025-10-12T10:23:14","guid":{"rendered":"https:\/\/vitamin.coredesign.hu\/?product=fitovital-magnezium-biszglicinat-kapszula-60db"},"modified":"2026-01-08T23:23:05","modified_gmt":"2026-01-08T22:23:05","slug":"fitovital-magnezium-biszglicinat-kapszula-60db","status":"publish","type":"product","link":"https:\/\/vitamin.coredesign.hu\/?product=fitovital-magnezium-biszglicinat-kapszula-60db","title":{"rendered":"FitoVital Magn\u00e9zium biszglicin\u00e1t kapszula \u2013 60db"},"content":{"rendered":"<p>&nbsp;<\/p>\n<div id=\"lt-accessibility-devtools\" aria-hidden=\"true\"><\/div>\n<div class=\"woocommerce-product-details__short-description\">\n<p>A magn\u00e9zium az egyik legfontosabb \u00e1sv\u00e1nyi anyag a szervezet sz\u00e1m\u00e1ra, mert sz\u00e1mos fontos folyamatban vesz r\u00e9szt, amely el\u0151seg\u00edti az eg\u00e9szs\u00e9g fenntart\u00e1s\u00e1t, k\u00fcl\u00f6n\u00f6sen az agyban, a sz\u00edvben \u00e9s az izmokban.<\/p>\n<p>A magn\u00e9zium a szervezet\u00fcnk alapvet\u0151 \u00e9letfunkci\u00f3i sz\u00e1m\u00e1ra l\u00e9tsz\u00fcks\u00e9gletet jelent\u0151 t\u00e1panyagok k\u00f6z\u00fcl az egyik legfontosabb.<\/p>\n<p>A szervezet\u00fcnkben hasznosul\u00f3 magn\u00e9zium t\u00f6bbek k\u00f6z\u00f6tt t\u00f6bb, mint 300 enzim megfelel\u0151 m\u0171k\u00f6d\u00e9s\u00e9\u00e9rt felel\u0151s, tov\u00e1bb\u00e1 szab\u00e1lyozza a feh\u00e9rjeszint\u00e9zist, a v\u00e9rnyom\u00e1st \u00e9s biztos\u00edtja az eg\u00e9szs\u00e9ges idegm\u0171k\u00f6d\u00e9st. R\u00e9szt vesz a csontk\u00e9pz\u0151d\u00e9sben, a DNS \u00e9s RNS szint\u00e9zis\u00e9ben, hozz\u00e1j\u00e1rul az antioxid\u00e1nsok kialakul\u00e1s\u00e1hoz \u00e9s egy\u00e9b \u00e1sv\u00e1nyi anyagok, mint a kalcium hasznosul\u00e1s\u00e1t is el\u0151seg\u00edti a test\u00fcnkben.<\/p>\n<p>M\u00e1ra sajnos \u00e1ltal\u00e1nos n\u00e9peg\u00e9szs\u00e9g\u00fcgyi probl\u00e9m\u00e1v\u00e1 v\u00e1lt a magn\u00e9ziumhi\u00e1nyos \u00e1llapot, amely, mint egyre fokoz\u00f3d\u00f3 tendencia, a modern \u00e9letvitel, a hajszolt \u00e9letm\u00f3d, a t\u00e1panyaghi\u00e1nyos \u00e9s\/vagy az eg\u00e9szs\u00e9get nem t\u00e1mogat\u00f3 t\u00e1pl\u00e1lkoz\u00e1s, illetve a mindennek k\u00f6vetkezt\u00e9ben felborul\u00f3 em\u00e9szt\u0151rendszeri fl\u00f3ra (mikrobiom) k\u00f3ros m\u0171k\u00f6d\u00e9se k\u00f6vetkezt\u00e9ben alakul ki.<\/p>\n<p>A magn\u00e9ziumhi\u00e1ny korai jele lehet: a migr\u00e9n, a magas v\u00e9rnyom\u00e1s, \u00e1ltal\u00e1nos f\u00e1radts\u00e1g, izomg\u00f6rcs\u00f6k, hormon\u00e1lis zavarok, zsibbad\u00e1s \u00e9s bizserg\u00e9s, illetve sok m\u00e1s ezekhez hasonl\u00f3 eg\u00e9szs\u00e9g\u00fcgyi t\u00fcnet is.<\/p>\n<p><strong>A magn\u00e9zium p\u00f3tl\u00e1s\u00e1ra egy\u00e1ltal\u00e1n nem mindegy, hogy milyen biok\u00e9miai tulajdons\u00e1gokkal b\u00edr\u00f3 k\u00e9sz\u00edtm\u00e9nyt v\u00e1lasztunk!<\/strong><\/p>\n<p>A magn\u00e9zium szervetlen form\u00e1ban van jelen a magn\u00e9zium-szulf\u00e1tban, a magn\u00e9zium-oxidban, a magn\u00e9zium-karbon\u00e1tban \u00e9s a magn\u00e9zium-hidroxidban. Ezekb\u0151l a vegy\u00fclett\u00edpusokb\u00f3l a magn\u00e9zium csak kis m\u00e9rt\u00e9kben k\u00e9pes hasznosulni a szervezetben, r\u00e1ad\u00e1sul a felsz\u00edv\u00f3dni nem tud\u00f3 \u00e9s az em\u00e9szt\u0151rendszerben megmarad\u00f3 magn\u00e9zium-vegy\u00fcletek rendszerint hasmen\u00e9st is okoznak.<\/p>\n<p>A Magn\u00e9zium-biszglicin\u00e1t a magn\u00e9ziumnak a Glicin aminosavval alkotott s\u00f3ja, melyben a magn\u00e9zium molekul\u00e1k \u00fagynevezett kel\u00e1t k\u00f6t\u00e9sben vannak jelen. Ez a vegy\u00fclet-forma az egyik legjobban felsz\u00edv\u00f3d\u00f3 \u00e9s hasznosul\u00f3, egy\u00fattal a gyomorhoz \u00e9s az em\u00e9szt\u0151rendszerhez is a legk\u00edm\u00e9letesebben m\u00f3don kapcsol\u00f3d\u00f3 k\u00f6t\u00e9si szerkezet, ez\u00e9rt a kel\u00e1t t\u00edpus\u00fa k\u00e9sz\u00edtm\u00e9nyek fogyaszt\u00e1s\u00e1val a magn\u00e9ziumhi\u00e1nyos \u00e1llapot r\u00f6vid id\u0151n bel\u00fcl sikeresen megsz\u00fcntethet\u0151 a szervezetben.<\/p>\n<p>A Magn\u00e9zium-biszglicin\u00e1tels\u0151sorban az agyi funkci\u00f3kra hat pozit\u00edvan.<\/p>\n<h3>K\u00e9pes:<\/h3>\n<ul>\n<li>cs\u00f6kkenteni a szorong\u00e1st, az ingerl\u00e9kenys\u00e9get \u00e9s a stresszt,<\/li>\n<li>jav\u00edtani a koncentr\u00e1ci\u00f3n, a nappali f\u00e1radts\u00e1gon,<\/li>\n<li>oldani a depresszi\u00f3n,<\/li>\n<li>tov\u00e1bb\u00e1 lefekv\u00e9s el\u0151tt t\u00f6rt\u00e9n\u0151 fogyaszt\u00e1s\u00e1val javulhat az alv\u00e1s k\u00e9pess\u00e9ge \u00e9s \u00e9lm\u00e9nye is<\/li>\n<\/ul>\n<h3>Hat\u00f3anyag a napi adagban:<\/h3>\n<ul>\n<li>Magn\u00e9zium-biszglicin\u00e1t 1600 mg<\/li>\n<\/ul>\n<h3>Aj\u00e1nlott adagol\u00e1s:<\/h3>\n<p>napi adag: 2\u00d71 db kapszula.<\/p>\n<\/div>\n","protected":false},"excerpt":{"rendered":"<div class=\"woocommerce-product-details__short-description\">\n<div class=\"woocommerce-product-details__short-description\">\n<p>A magn\u00e9zium az egyik legfontosabb \u00e1sv\u00e1nyi anyag a szervezet sz\u00e1m\u00e1ra, mert sz\u00e1mos fontos folyamatban vesz r\u00e9szt, amely el\u0151seg\u00edti az eg\u00e9szs\u00e9g fenntart\u00e1s\u00e1t, k\u00fcl\u00f6n\u00f6sen az agyban, a sz\u00edvben \u00e9s az izmokban.<\/p>\n<\/div>\n<\/div>\n","protected":false},"featured_media":5214,"comment_status":"closed","ping_status":"open","template":"","meta":[],"product_cat":[73],"product_tag":[],"class_list":{"0":"post-5213","1":"product","2":"type-product","3":"status-publish","4":"has-post-thumbnail","6":"product_brand-fitovital","7":"product_cat-arvanyi-anyagok","9":"first","10":"instock","11":"purchasable","12":"product-type-simple"},"_links":{"self":[{"href":"https:\/\/vitamin.coredesign.hu\/index.php?rest_route=\/wp\/v2\/product\/5213","targetHints":{"allow":["GET"]}}],"collection":[{"href":"https:\/\/vitamin.coredesign.hu\/index.php?rest_route=\/wp\/v2\/product"}],"about":[{"href":"https:\/\/vitamin.coredesign.hu\/index.php?rest_route=\/wp\/v2\/types\/product"}],"replies":[{"embeddable":true,"href":"https:\/\/vitamin.coredesign.hu\/index.php?rest_route=%2Fwp%2Fv2%2Fcomments&post=5213"}],"wp:featuredmedia":[{"embeddable":true,"href":"https:\/\/vitamin.coredesign.hu\/index.php?rest_route=\/wp\/v2\/media\/5214"}],"wp:attachment":[{"href":"https:\/\/vitamin.coredesign.hu\/index.php?rest_route=%2Fwp%2Fv2%2Fmedia&parent=5213"}],"wp:term":[{"taxonomy":"product_cat","embeddable":true,"href":"https:\/\/vitamin.coredesign.hu\/index.php?rest_route=%2Fwp%2Fv2%2Fproduct_cat&post=5213"},{"taxonomy":"product_tag","embeddable":true,"href":"https:\/\/vitamin.coredesign.hu\/index.php?rest_route=%2Fwp%2Fv2%2Fproduct_tag&post=5213"}],"curies":[{"name":"wp","href":"https:\/\/api.w.org\/{rel}","templated":true}]}}