{"id":5202,"date":"2025-10-12T12:23:14","date_gmt":"2025-10-12T10:23:14","guid":{"rendered":"https:\/\/vitamin.coredesign.hu\/?product=drjuice-co-ezustkolloid-feminakit-noi-intim-apolo"},"modified":"2026-01-08T23:23:00","modified_gmt":"2026-01-08T22:23:00","slug":"drjuice-co-ezustkolloid-feminakit-noi-intim-apolo","status":"publish","type":"product","link":"https:\/\/vitamin.coredesign.hu\/?product=drjuice-co-ezustkolloid-feminakit-noi-intim-apolo","title":{"rendered":"DrJuice Co. Ez\u00fcstkolloid Feminakit n\u0151i intim \u00e1pol\u00f3"},"content":{"rendered":"<p>&nbsp;<\/p>\n<div id=\"lt-accessibility-devtools\" aria-hidden=\"true\"><\/div>\n<div class=\"woocommerce-product-details__short-description\">\n<p>Ez\u00fcstkolloid tartalm\u00fa, n\u0151i intim \u00e1pol\u00f3 oldat, gomba \u00e9s bakt\u00e9rium\u00f6l\u0151 hat\u00e1s\u00fa, \u00edgy hozz\u00e1j\u00e1rulhat a fert\u0151z\u00e9ses betegs\u00e9gek kieg\u00e9sz\u00edt\u0151 kezel\u00e9s\u00e9hez.<\/p>\n<p>Az ez\u00fcstkolloid tartalm\u00fa Feminakit higi\u00e9niai term\u00e9k N\u0151k r\u00e9sz\u00e9re, amely seg\u00edthet az orvosi kezel\u00e9s hat\u00e9konys\u00e1g\u00e1nak n\u00f6vel\u00e9s\u00e9ben is.<\/p>\n<p>A k\u00fcls\u0151 n\u0151i nemi szerv \u00e9lettani mikrobiol\u00f3giai egyens\u00faly\u00e1nak fenntart\u00e1s\u00e1ban, annak tiszt\u00edt\u00e1s\u00e1ra, \u00e1pol\u00e1s\u00e1ra, v\u00e9delm\u00e9re \u00e9s megfelel\u0151 higi\u00e9niai \u00e1llapot\u00e1ban tart\u00e1s\u00e1ra aj\u00e1nlott ez\u00fcstkolloid tartalm\u00fa intim mosakod\u00f3.<\/p>\n<p>A n\u0151i szervezet egyik leggyakoribb betegs\u00e9ge a h\u00fcvelygyullad\u00e1s. A h\u00fcvelyt tejsavbacilusok v\u00e9dik a gomb\u00e1k, v\u00edrusok, bakt\u00e9riumok \u00e9s egysejt\u0171 parazit\u00e1k t\u00e1mad\u00e1sait\u00f3l. A v\u00e9d\u0151fl\u00f3ra pusztul\u00e1sa vissza-visszat\u00e9r\u0151 h\u00fcvelygyullad\u00e1st okoz, mely k\u00f6nnyen megkeser\u00edtheti a n\u0151k \u00e9let\u00e9t a betegs\u00e9g kellemetlens\u00e9geivel \u00e9s a n\u0151iess\u00e9g \u00e9rz\u00e9s\u00e9nek csorbul\u00e1sa r\u00e9v\u00e9n. A h\u00fcvelyfl\u00f3ra pusztul\u00e1s\u00e1nak, ill. a h\u00fcvelygyullad\u00e1soknak k\u00fcl\u00f6n\u00f6sen kitett n\u0151k azok, akik l\u00e1zas betegs\u00e9gben szenvednek, antibiotikumot, immungyeng\u00edt\u0151 gy\u00f3gyszert kaptak, immungyenges\u00e9ggel j\u00e1r\u00f3 betegs\u00e9gben vagy cukorbetegs\u00e9gben szenvednek.<\/p>\n<p>Az \u00fasz\u00e1st kedvel\u0151k is a vesz\u00e9lyeztetettek csoportj\u00e1ba tartoznak: az uszod\u00e1k kl\u00f3ros vize sem k\u00edm\u00e9li a tejsavbacilusokat. Az is gyakori, hogy a partner ivarcsatorn\u00e1j\u00e1nak gyullad\u00e1sa (pl. prosztatagyullad\u00e1s) tartja fenn az id\u00fclt fert\u0151z\u00e9st.<\/p>\n<p>A Feminakit\u00ae ez\u00fcstkolloid tartalm\u00fa N\u0151i intim \u00e1pol\u00f3 seg\u00edts\u00e9g\u00e9vel a h\u00fcvelyh\u00e1m mikrobiol\u00f3giai egyens\u00falya k\u00f6nnyen helyre\u00e1ll\u00edthat\u00f3.<\/p>\n<p>Az ez\u00fcstkolloid tartalm\u00fa intim mosakod\u00f3 k\u00e9szlet tartalmazza mindazt, ami a kezel\u00e9shez sz\u00fcks\u00e9ges: irrig\u00e1l\u00f3 fecskend\u0151t, cs\u00f6vet, ez\u00fcstkolloidot \u00e9s tejsavat. Az ez\u00fcstkolloid seg\u00edt a k\u00f3rokoz\u00f3k elpuszt\u00edt\u00e1s\u00e1ban, a tejsav seg\u00edts\u00e9g\u00e9vel pedig helyre lehet \u00e1ll\u00edtani a h\u00fcvely norm\u00e1lis vegyhat\u00e1s\u00e1t (\u201epH-\u00e9rt\u00e9k\u00e9t\u201d).<\/p>\n<p>Az ez\u00fcstkolloidos k\u00e9sz\u00edtm\u00e9ny helyes alkalmaz\u00e1s\u00e1t a mell\u00e9kelt haszn\u00e1lati \u00fatmutat\u00f3 pontosan le\u00edrja.<\/p>\n<p>A Feminakit ez\u00fcstkolloidos tartalm\u00fa intim \u00e1pol\u00f3 seg\u00edthet a k\u00ednz\u00f3 gyullad\u00e1s megsz\u00fcntet\u00e9s\u00e9ben, \u00e9s tart\u00f3s v\u00e9delmet biztos\u00edthat az \u00fajabb fert\u0151z\u00e9sekkel szemben \u2013 ez\u00e1ltal sok-sok kellemetlen, k\u00f6lts\u00e9ges \u00e9s id\u0151ig\u00e9nyes n\u0151gy\u00f3gy\u00e1szati vizsg\u00e1lat is elker\u00fclhet\u0151 lesz.<\/p>\n<p>Dr.Elek Csaba sz\u00fcl\u00e9sz-n\u0151gy\u00f3gy\u00e1sz szakorvos, hum\u00e1ngenetikus<\/p>\n<p>Az ez\u00fcstkolloid tartalm\u00fa intim mosakod\u00f3 higi\u00e9niai term\u00e9k n\u0151k r\u00e9sz\u00e9re, mely seg\u00edt a fert\u0151z\u00e9ses h\u00fcvelybetegs\u00e9gek megel\u0151z\u00e9s\u00e9ben, az orvosi kezel\u00e9s hat\u00e9konys\u00e1g\u00e1nak n\u00f6vel\u00e9s\u00e9ben, a h\u00fcvely \u00e9lettani mikrobiol\u00f3giai egyens\u00faly\u00e1nak fenntart\u00e1s\u00e1ban.<\/p>\n<p>Az ez\u00fcstkolloidos intim \u00e1pol\u00f3 haszn\u00e1lata:<\/p>\n<p>Az oldatok elk\u00e9sz\u00edt\u00e9se:<\/p>\n<p>A dobozban tal\u00e1lhat\u00f3 20 ml-es sz\u00f3r\u00f3fejes \u00fcveget t\u00f6ltse meg a 200 ml-es ez\u00fcstkolloid folyad\u00e9kb\u00f3l. Ennek seg\u00edts\u00e9g\u00e9vel a h\u00edg\u00edt\u00e1shoz haszn\u00e1lt \u00fcveg vagy m\u0171anyag t\u00e1lat fert\u0151tlen\u00edtse ki az ez\u00fcstkolloid\/tejsav \u00e9s a h\u00edg\u00edt\u00e1shoz haszn\u00e1lt v\u00edz \u00f6sszekever\u00e9se el\u0151tt.<\/p>\n<p>Mindenk\u00e9ppen H\u00cdG\u00cdTSA k\u00fcl\u00f6n-k\u00fcl\u00f6n Sz\u0171z v\u00edzzel vagy forralt v\u00edzzel az ez\u00fcstkolloidot \u00e9s a tejsavat a k\u00f6vetkez\u0151 ar\u00e1nyban:<\/p>\n<ul>\n<li>3 dl szobah\u0151m\u00e9rs\u00e9klet\u0171 Sz\u0171z v\u00edzhez vagy forralt v\u00edzhez adjon 30 ml ez\u00fcstkolloid oldatot. Ezt az oldatot haszn\u00e1lva h\u00e1romszor egym\u00e1s ut\u00e1n alaposan mosakodjon meg a nemi szerv k\u00f6rny\u00e9k\u00e9n.<\/li>\n<li>3 dl szobah\u0151m\u00e9rs\u00e9klet\u0171 Sz\u0171z v\u00edzhez vagy forralt v\u00edzhez adjon 10 ml tejsav oldatot. Ezt az oldatot haszn\u00e1lva h\u00e1romszor egym\u00e1s ut\u00e1n mosakodjon meg a nemi szerv k\u00f6rny\u00e9k\u00e9n.<\/li>\n<\/ul>\n<p>A doboz tartalma 6 alkalomra elegend\u0151 mennyis\u00e9get tartalmaz. Az eszk\u00f6z\u00f6k haszn\u00e1lata ut\u00e1n azokat \u00f6bl\u00edts\u00fck ki tiszta v\u00edzben, a 20 ml-es sz\u00f3r\u00f3fejes \u00fcveget t\u00f6lts\u00fck meg ez\u00fcstkolloid oldattal, \u00e9s a haszn\u00e1lt eszk\u00f6z\u00f6ket k\u00edv\u00fclr\u0151l-bel\u00fclr\u0151l alaposan f\u00fajjuk \u00e1t, \u00edgy biztos\u00edthatjuk az eszk\u00f6z\u00f6k tiszt\u00e1ntart\u00e1s\u00e1t.<\/p>\n<\/div>\n","protected":false},"excerpt":{"rendered":"<div class=\"woocommerce-product-details__short-description\">\n<div class=\"woocommerce-product-details__short-description\">\n<p>Ez\u00fcstkolloid tartalm\u00fa, n\u0151i intim \u00e1pol\u00f3 oldat, gomba \u00e9s bakt\u00e9rium\u00f6l\u0151 hat\u00e1s\u00fa, \u00edgy hozz\u00e1j\u00e1rulhat a fert\u0151z\u00e9ses betegs\u00e9gek kieg\u00e9sz\u00edt\u0151 kezel\u00e9s\u00e9hez.<\/p>\n<\/div>\n<\/div>\n","protected":false},"featured_media":5203,"comment_status":"closed","ping_status":"open","template":"","meta":[],"product_cat":[61,67],"product_tag":[],"class_list":{"0":"post-5202","1":"product","2":"type-product","3":"status-publish","4":"has-post-thumbnail","6":"product_brand-dr-juice","7":"product_cat-etrend-kiegeszitok","8":"product_cat-kolloidok","10":"first","11":"instock","12":"purchasable","13":"product-type-simple"},"_links":{"self":[{"href":"https:\/\/vitamin.coredesign.hu\/index.php?rest_route=\/wp\/v2\/product\/5202","targetHints":{"allow":["GET"]}}],"collection":[{"href":"https:\/\/vitamin.coredesign.hu\/index.php?rest_route=\/wp\/v2\/product"}],"about":[{"href":"https:\/\/vitamin.coredesign.hu\/index.php?rest_route=\/wp\/v2\/types\/product"}],"replies":[{"embeddable":true,"href":"https:\/\/vitamin.coredesign.hu\/index.php?rest_route=%2Fwp%2Fv2%2Fcomments&post=5202"}],"wp:featuredmedia":[{"embeddable":true,"href":"https:\/\/vitamin.coredesign.hu\/index.php?rest_route=\/wp\/v2\/media\/5203"}],"wp:attachment":[{"href":"https:\/\/vitamin.coredesign.hu\/index.php?rest_route=%2Fwp%2Fv2%2Fmedia&parent=5202"}],"wp:term":[{"taxonomy":"product_cat","embeddable":true,"href":"https:\/\/vitamin.coredesign.hu\/index.php?rest_route=%2Fwp%2Fv2%2Fproduct_cat&post=5202"},{"taxonomy":"product_tag","embeddable":true,"href":"https:\/\/vitamin.coredesign.hu\/index.php?rest_route=%2Fwp%2Fv2%2Fproduct_tag&post=5202"}],"curies":[{"name":"wp","href":"https:\/\/api.w.org\/{rel}","templated":true}]}}