{"id":5117,"date":"2025-10-12T12:20:31","date_gmt":"2025-10-12T10:20:31","guid":{"rendered":"https:\/\/vitamin.coredesign.hu\/?product=collango-hyaluron-acidcollagen-caps"},"modified":"2026-01-08T23:22:10","modified_gmt":"2026-01-08T22:22:10","slug":"collango-hyaluron-acidcollagen-caps","status":"publish","type":"product","link":"https:\/\/vitamin.coredesign.hu\/?product=collango-hyaluron-acidcollagen-caps","title":{"rendered":"Collango Hyaluron acid+collagen caps"},"content":{"rendered":"<p>&nbsp;<\/p>\n<div id=\"lt-accessibility-devtools\" aria-hidden=\"true\"><\/div>\n<p>A hangs\u00falyt most nem a kollag\u00e9nre, hanem a term\u00e9k m\u00e1sik \u00f6sszetev\u0151j\u00e9re, a hialuronsavra helyezt\u00fck.\u00a0Nem apr\u00f3ztuk el ez\u00fattal sem, hiszen most sem k\u00f6t\u00f6tt\u00fcnk kompromisszumot min\u0151s\u00e9g \u00e9s a hat\u00f3anyag mennyis\u00e9g tekintet\u00e9ben.<\/p>\n<p><strong>A n\u00e9v k\u00f6telez, megszokhatt\u00e1tok, hogy a Collango egyet jelent:<\/strong><\/p>\n<ul>\n<li>a min\u0151s\u00e9gi alapanyaggal<\/li>\n<li>egyszer\u0171 adagol\u00e1ssal<\/li>\n<li>el\u00e9rhet\u0151 kutat\u00e1si adatokkal a konkr\u00e9t alapanyagra vonatkoz\u00f3an, nem pedig \u00e1ltal\u00e1noss\u00e1gban a kollag\u00e9nre<\/li>\n<\/ul>\n<p><strong>Collango Collagen Hyaluronic Acid + Collagen jellemz\u0151i:<\/strong><\/p>\n<ul>\n<li>200mg hialuronsav \u00e9s 2.000mg I-es t\u00edpus\u00fa marha kollag\u00e9n\/adag<\/li>\n<li>1adag: 5db kapszula<\/li>\n<li>125 kapszula\/kiszerel\u00e9s, 25 adag<\/li>\n<\/ul>\n<p><strong>Collango Collagen Hyaluronic Acid + Collagen el\u0151nyei:<\/strong><\/p>\n<ul>\n<li>Magas hat\u00f3anyag tartalom<\/li>\n<li>Gazdas\u00e1gos kiszerel\u00e9s<\/li>\n<li>K\u00f6nnyen lenyelhet\u0151 kapszulam\u00e9ret<\/li>\n<li>Nincs kellemetlen illata \u00e9s \u00edze sem<\/li>\n<\/ul>\n<p><strong>Miben lehet a seg\u00edts\u00e9g\u00fcnkre?<\/strong><\/p>\n<p><strong>Mi a hialuronsav?<\/strong><\/p>\n<p>A hialuronsav egy olyan molekula, amely az emberi szervezetben term\u00e9szetes m\u00f3don is el\u0151fordul. Nagy molekulat\u00f6meg\u0171 poliszacharid, mely viszk\u00f3zus (kev\u00e9sb\u00e9 foly\u00e9kony) folyad\u00e9kot eredm\u00e9nyez. Az emberi szervezetben minden k\u00f6t\u0151sz\u00f6vetben \u00e9s szervben jelen van, pl.: b\u0151rben, \u00edz\u00fcleti folyad\u00e9kban, erekben, agyban, porcokban, sz\u00edvbillenty\u0171kben \u00e9s a k\u00f6ld\u00f6kzsin\u00f3rban is. L\u00e1that\u00f3 teh\u00e1t, hogy ez egy ,,\u00edzig-v\u00e9rig\u201d testkomponens, \u00edgy nem is csoda, hogy mennyi probl\u00e9m\u00e1t okozhat az \u00e9letkor el\u0151rehaladt\u00e1val cs\u00f6kken\u0151 hialuronsav mennyis\u00e9g.<\/p>\n<p><strong>Milyen el\u0151nyei vannak a hialuronsavnak?<\/strong><\/p>\n<p>A b\u0151r \u00f6reged\u00e9se annak nedvess\u00e9gtartalm\u00e1nak elveszt\u00e9s\u00e9vel is j\u00e1r. A\u00a0<strong>b\u0151r nedvess\u00e9g\u00e9ben\u00a0<\/strong>szerepet j\u00e1tsz\u00f3 kulcsmolekula a hialuronsav, mely egyed\u00fcl\u00e1ll\u00f3 k\u00e9pess\u00e9ggel alkalmas a v\u00edzmolekul\u00e1k megk\u00f6t\u00e9s\u00e9re \u00e9s visszatart\u00e1s\u00e1ra ez\u00e1ltal biztos\u00edtva a\u00a0<strong>b\u0151r hidrat\u00e1lts\u00e1gi<\/strong>\u00a0\u00e1llapot\u00e1t. Ez t\u00f6bb szempontb\u00f3l is fontos t\u00e9nyez\u0151. Egyr\u00e9szr\u0151l n\u00f6veli a b\u0151r eszt\u00e9tikai megjelen\u00e9s\u00e9t, hiszen cs\u00f6kkenti a r\u00e1ncok kialakul\u00e1s\u00e1nak kock\u00e1zat\u00e1t. M\u00e1sr\u00e9szr\u0151l a dehidrat\u00e1lt b\u0151r- amikor a b\u0151r fels\u0151 r\u00e9teg\u00e9ben nincs elegend\u0151 v\u00edz- sz\u00e1raznak, repedezettnek t\u0171nik. Ez az \u00e1llapot m\u00e1r vesz\u00e9lyes is lehet, ugyanis a dehidrat\u00e1lt b\u0151r m\u00e1r nem k\u00e9pes fenntartani a megfelel\u0151 \u00e9p \u201cb\u0151rg\u00e1tat\u201d, ez\u00e1ltal a b\u0151r kiszolg\u00e1ltatottabb\u00e1 v\u00e1lik a k\u00f6rnyezeti t\u00e9nyez\u0151k \u00e1ltal okozott k\u00e1rosod\u00e1soknak. \u00cdgy teh\u00e1t ez a s\u00e9r\u00fclt ,,b\u0151rg\u00e1t\u201d bakt\u00e9riumokkal szembeni ellen\u00e1ll\u00f3k\u00e9pess\u00e9ge is cs\u00f6kken, mely fert\u0151z\u00e9sekhez \u00e9s k\u00fcl\u00f6nb\u00f6z\u0151 b\u0151rbetegs\u00e9gek kialakul\u00e1s\u00e1hoz vezethet, mint pl.: pattan\u00e1sok, at\u00f3pi\u00e1s eredet\u0171 b\u0151rgyullad\u00e1s, rosacea, b\u0151r \u00f6reged\u00e9se.<\/p>\n<p>Az \u00edz\u00fcleti folyad\u00e9k, egy viszk\u00f3zus, s\u0171r\u0171n foly\u00f3 anyag, amely az \u00edz\u00fcletek k\u00f6z\u00f6tti t\u00e9rben helyezkedik el. A folyad\u00e9k p\u00e1rn\u00e1zza a csontok v\u00e9g\u00e9t, \u00e9s cs\u00f6kkenti a s\u00farl\u00f3d\u00e1st a csontok k\u00f6z\u00f6tt, ez\u00e1ltal biztos\u00edtva sz\u00e1mukra a szabad mozg\u00e1st. Ezen \u00edz\u00fcleti folyad\u00e9k egyik f\u0151 alkot\u00f3 eleme a hialuronsav, melynek mennyis\u00e9ge id\u0151vel cs\u00f6kken, hozz\u00e1j\u00e1rulva ezzel az\u00a0<strong>\u00edz\u00fcletek f\u00e1jdalm\u00e1hoz<\/strong>\u00a0\u00e9s\u00a0<strong>merevs\u00e9g\u00e9hez<\/strong>. Manaps\u00e1g a s\u00falyos t\u00e9rd\u00edz\u00fcleti gyullad\u00e1sban szenved\u0151 betegekn\u00e9l a hialuronsav injekci\u00f3s form\u00e1j\u00e1t alkalmazz\u00e1k a t\u00fcnetek cs\u00f6kkent\u00e9s\u00e9re, azonban egyre t\u00f6bb rem\u00e9nyteli tanulm\u00e1ny l\u00e1t napvil\u00e1got a sz\u00e1jon \u00e1t t\u00f6rt\u00e9n\u0151 hialuronsav alkalmaz\u00e1s\u00e1nak el\u0151ny\u00e9r\u0151l is. T\u00f6bb h\u00f3napon \u00e1t t\u00f6rt\u00e9n\u0151 alkalmaz\u00e1s eset\u00e9n az \u00edz\u00fcleti folyad\u00e9k hialuronsav koncentr\u00e1ci\u00f3ja n\u0151, hozz\u00e1j\u00e1rulva a\u00a0<strong>k\u00ednz\u00f3 f\u00e1jdalmak cs\u00f6kkent\u00e9s\u00e9hez, megsz\u0171n\u00e9s\u00e9hez.<\/strong><\/p>\n<p><strong>\u00a0<\/strong>A test hialuronsav mennyis\u00e9g\u00e9nek t\u00f6bb mint fele a b\u0151rben van. Amikor a b\u0151r gyulladt vagy s\u00e9r\u00fclt, a b\u0151r sz\u00f6veteinek regener\u00e1ci\u00f3ja miatt a hialuronsav mennyis\u00e9ge n\u0151, mely el\u0151seg\u00edti a\u00a0<strong>seb gy\u00f3gyul\u00e1s\u00e1nak<\/strong>\u00a0sebess\u00e9g\u00e9t. A sebgy\u00f3gyul\u00e1s sor\u00e1n jelen l\u00e9v\u0151 hialuronsavr\u00f3l szint\u00e9n \u00fagy gondolj\u00e1k, hogy seg\u00edti a k\u00fcl\u00f6nf\u00e9le t\u00edpus\u00fa\u00a0<strong>kollag\u00e9nek szint\u00e9zis\u00e9t<\/strong>. Ennek oka, hogy a b\u0151r regener\u00e1ci\u00f3ja sor\u00e1n a kollag\u00e9n is jelen van. Ha a b\u0151re bajban van, mind a hialuronsav, mind a testben term\u00e9szetesen megtal\u00e1lhat\u00f3 kollag\u00e9n kulcst\u00e9nyez\u0151 a probl\u00e9ma kik\u00fcsz\u00f6b\u00f6l\u00e9se szempontj\u00e1b\u00f3l. Mindk\u00e9t anyag azonban az \u00e9letkor el\u0151rehaladt\u00e1val cs\u00f6kken, ez\u00e9rt fontos gondoskodni azok p\u00f3tl\u00e1s\u00e1r\u00f3l.<\/p>\n<p>A hialuronsavval t\u00f6rt\u00e9n\u0151 kieg\u00e9sz\u00edt\u00e9s ott tudja igaz\u00e1n kifejteni j\u00f3t\u00e9kony hat\u00e1s\u00e1t, ahol m\u00e1r term\u00e9szetes m\u00f3don is el\u0151fordul. Ez igaz a\u00a0<strong>szem<\/strong>\u00a0eset\u00e9ben is. A hialuronsav megtal\u00e1lhat\u00f3 a szem \u00fcvegtest\u00e9ben, amely a szemgoly\u00f3 t\u00f6meg\u00e9nek nagy r\u00e9sz\u00e9t alkot\u00f3 zsel\u00e9s szer\u0171 anyag. Ugyanazon nedvess\u00e9gmegk\u00f6t\u0151 \u00e9s gyullad\u00e1scs\u00f6kkent\u0151 tulajdons\u00e1gok, amelyek miatt b\u0151r\u00e1pol\u00e1sra olyan hat\u00e9konya m\u0171k\u00f6dik, a m\u0171k\u00f6nnyekben is j\u00f3l haszn\u00e1lhat\u00f3. Viszkozit\u00e1sa el\u0151seg\u00edti, hogy hosszabb ideig maradjanak a szem felsz\u00edn\u00e9n, ez\u00e1ltal biztos\u00edtva tart\u00f3sabb nedvess\u00e9get a szemnek. Ezen pozit\u00edv hat\u00e1sa nem csak k\u00fcls\u0151leg t\u00f6rt\u00e9n\u0151 alkalmaz\u00e1sa sor\u00e1n bizonyul hat\u00e1sosnak, hanem or\u00e1lis adagol\u00e1sa \u00e1ltal is.<\/p>\n<p><strong>A hialuronsavval t\u00f6rt\u00e9n\u0151 kieg\u00e9sz\u00edt\u00e9sre vonatkoz\u00f3 biztons\u00e1gi infom\u00e1ci\u00f3k<\/strong><\/p>\n<p>A hialuronsav helyi alkalmaz\u00e1sakor vagy sz\u00e1jon \u00e1t t\u00f6rt\u00e9n\u0151 alkalmaz\u00e1sa is biztons\u00e1gosnak tekinthet\u0151, ugyanis mell\u00e9khat\u00e1sokr\u00f3l nem sz\u00e1moltak be. Ez nem jelenti azt, hogy az or\u00e1lis hialuronsav teljesen mentes a mell\u00e9khat\u00e1sokt\u00f3l. Injekt\u00e1l\u00e1skor a hialuronsav fejf\u00e1j\u00e1st, sz\u00e9d\u00fcl\u00e9st, viszket\u00e9st, bizserg\u00e9st vagy duzzanatot okozhat. Ugyanez el\u0151fordulhat or\u00e1lis hialuronsav eset\u00e9n is, csak kisebb val\u00f3sz\u00edn\u0171s\u00e9ggel \u00e9s enyh\u00e9bb t\u00fcnetekkel, val\u00f3sz\u00edn\u0171leg az egyszerre kapott kisebb d\u00f3zisnak k\u00f6sz\u00f6nhet\u0151en. Ritka esetekben a hialuronsav allergi\u00e1t okozhat. Nincs el\u00e9g megb\u00edzhat\u00f3 inform\u00e1ci\u00f3 a hialuronsav hat\u00e1s\u00e1r\u00f3l terhes-, \u00e9s szoptat\u00f3 n\u0151kre vonatkoz\u00f3an ez\u00e9rt az \u0151 eset\u00fckben nem javasolt hialuronsavval t\u00f6rt\u00e9n\u0151 kieg\u00e9sz\u00edt\u00e9s, mint ahogy r\u00e1kos betegeknek sem.<\/p>\n<p><strong>Mennyi a javasolt beviteli mennyis\u00e9g?<\/strong><\/p>\n<p>Alapvet\u0151en a hialuronsav sz\u00e1jon \u00e1t t\u00f6rt\u00e9n\u0151 kieg\u00e9sz\u00edt\u00e9se t\u00f6bb esetben bizonyult hat\u00e1sosabbnak \u00e9s biztons\u00e1gosabbnak, mint az injekci\u00f3 \u00e1ltal beadott. Azonban a napi beviteli mennyis\u00e9gre vonatkoz\u00f3an nincsen egy\u00e9rtelm\u0171, konkr\u00e9t adat. Kutat\u00e1si eredm\u00e9nyek alapj\u00e1n, melyek mellett pozit\u00edv eredm\u00e9nyeket \u00e9rtek el napi 50-240 mg hialuronsav \u00e9tkez\u00e9s k\u00f6zben t\u00f6rt\u00e9n\u0151 elfogyaszt\u00e1s\u00e1t alkalmazt\u00e1k.<\/p>\n<p>Forr\u00e1sok:<\/p>\n<ol>\n<li><em>Fraser JR, Laurent TC, Laurent UB. Hyaluronan: its nature, distribution, functions and turnover. J Intern Med. 1997 Jul;242(1):27-33. doi: 10.1046\/j.1365-2796.1997.00170.x.<\/em><\/li>\n<li><em>Oe M, Sakai S, Yoshida H, et al. Oral hyaluronan relieves wrinkles: a double-blinded, placebo-controlled study over a 12-week period. Clin Cosmet Investig Dermatol. 2017;10:267-273. Published 2017 Jul 18. doi:10.2147\/CCID.S141845<\/em><\/li>\n<li><em>Duckney P, Wong HK, Serrano J, Yaradou D, Oddos T, Stamatas GN. The role of the skin barrier in modulating the effects of common skin microbial species on the inflammation, differentiation and proliferation status of epidermal keratinocytes. BMC Res Notes. 2013;6:474. Published 2013 Nov 18. doi:10.1186\/1756-0500-6-474<\/em><\/li>\n<li><em>Eberting CL, Coman G, Blickenstaff N (2014) Repairing a Compromised Skin Barrier in Dermatitis: Leveraging the Skin\u2019s Ability to Heal Itself. J Allergy Ther 5: 187. doi:10.4172\/2155-6121.1000187<\/em><\/li>\n<li><em>Papakonstantinou E, Roth M, Karakiulakis G. Hyaluronic acid: A key molecule in skin aging. Dermatoendocrinol. 2012;4(3):253-258. doi:10.4161\/derm.21923<\/em><\/li>\n<li><em>Oe, M., Tashiro, T., Yoshida, H. et al. Oral hyaluronan relieves knee pain: a review. Nutr J 15, 11 (2015).\u00a0<\/em><a href=\"https:\/\/doi.org\/10.1186\/s12937-016-0128-2\" target=\"_blank\" rel=\"noopener\"><em>https:\/\/doi.org\/10.1186\/s12937-016-0128-2<\/em><\/a><\/li>\n<li><em>Richette P, Chevalier X, Ea HK, et al. Hyaluronan for knee osteoarthritis: an updated meta-analysis of trials with low risk of bias. RMD Open. 2015;1(1):e000071. doi:10.1136\/rmdopen-2015-000071<\/em><\/li>\n<li><em>Nelson FR, Zvirbulis RA, Zonca B, et al. The effects of an oral preparation containing hyaluronic acid (Oralvisc\u00ae) on obese knee osteoarthritis patients determined by pain, function, bradykinin, leptin, inflammatory cytokines, and heavy water analyses. Rheumatol Int. 2015 Jan;35(1):43-52. doi:10.1007\/s00296-014-3047-6<\/em><\/li>\n<li><em>Jensen GS, Attridge VL, Lenninger MR, Benson KF. Oral intake of a liquid high-molecular-weight hyaluronan associated with relief of chronic pain and reduced use of pain medication: results of a randomized, placebo-controlled double-blind pilot study. J Med Food. 2015 Jan;18(1):95-101. doi:10.1089\/jmf.2013.017<\/em><\/li>\n<li><em>Aya KL, Stern R. Hyaluronan in wound healing: rediscovering a major player. Wound Repair Regen. 2014 Sep-Oct;22(5):579-93. doi: 10.1111\/wrr.12214.<\/em><\/li>\n<li><em>Kaya S, Schmidl D, Schmetterer L, Witkowska KJ, Unterhuber A, Aranha Dos Santos V, Baar C, Garh\u00f6fer G, Werkmeister RM. Effect of hyaluronic acid on tear film thickness as assessed with ultra-high resolution optical coherence tomography. Acta Ophthalmol. 2015 Aug;93(5):439-43. doi: 10.1111\/aos.12647. Epub 2015 Jan 20.<\/em><\/li>\n<li><em>Yeseul Kim, Chan Hee Moon, Bo-Yeon Kim, Sun Young Jang, \u201cOral Hyaluronic Acid Supplementation for the Treatment of Dry Eye Disease: A Pilot Study\u201d, Journal of Ophthalmology, vol. 2019, Article ID 5491626, 5 pages, 2019. https:\/\/doi.org\/10.1155\/2019\/5491626<\/em><\/li>\n<\/ol>\n<p><strong>Mi a kollag\u00e9n?<\/strong><\/p>\n<p>A kollag\u00e9n szervezet\u00fcnk els\u0151dleges k\u00f6t\u0151sz\u00f6vete, valamit egy kulcsfontoss\u00e1g\u00fa feh\u00e9rj\u00e9je, amely biztos\u00edtja a b\u0151r, a porcok \u00e9s a csontok koh\u00e9zi\u00f3j\u00e1t, rugalmass\u00e1g\u00e1t. Szerkezeti \u00e9p\u00edt\u0151eleme tov\u00e1bb\u00e1 a k\u00f6t\u0151sz\u00f6veteknek, hajnak, k\u00f6r\u00f6mnek, \u00ednaknak, izmoknak, \u00edz\u00fcleti porcoknak.\u00a0B\u0151r\u00fcnk 75%-\u00e1t, szervezet\u00fcnk \u00f6sszfeh\u00e9rje t\u00f6meg\u00e9nek pedig 30%-\u00e1t kollag\u00e9n alkotja.<\/p>\n<p><strong>Mi\u00e9rt van sz\u00fcks\u00e9g\u00fcnk kollag\u00e9nre?<\/strong><\/p>\n<p>Az id\u0151 el\u0151rehaladt\u00e1val szervezet\u00fcnk kollag\u00e9n termel\u0151d\u00e9se lelassul, majd lecs\u00f6kken \u00e9s v\u00e9g\u00fcl teljesen el\u00e1ll. A Peptan\u00ae\u00a0I-es tipus\u00fa hidroliz\u00e1lt kollag\u00e9n megegyezik az emberi szervezet \u00e1ltal termelt kollag\u00e9nnel. \u00cdgy amikor elfogyasztjuk, a szervezet saj\u00e1tjak\u00e9nt ismeri fel \u00e9s hasznos\u00edtja.<\/p>\n<p><strong>Mi\u00e9rt fontos, hogy a kollag\u00e9n hidroliz\u00e1lt legyen?<\/strong><\/p>\n<p>A hidrol\u00edzis folyam\u00e1n a kollag\u00e9n nagyon hossz\u00fa molekula l\u00e1ncait \u201cfelvagdoss\u00e1k\u201d, az emberi szervezet sz\u00e1m\u00e1ra ez\u00e1ltal k\u00f6nnyen em\u00e9szthet\u0151v\u00e9 \u00e9s hasznos\u00edthat\u00f3v\u00e1 t\u00e9ve.\u00a0A k\u00f6znyelvben sokszor t\u00e9vesen szinonimak\u00e9nt haszn\u00e1lj\u00e1k a zselatint, holott nem tehet\u0151 egyenl\u0151s\u00e9gjel k\u00f6z\u00e9j\u00fck. A h\u00e1ztart\u00e1si zselatin nincs hidroliz\u00e1lva, \u00edgy ahhoz, hogy uganannyi hat\u00f3anyag hasznosuljon, mint a hidroliz\u00e1lt kollag\u00e9nb\u0151l, j\u00f3val nagyobb mennyis\u00e9get kell elfogysztani bel\u0151le. Ugyanez a helyzet a kocsony\u00e1val, diszn\u00f3b\u0151rrel, csirkel\u00e1bbal stb\u2026<\/p>\n","protected":false},"excerpt":{"rendered":"<p>This is a simple, virtual product.<\/p>\n","protected":false},"featured_media":0,"comment_status":"closed","ping_status":"open","template":"","meta":[],"product_cat":[61],"product_tag":[],"class_list":{"0":"post-5117","1":"product","2":"type-product","3":"status-publish","5":"product_brand-collango","6":"product_cat-etrend-kiegeszitok","8":"first","9":"instock","10":"purchasable","11":"product-type-simple"},"_links":{"self":[{"href":"https:\/\/vitamin.coredesign.hu\/index.php?rest_route=\/wp\/v2\/product\/5117","targetHints":{"allow":["GET"]}}],"collection":[{"href":"https:\/\/vitamin.coredesign.hu\/index.php?rest_route=\/wp\/v2\/product"}],"about":[{"href":"https:\/\/vitamin.coredesign.hu\/index.php?rest_route=\/wp\/v2\/types\/product"}],"replies":[{"embeddable":true,"href":"https:\/\/vitamin.coredesign.hu\/index.php?rest_route=%2Fwp%2Fv2%2Fcomments&post=5117"}],"wp:attachment":[{"href":"https:\/\/vitamin.coredesign.hu\/index.php?rest_route=%2Fwp%2Fv2%2Fmedia&parent=5117"}],"wp:term":[{"taxonomy":"product_cat","embeddable":true,"href":"https:\/\/vitamin.coredesign.hu\/index.php?rest_route=%2Fwp%2Fv2%2Fproduct_cat&post=5117"},{"taxonomy":"product_tag","embeddable":true,"href":"https:\/\/vitamin.coredesign.hu\/index.php?rest_route=%2Fwp%2Fv2%2Fproduct_tag&post=5117"}],"curies":[{"name":"wp","href":"https:\/\/api.w.org\/{rel}","templated":true}]}}