{"id":5114,"date":"2025-10-12T12:20:31","date_gmt":"2025-10-12T10:20:31","guid":{"rendered":"https:\/\/vitamin.coredesign.hu\/?product=dr-juice-ezust-kolloid-szaj-es-torokoblito"},"modified":"2026-01-08T23:22:10","modified_gmt":"2026-01-08T22:22:10","slug":"dr-juice-ezust-kolloid-szaj-es-torokoblito","status":"publish","type":"product","link":"https:\/\/vitamin.coredesign.hu\/?product=dr-juice-ezust-kolloid-szaj-es-torokoblito","title":{"rendered":"Dr. Juice Ez\u00fcst kolloid Sz\u00e1j- \u00e9s torok\u00f6bl\u00edt\u0151"},"content":{"rendered":"<p>&nbsp;<\/p>\n<div id=\"lt-accessibility-devtools\" aria-hidden=\"true\"><\/div>\n<p>A sz\u00e1j\u00fcreg, a sz\u00e1j ny\u00e1lkah\u00e1rty\u00e1j\u00e1nak \u00e9s a fogak tiszt\u00edt\u00e1s\u00e1ra, v\u00e9delm\u00e9re \u00e9s megfelel\u0151 \u00e1llapotban tart\u00e1s\u00e1ra kifejlesztett k\u00e9sz\u00edtm\u00e9ny.<\/p>\n<h3><strong>Haszn\u00e1lati \u00fatmutat\u00f3:<\/strong><\/h3>\n<p>Napi 3-4 alkalommal \u00f6bl\u00f6gessen, gargariz\u00e1ljon k\u00faraszer\u0171en. A k\u00edv\u00e1nt mennyis\u00e9g kim\u00e9r\u00e9s\u00e9re haszn\u00e1lja a m\u00e9r\u0151poharat!<\/p>\n<p><strong>Figyelmeztet\u00e9s:<\/strong><\/p>\n<p>Nem leheletfriss\u00edt\u0151\/hagyom\u00e1nyos sz\u00e1j\u00f6bl\u00f6get\u0151!<\/p>\n<p>Az oldatot ne nyelje le!<\/p>\n<p>Ez\u00fcstallergi\u00e1sok ne haszn\u00e1lj\u00e1k!<\/p>\n<p>Sz\u00fcks\u00e9g eset\u00e9n v\u00e9gezzen csukl\u00f3t\u00e1j\u00e9kon pr\u00f3b\u00e1t, miel\u0151tt haszn\u00e1ln\u00e1!<\/p>\n<p><strong>T\u00e1rol\u00e1s<\/strong>: F\u00e9nyt\u0151l v\u00e9dve tartand\u00f3!<\/p>\n<p><strong>Min\u0151s\u00e9g\u00e9t meg\u0151rzi<\/strong>: a gy\u00e1rt\u00e1st\u00f3l sz\u00e1m\u00edtott 1 \u00e9vig<\/p>\n<p>Felbont\u00e1st k\u00f6vet\u0151en 90 napig haszn\u00e1ljuk el az ez\u00fcstkolloidot!<\/p>\n<p>A k\u00f6z\u00f6lt adatok csak a megjel\u00f6lt term\u00e9kre vonatkoznak. A megadott fizikai-k\u00e9miai param\u00e9terek a term\u00e9ket a biztons\u00e1gi k\u00f6vetelm\u00e9nyek szempontj\u00e1b\u00f3l \u00edrj\u00e1k le. A gy\u00e1rt\u00f3 ill. forgalmaz\u00f3 nem v\u00e1llal tov\u00e1bb\u00e1 felel\u0151ss\u00e9get a nem megfelel\u0151 ill. nem a javasolt c\u00e9lra t\u00f6rt\u00e9n\u0151 haszn\u00e1latb\u00f3l ered\u0151 k\u00e1rok\u00e9rt. Az \u00e9rv\u00e9nyben l\u00e9v\u0151 el\u0151\u00edr\u00e1sok \u00e9s rendelkez\u00e9sek betart\u00e1sa, valamint a term\u00e9k felhaszn\u00e1l\u00e1s\u00e1ra vonatkoz\u00f3 aj\u00e1nl\u00e1sok figyelembev\u00e9tele a felhaszn\u00e1l\u00f3 k\u00f6telezetts\u00e9ge.<\/p>\n","protected":false},"excerpt":{"rendered":"<p>This is a simple product.<\/p>\n","protected":false},"featured_media":0,"comment_status":"closed","ping_status":"open","template":"","meta":[],"product_cat":[61,67],"product_tag":[],"class_list":{"0":"post-5114","1":"product","2":"type-product","3":"status-publish","5":"product_brand-dr-juice","6":"product_cat-etrend-kiegeszitok","7":"product_cat-kolloidok","9":"first","10":"instock","11":"purchasable","12":"product-type-simple"},"_links":{"self":[{"href":"https:\/\/vitamin.coredesign.hu\/index.php?rest_route=\/wp\/v2\/product\/5114","targetHints":{"allow":["GET"]}}],"collection":[{"href":"https:\/\/vitamin.coredesign.hu\/index.php?rest_route=\/wp\/v2\/product"}],"about":[{"href":"https:\/\/vitamin.coredesign.hu\/index.php?rest_route=\/wp\/v2\/types\/product"}],"replies":[{"embeddable":true,"href":"https:\/\/vitamin.coredesign.hu\/index.php?rest_route=%2Fwp%2Fv2%2Fcomments&post=5114"}],"wp:attachment":[{"href":"https:\/\/vitamin.coredesign.hu\/index.php?rest_route=%2Fwp%2Fv2%2Fmedia&parent=5114"}],"wp:term":[{"taxonomy":"product_cat","embeddable":true,"href":"https:\/\/vitamin.coredesign.hu\/index.php?rest_route=%2Fwp%2Fv2%2Fproduct_cat&post=5114"},{"taxonomy":"product_tag","embeddable":true,"href":"https:\/\/vitamin.coredesign.hu\/index.php?rest_route=%2Fwp%2Fv2%2Fproduct_tag&post=5114"}],"curies":[{"name":"wp","href":"https:\/\/api.w.org\/{rel}","templated":true}]}}